-- Table structure for table `content_models`
--

CREATE TABLE `content_models` (
  `model_id` int(11) NOT NULL,
  `model_name` varbinary(64) NOT NULL
) ENGINE=InnoDB DEFAULT CHARSET=binary;

--
-- Dumping data for table `content_models`
--

INSERT INTO `content_models` (`model_id`, `model_name`) VALUES
(2, 0x5363726962756e746f),
(4, 0x637373),
(5, 0x6a617661736372697074),
(3, 0x6a736f6e),
(1, 0x77696b6974657874);

-- --------------------------------------------------------

--
-- Table structure for table `discussiontools_items`
--

CREATE TABLE `discussiontools_items` (
  `it_id` int(10) UNSIGNED NOT NULL,
  `it_itemname` varbinary(255) NOT NULL,
  `it_timestamp` binary(14) DEFAULT NULL,
  `it_actor` bigint(20) UNSIGNED DEFAULT NULL
) ENGINE=InnoDB DEFAULT CHARSET=binary;

-- --------------------------------------------------------

--
-- Table structure for table `discussiontools_item_ids`
--

CREATE TABLE `discussiontools_item_ids` (
  `itid_id` int(10) UNSIGNED NOT NULL,
  `itid_itemid` varbinary(255) NOT NULL
) ENGINE=InnoDB DEFAULT CHARSET=binary;

-- --------------------------------------------------------

--
-- Table structure for table `discussiontools_item_pages`
--

CREATE TABLE `discussiontools_item_pages` (
  `itp_id` int(10) UNSIGNED NOT NULL,
  `itp_items_id` int(10) UNSIGNED NOT NULL,
  `itp_page_id` bigint(20) UNSIGNED NOT NULL,
  `itp_oldest_revision_id` bigint(20) UNSIGNED NOT NULL,
  `itp_newest_revision_id` bigint(20) UNSIGNED NOT NULL
) ENGINE=InnoDB DEFAULT CHARSET=binary;

-- --------------------------------------------------------

--
-- Table structure for table `discussiontools_item_revisions`
--

CREATE TABLE `discussiontools_item_revisions` (
  `itr_id` int(10) UNSIGNED NOT NULL,
  `itr_itemid_id` int(11) NOT NULL,
  `itr_revision_id` bigint(20) UNSIGNED NOT NULL,
  `itr_items_id` int(11) NOT NULL,
  `itr_parent_id` int(11) DEFAULT NULL,
  `itr_transcludedfrom` bigint(20) UNSIGNED DEFAULT NULL,
  `itr_level` tinyint(4) NOT NULL,
  `itr_headinglevel` tinyint(4) DEFAULT NULL
) ENGINE=InnoDB DEFAULT CHARSET=binary;

-- --------------------------------------------------------

--
-- Table structure for table `discussiontools_subscription`
--

CREATE TABLE `discussiontools_subscription` (
  `sub_id` int(10) UNSIGNED NOT NULL,
  `sub_item` varbinary(255) NOT NULL,
  `sub_namespace` int(11) NOT NULL DEFAULT 0,
  `sub_title` varbinary(255) NOT NULL,
  `sub_section` varbinary(255) NOT NULL,
  `sub_state` int(11) NOT NULL DEFAULT 1,
  `sub_user` int(10) UNSIGNED NOT NULL,
  `sub_created` binary(14) NOT NULL,
  `sub_notified` binary(14) DEFAULT NULL
) ENGINE=InnoDB DEFAULT CHARSET=binary;

-- --------------------------------------------------------

--
-- Table structure for table `echo_email_batch`
--

CREATE TABLE `echo_email_batch` (
  `eeb_id` int(10) UNSIGNED NOT NULL,
  `eeb_user_id` int(10) UNSIGNED NOT NULL,
  `eeb_event_priority` tinyint(3) UNSIGNED NOT NULL DEFAULT 10,
  `eeb_event_id` int(10) UNSIGNED NOT NULL,
  `eeb_event_hash` varbinary(32) NOT NULL
) ENGINE=InnoDB DEFAULT CHARSET=binary;

-- --------------------------------------------------------

--
-- Table structure for table `echo_event`
--

CREATE TABLE `echo_event` (
  `event_id` int(10) UNSIGNED NOT NULL,
  `event_type` varbinary(64) NOT NULL,
  `event_variant` varbinary(64) DEFAULT NULL,
  `event_agent_id` int(10) UNSIGNED DEFAULT NULL,
  `event_agent_ip` varbinary(39) DEFAULT NULL,
  `event_extra` blob DEFAULT NULL,
  `event_page_id` int(10) UNSIGNED DEFAULT NULL,
  `event_deleted` tinyint(3) UNSIGNED NOT NULL DEFAULT 0
) ENGINE=InnoDB DEFAULT CHARSET=binary;

--
-- Dumping data for table `echo_event`
--

INSERT INTO `echo_event` (`event_id`, `event_type`, `event_variant`, `event_agent_id`, `event_agent_ip`, `event_extra`, `event_page_id`, `event_deleted`) VALUES
(1, 0x6c6f67696e2d73756363657373, NULL, 1, NULL, 0x613a303a7b7d, NULL, 0),
(2, 0x7468616e6b2d796f752d65646974, NULL, 1, NULL, 0x613a323a7b733a393a2265646974436f756e74223b693a313b733a353a227265766964223b693a3831343b7d, 172, 0),
(3, 0x656469742d757365722d70616765, NULL, 1, NULL, 0x613a313a7b733a353a227265766964223b693a3831353b7d, 328, 0),
(4, 0x6c6f67696e2d6661696c2d6e6577, NULL, 1, NULL, 0x613a313a7b733a353a22636f756e74223b693a313b7d, NULL, 0),
(5, 0x6c6f67696e2d73756363657373, NULL, 1, NULL, 0x613a303a7b7d, NULL, 0),
(6, 0x6c6f67696e2d73756363657373, NULL, 1, NULL, 0x613a303a7b7d, NULL, 0),
(7, 0x6c6f67696e2d73756363657373, NULL, 1, NULL, 0x613a303a7b7d, NULL, 0),
(8, 0x656469742d757365722d70616765, NULL, 1, NULL, 0x613a313a7b733a353a227265766964223b693a3831393b7d, 328, 0),
(9, 0x656469742d757365722d70616765, NULL, 1, NULL, 0x613a313a7b733a353a227265766964223b693a3832303b7d, 328, 0),
(10, 0x656469742d757365722d70616765, NULL, 1, NULL, 0x613a313a7b733a353a227265766964223b693a3832313b7d, 328, 0),
(11, 0x7468616e6b2d796f752d65646974, NULL, 1, NULL, 0x613a323a7b733a393a2265646974436f756e74223b693a31303b733a353a227265766964223b693a3832333b7d, 330, 0),
(12, 0x656469742d757365722d70616765, NULL, 1, NULL, 0x613a313a7b733a353a227265766964223b693a3833373b7d, 328, 0),
(13, 0x656469742d757365722d70616765, NULL, 1, NULL, 0x613a313a7b733a353a227265766964223b693a3833383b7d, 328, 0),
(14, 0x656469742d757365722d70616765, NULL, 1, NULL, 0x613a313a7b733a353a227265766964223b693a3833393b7d, 328, 0),
(15, 0x656469742d757365722d70616765, NULL, 1, NULL, 0x613a313a7b733a353a227265766964223b693a3834303b7d, 328, 0),
(16, 0x656469742d757365722d70616765, NULL, 1, NULL, 0x613a313a7b733a353a227265766964223b693a3834313b7d, 328, 0),
(17, 0x656469742d757365722d70616765, NULL, 1, NULL, 0x613a313a7b733a353a227265766964223b693a3834323b7d, 328, 0),
(18, 0x656469742d757365722d70616765, NULL, 1, NULL, 0x613a313a7b733a353a227265766964223b693a3834333b7d, 328, 0),
(19, 0x656469742d757365722d70616765, NULL, 1, NULL, 0x613a313a7b733a353a227265766964223b693a3834343b7d, 328, 0),
(20, 0x656469742d757365722d70616765, NULL, 1, NULL, 0x613a313a7b733a353a227265766964223b693a3834353b7d, 328, 0),
(21, 0x656469742d757365722d70616765, NULL, 1, NULL, 0x613a313a7b733a353a227265766964223b693a3834363b7d, 328, 0),
(22, 0x656469742d757365722d70616765, NULL, 1, NULL, 0x613a313a7b733a353a227265766964223b693a3834373b7d, 328, 0),
(23, 0x656469742d757365722d70616765, NULL, 1, NULL, 0x613a313a7b733a353a227265766964223b693a3834383b7d, 328, 0),
(24, 0x656469742d757365722d70616765, NULL, 1, NULL, 0x613a313a7b733a353a227265766964223b693a3834393b7d, 328, 0),
(25, 0x656469742d757365722d70616765, NULL, 1, NULL, 0x613a313a7b733a353a227265766964223b693a3835303b7d, 328, 0),
(26, 0x656469742d757365722d70616765, NULL, 1, NULL, 0x613a313a7b733a353a227265766964223b693a3835313b7d, 328, 0),
(27, 0x656469742d757365722d70616765, NULL, 1, NULL, 0x613a313a7b733a353a227265766964223b693a3835323b7d, 328, 0),
(28, 0x656469742d757365722d70616765, NULL, 1, NULL, 0x613a313a7b733a353a227265766964223b693a3835333b7d, 328, 0),
(29, 0x656469742d757365722d70616765, NULL, 1, NULL, 0x613a313a7b733a353a227265766964223b693a3835343b7d, 328, 0),
(30, 0x656469742d757365722d70616765, NULL, 1, NULL, 0x613a313a7b733a353a227265766964223b693a3835353b7d, 328, 0),
(31, 0x656469742d757365722d70616765, NULL, 1, NULL, 0x613a313a7b733a353a227265766964223b693a3835363b7d, 328, 0),
(32, 0x656469742d757365722d70616765, NULL, 1, NULL, 0x613a313a7b733a353a227265766964223b693a3835373b7d, 328, 0),
(33, 0x656469742d757365722d70616765, NULL, 1, NULL, 0x613a313a7b733a353a227265766964223b693a3835383b7d, 328, 0),
(34, 0x656469742d757365722d70616765, NULL, 1, NULL, 0x613a313a7b733a353a227265766964223b693a3835393b7d, 328, 0),
(35, 0x656469742d757365722d70616765, NULL, 1, NULL, 0x613a313a7b733a353a227265766964223b693a3836303b7d, 328, 0),
(36, 0x656469742d757365722d70616765, NULL, 1, NULL, 0x613a313a7b733a353a227265766964223b693a3836313b7d, 328, 0),
(37, 0x656469742d757365722d70616765, NULL, 1, NULL, 0x613a313a7b733a353a227265766964223b693a3836323b7d, 328, 0),
(38, 0x656469742d757365722d70616765, NULL, 1, NULL, 0x613a313a7b733a353a227265766964223b693a3836333b7d, 328, 0),
(39, 0x656469742d757365722d70616765, NULL, 1, NULL, 0x613a313a7b733a353a227265766964223b693a3836343b7d, 328, 0),
(40, 0x656469742d757365722d70616765, NULL, 1, NULL, 0x613a313a7b733a353a227265766964223b693a3836353b7d, 328, 0),
(41, 0x656469742d757365722d70616765, NULL, 1, NULL, 0x613a313a7b733a353a227265766964223b693a3836363b7d, 328, 0),
(42, 0x656469742d757365722d70616765, NULL, 1, NULL, 0x613a313a7b733a353a227265766964223b693a3836373b7d, 328, 0),
(43, 0x656469742d757365722d70616765, NULL, 1, NULL, 0x613a313a7b733a353a227265766964223b693a3836383b7d, 328, 0),
(44, 0x656469742d757365722d70616765, NULL, 1, NULL, 0x613a313a7b733a353a227265766964223b693a3836393b7d, 328, 0),
(45, 0x656469742d757365722d70616765, NULL, 1, NULL, 0x613a313a7b733a353a227265766964223b693a3837303b7d, 328, 0),
(46, 0x656469742d757365722d70616765, NULL, 1, NULL, 0x613a313a7b733a353a227265766964223b693a3837313b7d, 328, 0),
(47, 0x656469742d757365722d70616765, NULL, 1, NULL, 0x613a313a7b733a353a227265766964223b693a3837323b7d, 328, 0),
(48, 0x656469742d757365722d70616765, NULL, 1, NULL, 0x613a313a7b733a353a227265766964223b693a3837333b7d, 328, 0),
(49, 0x656469742d757365722d70616765, NULL, 1, NULL, 0x613a313a7b733a353a227265766964223b693a3837343b7d, 328, 0),
(50, 0x656469742d757365722d70616765, NULL, 1, NULL, 0x613a313a7b733a353a227265766964223b693a3837353b7d, 328, 0),
(51, 0x656469742d757365722d70616765, NULL, 1, NULL, 0x613a313a7b733a353a227265766964223b693a3837363b7d, 328, 0),
(52, 0x656469742d757365722d70616765, NULL, 1, NULL, 0x613a313a7b733a353a227265766964223b693a3837373b7d, 328, 0),
(53, 0x656469742d757365722d70616765, NULL, 1, NULL, 0x613a313a7b733a353a227265766964223b693a3837383b7d, 328, 0),
(54, 0x656469742d757365722d70616765, NULL, 1, NULL, 0x613a313a7b733a353a227265766964223b693a3837393b7d, 328, 0),
(55, 0x656469742d757365722d70616765, NULL, 1, NULL, 0x613a313a7b733a353a227265766964223b693a3838303b7d, 328, 0),
(56, 0x656469742d757365722d70616765, NULL, 1, NULL, 0x613a313a7b733a353a227265766964223b693a3838313b7d, 328, 0),
(57, 0x656469742d757365722d70616765, NULL, 1, NULL, 0x613a313a7b733a353a227265766964223b693a3838323b7d, 328, 0),
(58, 0x656469742d757365722d70616765, NULL, 1, NULL, 0x613a313a7b733a353a227265766964223b693a3838333b7d, 328, 0),
(59, 0x656469742d757365722d70616765, NULL, 1, NULL, 0x613a313a7b733a353a227265766964223b693a3838343b7d, 328, 0),
(60, 0x656469742d757365722d70616765, NULL, 1, NULL, 0x613a313a7b733a353a227265766964223b693a3838353b7d, 328, 0),
(61, 0x656469742d757365722d70616765, NULL, 1, NULL, 0x613a313a7b733a353a227265766964223b693a3838363b7d, 328, 0),
(62, 0x656469742d757365722d70616765, NULL, 1, NULL, 0x613a313a7b733a353a227265766964223b693a3838373b7d, 328, 0),
(63, 0x656469742d757365722d70616765, NULL, 1, NULL, 0x613a313a7b733a353a227265766964223b693a3838383b7d, 328, 0),
(64, 0x656469742d757365722d70616765, NULL, 1, NULL, 0x613a313a7b733a353a227265766964223b693a3838393b7d, 328, 0),
(65, 0x656469742d757365722d70616765, NULL, 1, NULL, 0x613a313a7b733a353a227265766964223b693a3839303b7d, 328, 0),
(66, 0x656469742d757365722d70616765, NULL, 1, NULL, 0x613a313a7b733a353a227265766964223b693a3839313b7d, 328, 0),
(67, 0x656469742d757365722d70616765, NULL, 1, NULL, 0x613a313a7b733a353a227265766964223b693a3839323b7d, 328, 0),
(68, 0x656469742d757365722d70616765, NULL, 1, NULL, 0x613a313a7b733a353a227265766964223b693a3839333b7d, 328, 0),
(69, 0x656469742d757365722d70616765, NULL, 1, NULL, 0x613a313a7b733a353a227265766964223b693a3839343b7d, 328, 0),
(70, 0x656469742d757365722d70616765, NULL, 1, NULL, 0x613a313a7b733a353a227265766964223b693a3839353b7d, 328, 0),
(71, 0x656469742d757365722d70616765, NULL, 1, NULL, 0x613a313a7b733a353a227265766964223b693a3839363b7d, 328, 0),
(72, 0x656469742d757365722d70616765, NULL, 1, NULL, 0x613a313a7b733a353a227265766964223b693a3839373b7d, 328, 0),
(73, 0x656469742d757365722d70616765, NULL, 1, NULL, 0x613a313a7b733a353a227265766964223b693a3839383b7d, 328, 0),
(74, 0x656469742d757365722d70616765, NULL, 1, NULL, 0x613a313a7b733a353a227265766964223b693a3839393b7d, 328, 0),
(75, 0x656469742d757365722d70616765, NULL, 1, NULL, 0x613a313a7b733a353a227265766964223b693a3930303b7d, 328, 0),
(76, 0x656469742d757365722d70616765, NULL, 1, NULL, 0x613a313a7b733a353a227265766964223b693a3930313b7d, 328, 0),
(77, 0x656469742d757365722d70616765, NULL, 1, NULL, 0x613a313a7b733a353a227265766964223b693a3930323b7d, 328, 0),
(78, 0x656469742d757365722d70616765, NULL, 1, NULL, 0x613a313a7b733a353a227265766964223b693a3930333b7d, 328, 0),
(79, 0x656469742d757365722d70616765, NULL, 1, NULL, 0x613a313a7b733a353a227265766964223b693a3930353b7d, 328, 0),
(80, 0x7468616e6b2d796f752d65646974, NULL, 1, NULL, 0x613a323a7b733a393a2265646974436f756e74223b693a3130303b733a353a227265766964223b693a3931333b7d, 338, 0),
(81, 0x6c6f67696e2d73756363657373, NULL, 1, NULL, 0x613a303a7b7d, NULL, 0),
(82, 0x656469742d757365722d70616765, NULL, 1, NULL, 0x613a313a7b733a353a227265766964223b693a3934323b7d, 328, 0),
(83, 0x656469742d757365722d70616765, NULL, 1, NULL, 0x613a313a7b733a353a227265766964223b693a3934343b7d, 328, 0),
(84, 0x656469742d757365722d70616765, NULL, 1, NULL, 0x613a313a7b733a353a227265766964223b693a3934353b7d, 328, 0),
(85, 0x656469742d757365722d70616765, NULL, 1, NULL, 0x613a313a7b733a353a227265766964223b693a3934373b7d, 328, 0),
(86, 0x656469742d757365722d70616765, NULL, 1, NULL, 0x613a313a7b733a353a227265766964223b693a3935313b7d, 328, 0),
(87, 0x706167652d6c696e6b6564, NULL, 1, NULL, 0x613a353a7b733a31313a227461726765742d70616765223b693a3333333b733a31373a226c696e6b2d66726f6d2d706167652d6964223b693a3333333b733a353a227265766964223b693a3935353b733a31303a22706167655f7469746c65223b733a31343a22456e3a3039333536393539303335223b733a31343a22706167655f6e616d657370616365223b693a303b7d, NULL, 0),
(88, 0x656469742d757365722d70616765, NULL, 1, NULL, 0x613a313a7b733a353a227265766964223b693a3936313b7d, 328, 0),
(89, 0x656469742d757365722d70616765, NULL, 1, NULL, 0x613a313a7b733a353a227265766964223b693a3936383b7d, 328, 0),
(90, 0x656469742d757365722d70616765, NULL, 1, NULL, 0x613a313a7b733a353a227265766964223b693a3936393b7d, 328, 0);

-- --------------------------------------------------------

--
-- Table structure for table `echo_notification`
--

CREATE TABLE `echo_notification` (
  `notification_event` int(10) UNSIGNED NOT NULL,
  `notification_user` int(10) UNSIGNED NOT NULL,
  `notification_timestamp` binary(14) NOT NULL,
  `notification_read_timestamp` binary(14) DEFAULT NULL,
  `notification_bundle_hash` varbinary(32) NOT NULL
) ENGINE=InnoDB DEFAULT CHARSET=binary;

--
-- Dumping data for table `echo_notification`
--

INSERT INTO `echo_notification` (`notification_event`, `notification_user`, `notification_timestamp`, `notification_read_timestamp`, `notification_bundle_hash`) VALUES
(2, 1, 0x3230323531313037313633393130, 0x3230323531313136313535323030, ''),
(4, 1, 0x3230323531313037313831323333, 0x3230323531313136313535323030, 0x3936656238633566663232326231663661616562303333336639653436643138),
(11, 1, 0x3230323531313131313735393034, 0x3230323531313136313535323030, ''),
(80, 1, 0x3230323531313135313935393236, 0x3230323531313136313535313539, '');

-- --------------------------------------------------------

--
-- Table structure for table `echo_push_provider`
--

CREATE TABLE `echo_push_provider` (
  `epp_id` tinyint(3) UNSIGNED NOT NULL,
  `epp_name` tinyblob NOT NULL
) ENGINE=InnoDB DEFAULT CHARSET=binary;

-- --------------------------------------------------------

--
-- Table structure for table `echo_push_subscription`
--

CREATE TABLE `echo_push_subscription` (
  `eps_id` int(10) UNSIGNED NOT NULL,
  `eps_user` int(10) UNSIGNED NOT NULL,
  `eps_token` blob NOT NULL,
  `eps_token_sha256` binary(64) NOT NULL,
  `eps_provider` tinyint(3) UNSIGNED NOT NULL,
  `eps_updated` timestamp NOT NULL DEFAULT current_timestamp() ON UPDATE current_timestamp(),
  `eps_data` blob DEFAULT NULL,
  `eps_topic` tinyint(3) UNSIGNED DEFAULT NULL
) ENGINE=InnoDB DEFAULT CHARSET=binary;

-- --------------------------------------------------------

--
-- Table structure for table `echo_push_topic`
--

CREATE TABLE `echo_push_topic` (
  `ept_id` tinyint(3) UNSIGNED NOT NULL,
  `ept_text` tinyblob NOT NULL
) ENGINE=InnoDB DEFAULT CHARSET=binary;

-- --------------------------------------------------------

--
-- Table structure for table `echo_target_page`
--

CREATE TABLE `echo_target_page` (
  `etp_id` int(10) UNSIGNED NOT NULL,
  `etp_page` int(10) UNSIGNED NOT NULL DEFAULT 0,
  `etp_event` int(10) UNSIGNED NOT NULL DEFAULT 0
) ENGINE=InnoDB DEFAULT CHARSET=binary;

--
-- Dumping data for table `echo_target_page`
--

INSERT INTO `echo_target_page` (`etp_id`, `etp_page`, `etp_event`) VALUES
(1, 333, 87);

-- --------------------------------------------------------

--
-- Table structure for table `externallinks`
--

CREATE TABLE `externallinks` (
  `el_id` int(10) UNSIGNED NOT NULL,
  `el_from` int(10) UNSIGNED NOT NULL DEFAULT 0,
  `el_to_domain_index` varbinary(255) NOT NULL DEFAULT '',
  `el_to_path` blob DEFAULT NULL
) ENGINE=InnoDB DEFAULT CHARSET=binary;

--
-- Dumping data for table `externallinks`
--

INSERT INTO `externallinks` (`el_id`, `el_from`, `el_to_domain_index`, `el_to_path`) VALUES
(1, 16, 0x687474703a2f2f6f72672e776f726c646361742e7777772e, 0x2f6973736e2f30383139),
(2, 16, 0x687474703a2f2f6f72672e69736d6e2d696e7465726e6174696f6e616c2e7777772e, 0x2f646f776e6c6f61642f5765625f49534d4e5f55736572735f4d616e75616c5f323030382d362e706466),
(3, 17, 0x68747470733a2f2f6875732e, 0x2f),
(4, 17, 0x68747470733a2f2f2a2532352e253235732b2e, 0x2f),
(5, 17, 0x68747470733a2f2f7a7a7a2e79797979792e, 0x2f),
(6, 17, 0x687474703a2f2f6f72672e756e69636f64652e7777772e, 0x2f6368617274732f5044462f55303030302e706466),
(7, 17, 0x687474703a2f2f6f72672e756e69636f64652e7777772e, 0x2f6368617274732f5044462f55303038302e706466),
(8, 17, 0x687474703a2f2f6f72672e756e69636f64652e7777772e, 0x2f6368617274732f5044462f55303130302e706466),
(9, 17, 0x687474703a2f2f6f72672e756e69636f64652e7777772e, 0x2f6368617274732f5044462f55303138302e706466),
(10, 17, 0x687474703a2f2f6f72672e696574662e746f6f6c732e, 0x2f68746d6c2f73746436362373656374696f6e2d332e31),
(11, 17, 0x687474703a2f2f6f72672e696574662e746f6f6c732e, 0x2f68746d6c2f726663313033342373656374696f6e2d332e35),
(12, 17, 0x68747470733a2f2f6f72672e696574662e746f6f6c732e, 0x2f68746d6c2f72666334323334),
(13, 17, 0x68747470733a2f2f6f72672e696574662e746f6f6c732e, 0x2f68746d6c2f64726166742d696574662d646e73696e642d69616e612d646e732d303123706167652d3135),
(14, 17, 0x68747470733a2f2f6f72672e696574662e746f6f6c732e, 0x2f68746d6c2f72666333343930),
(15, 17, 0x68747470733a2f2f6f72672e696574662e746f6f6c732e, 0x2f68746d6c2f726663353533362373656374696f6e2d332e312e34),
(16, 17, 0x68747470733a2f2f6f72672e69616e612e7777772e, 0x2f646f6d61696e732f726f6f742f6462),
(17, 17, 0x6e6577733a272e, ''),
(18, 17, 0x68747470733a2f2f272e, 0x2f),
(19, 17, 0x687474703a2f2f676f762e6e69682e6e6c6d2e6e6362692e7777772e, 0x2f626f6f6b732f4e424b373237312f626f782f4133353032392f),
(20, 17, 0x687474703a2f2f676f762e6e69682e6e6c6d2e6e6362692e7777772e, 0x2f626f6f6b732f4e424b373237312f626f782f4133353036322f),
(21, 17, 0x687474703a2f2f676f762e6e69682e6e6c6d2e6e6362692e7777772e, 0x2f626f6f6b732f4e424b373237312f626f782f4133353038352f),
(22, 17, 0x68747470733a2f2f6f72672e617263686976652e7765622e, 0x2f736176652f27),
(23, 17, 0x687474703a2f2f696e666f2e6f636f696e732e, 0x2f),
(24, 18, 0x68747470733a2f2f6f72672e77696b696d656469612e7068616272696361746f722e, 0x2f54313231303835),
(25, 18, 0x687474703a2f2f696e666f2e6f636f696e732e, 0x2f),
(26, 19, 0x68747470733a2f2f676f762e6c6f632e7777772e, 0x2f7374616e64617264732f6461746574696d652f),
(27, 19, 0x68747470733a2f2f6f72672e756e69636f64652e, 0x2f6368617274732f5044462f55303930302e706466),
(28, 19, 0x68747470733a2f2f6f72672e756e69636f64652e, 0x2f6368617274732f5044462f55413845302e706466),
(29, 19, 0x68747470733a2f2f6f72672e756e69636f64652e, 0x2f6368617274732f5044462f55303938302e706466),
(30, 19, 0x68747470733a2f2f6f72672e756e69636f64652e, 0x2f6368617274732f5044462f55304130302e706466),
(31, 19, 0x68747470733a2f2f6f72672e756e69636f64652e, 0x2f6368617274732f5044462f55304138302e706466),
(32, 19, 0x68747470733a2f2f6f72672e756e69636f64652e, 0x2f6368617274732f5044462f55304230302e706466),
(33, 19, 0x68747470733a2f2f6f72672e756e69636f64652e, 0x2f6368617274732f5044462f55304238302e706466),
(34, 19, 0x68747470733a2f2f6f72672e756e69636f64652e, 0x2f6368617274732f5044462f55304330302e706466),
(35, 19, 0x68747470733a2f2f6f72672e756e69636f64652e, 0x2f6368617274732f5044462f55304338302e706466),
(36, 19, 0x68747470733a2f2f6f72672e756e69636f64652e, 0x2f6368617274732f5044462f55304430302e706466),
(37, 19, 0x68747470733a2f2f6f72672e756e69636f64652e, 0x2f6368617274732f5044462f55304438302e706466),
(38, 19, 0x68747470733a2f2f6f72672e756e69636f64652e, 0x2f6368617274732f5044462f55313030302e706466),
(39, 19, 0x68747470733a2f2f6f72672e756e69636f64652e, 0x2f6368617274732f5044462f55414136302e706466),
(40, 19, 0x68747470733a2f2f6f72672e756e69636f64652e, 0x2f6368617274732f5044462f55413945302e706466),
(41, 19, 0x68747470733a2f2f6564752e686172766172642e6164736162732e75692e, 0x2f6162732f27),
(42, 19, 0x68747470733a2f2f6f72672e73656d616e7469637363686f6c61722e6170692e, 0x2f436f7270757349443a27),
(43, 19, 0x6e6577733a272e, ''),
(44, 20, 0x68747470733a2f2f676f762e6c6f632e7777772e, 0x2f7374616e64617264732f6461746574696d652f),
(45, 21, 0x68747470733a2f2f6f72672e61727869762e, 0x2f617263686976652f272c),
(46, 21, 0x687474703a2f2f6f72672e776f726c646361742e7777772e, 0x2f6973736e2f30383139),
(47, 21, 0x687474703a2f2f676f762e6c6f632e7777772e, 0x2f6d6172632f6c63636e2d6e616d6573706163652e68746d6c236e6f726d616c697a6174696f6e),
(48, 21, 0x687474703a2f2f6f72672e61727869762e, 0x2f68656c702f61727869765f6964656e746966696572),
(49, 21, 0x687474703a2f2f6564752e686172766172642e6164736162732e, 0x2f6162735f646f632f68656c705f70616765732f646174612e68746d6c23626962636f646573),
(50, 21, 0x68747470733a2f2f6f72672e646f692e, 0x2f31302e313130312f303738373333),
(51, 21, 0x68747470733a2f2f6f72672e62696f727869762e7777772e, 0x2f636f6e74656e742f31302e313130312f323031392e31322e31312e3132333435367632),
(52, 21, 0x68747470733a2f2f6f72672e62696f727869762e7777772e, 0x2f61626f75742d62696f72786976),
(53, 21, 0x687474703a2f2f6e65742e68616e646c652e7777772e, 0x2f70726f78795f736572766c65742e68746d6c),
(54, 21, 0x687474703a2f2f6f72672e69736d6e2d696e7465726e6174696f6e616c2e7777772e, 0x2f646f776e6c6f61642f5765625f49534d4e5f55736572735f4d616e75616c5f323030382d362e706466),
(55, 21, 0x687474703a2f2f696e666f2e696e666f2d7572692e, 0x2f72656769737472792f4f414948616e646c65723f766572623d4765745265636f7264266d657461646174615072656669783d726567266964656e7469666965723d696e666f3a6c63636e2f),
(56, 21, 0x68747470733a2f2f6f72672e6f636c632e7777772e, 0x2f62617463686c6f61642f636f6e74726f6c6e756d6265722e656e2e68746d6c),
(57, 21, 0x68747470733a2f2f6f72672e617263686976652e7765622e, 0x2f7765622f32303136313232383233333830342f68747470733a2f2f7777772e6f636c632e6f72672f62617463686c6f61642f636f6e74726f6c6e756d6265722e656e2e68746d6c),
(58, 21, 0x68747470733a2f2f6f72672e696574662e746f6f6c732e, 0x2f7266632f),
(59, 21, 0x687474703a2f2f72732e61632e73616e752e6d692e656d69732e, 0x2f5a4d4154482f7a6d6174682f656e2f68656c702f7365617263682f),
(60, 25, 0x68747470733a2f2f6f72672e77696b696d656469612e6769742e, 0x2f626c6f622f6d6564696177696b69253246636f72652e6769742f),
(61, 26, 0x68747470733a2f2f6875732e, 0x2f),
(62, 26, 0x68747470733a2f2f2a2532352e253235732b2e, 0x2f),
(63, 26, 0x68747470733a2f2f7a7a7a2e79797979792e, 0x2f),
(64, 26, 0x687474703a2f2f6f72672e756e69636f64652e7777772e, 0x2f6368617274732f5044462f55303030302e706466),
(65, 26, 0x687474703a2f2f6f72672e756e69636f64652e7777772e, 0x2f6368617274732f5044462f55303038302e706466),
(66, 26, 0x687474703a2f2f6f72672e756e69636f64652e7777772e, 0x2f6368617274732f5044462f55303130302e706466),
(67, 26, 0x687474703a2f2f6f72672e756e69636f64652e7777772e, 0x2f6368617274732f5044462f55303138302e706466),
(68, 26, 0x687474703a2f2f6f72672e696574662e746f6f6c732e, 0x2f68746d6c2f73746436362373656374696f6e2d332e31),
(69, 26, 0x687474703a2f2f6f72672e696574662e746f6f6c732e, 0x2f68746d6c2f726663313033342373656374696f6e2d332e35),
(70, 26, 0x68747470733a2f2f6f72672e696574662e746f6f6c732e, 0x2f68746d6c2f72666334323334),
(71, 26, 0x68747470733a2f2f6f72672e696574662e746f6f6c732e, 0x2f68746d6c2f64726166742d696574662d646e73696e642d69616e612d646e732d303123706167652d3135),
(72, 26, 0x68747470733a2f2f6f72672e696574662e746f6f6c732e, 0x2f68746d6c2f72666333343930),
(73, 26, 0x68747470733a2f2f6f72672e696574662e746f6f6c732e, 0x2f68746d6c2f726663353533362373656374696f6e2d332e312e34),
(74, 26, 0x68747470733a2f2f6f72672e69616e612e7777772e, 0x2f646f6d61696e732f726f6f742f6462),
(75, 26, 0x6e6577733a272e, ''),
(76, 26, 0x687474703a2f2f676f762e6e69682e6e6c6d2e6e6362692e7777772e, 0x2f626f6f6b732f4e424b373237312f626f782f4133353032392f),
(77, 26, 0x687474703a2f2f676f762e6e69682e6e6c6d2e6e6362692e7777772e, 0x2f626f6f6b732f4e424b373237312f626f782f4133353036322f),
(78, 26, 0x687474703a2f2f676f762e6e69682e6e6c6d2e6e6362692e7777772e, 0x2f626f6f6b732f4e424b373237312f626f782f4133353038352f),
(79, 26, 0x68747470733a2f2f6f72672e77696b696d656469612e7068616272696361746f722e, 0x2f646966667573696f6e2f45434c442f62726f7773652f6d61737465722f4c6f63616c4e616d65732f4c6f63616c4e616d6573456e2e706870),
(80, 26, 0x68747470733a2f2f6f72672e617263686976652e7765622e, 0x2f736176652f27),
(81, 26, 0x687474703a2f2f696e666f2e6f636f696e732e, 0x2f),
(82, 27, 0x68747470733a2f2f6f72672e77696b696d656469612e7068616272696361746f722e, 0x2f54313231303835),
(83, 27, 0x687474703a2f2f696e666f2e6f636f696e732e, 0x2f),
(84, 28, 0x68747470733a2f2f6f72672e77696b696d656469612e6769742e, 0x2f626c6f622f6d6564696177696b69253246636f72652e6769742f393535336264303261353539356461303563313834663735323137323166623162373962333933352f736b696e73253246636f6d6d6f6e2532467368617265642e637373234c353338),
(85, 28, 0x68747470733a2f2f6f72672e756e69636f64652e, 0x2f6368617274732f5044462f55303930302e706466),
(86, 28, 0x68747470733a2f2f6f72672e756e69636f64652e, 0x2f6368617274732f5044462f55413845302e706466),
(87, 28, 0x68747470733a2f2f6f72672e756e69636f64652e, 0x2f6368617274732f5044462f55303938302e706466),
(88, 28, 0x68747470733a2f2f6f72672e756e69636f64652e, 0x2f6368617274732f5044462f55304130302e706466),
(89, 28, 0x68747470733a2f2f6f72672e756e69636f64652e, 0x2f6368617274732f5044462f55304138302e706466),
(90, 28, 0x68747470733a2f2f6f72672e756e69636f64652e, 0x2f6368617274732f5044462f55304230302e706466),
(91, 28, 0x68747470733a2f2f6f72672e756e69636f64652e, 0x2f6368617274732f5044462f55304238302e706466),
(92, 28, 0x68747470733a2f2f6f72672e756e69636f64652e, 0x2f6368617274732f5044462f55304330302e706466),
(93, 28, 0x68747470733a2f2f6f72672e756e69636f64652e, 0x2f6368617274732f5044462f55304338302e706466),
(94, 28, 0x68747470733a2f2f6f72672e756e69636f64652e, 0x2f6368617274732f5044462f55304430302e706466),
(95, 28, 0x68747470733a2f2f6f72672e756e69636f64652e, 0x2f6368617274732f5044462f55304438302e706466),
(96, 28, 0x68747470733a2f2f6f72672e756e69636f64652e, 0x2f6368617274732f5044462f55313030302e706466),
(97, 28, 0x68747470733a2f2f6f72672e756e69636f64652e, 0x2f6368617274732f5044462f55414136302e706466),
(98, 28, 0x68747470733a2f2f6f72672e756e69636f64652e, 0x2f6368617274732f5044462f55413945302e706466),
(99, 28, 0x687474703a2f2f6564752e686172766172642e6164736162732e, 0x2f6162732f27),
(100, 28, 0x6e6577733a272e, ''),
(101, 30, 0x68747470733a2f2f6f72672e61727869762e, 0x2f617263686976652f272c),
(102, 30, 0x687474703a2f2f6f72672e776f726c646361742e7777772e, 0x2f6973736e2f30383139),
(103, 30, 0x687474703a2f2f676f762e6c6f632e7777772e, 0x2f6d6172632f6c63636e2d6e616d6573706163652e68746d6c236e6f726d616c697a6174696f6e),
(104, 30, 0x687474703a2f2f6f72672e61727869762e, 0x2f68656c702f61727869765f6964656e746966696572),
(105, 30, 0x687474703a2f2f6564752e686172766172642e6164736162732e, 0x2f6162735f646f632f68656c705f70616765732f646174612e68746d6c23626962636f646573),
(106, 30, 0x68747470733a2f2f6f72672e646f692e, 0x2f31302e313130312f303738373333),
(107, 30, 0x687474703a2f2f6f72672e69736d6e2d696e7465726e6174696f6e616c2e7777772e, 0x2f646f776e6c6f61642f5765625f49534d4e5f55736572735f4d616e75616c5f323030382d362e706466),
(108, 30, 0x687474703a2f2f696e666f2e696e666f2d7572692e, 0x2f72656769737472792f4f414948616e646c65723f766572623d4765745265636f7264266d657461646174615072656669783d726567266964656e7469666965723d696e666f3a6c63636e2f),
(109, 30, 0x68747470733a2f2f6f72672e6f636c632e7777772e, 0x2f62617463686c6f61642f636f6e74726f6c6e756d6265722e656e2e68746d6c),
(110, 36, 0x68747470733a2f2f6f72672e77696b696d656469612e6769742e, 0x2f626c6f622f6d6564696177696b69253246636f72652e6769742f363963643733383131663761616464303933303530646266323065643730656630623432613731332f736b696e73253246636f6d6d6f6e253246636f6d6d6f6e456c656d656e74732e637373234c313939),
(111, 36, 0x68747470733a2f2f6f72672e77332e7777772e, 0x2f77696b692f4353532f50726f706572746965732f626f72646572),
(112, 65, 0x68747470733a2f2f6f72672e746f6f6c666f7267652e6c696e6b636f756e742e, 0x2f696e6465782e7068703f70726f6a6563743d257326706167653d2573),
(113, 80, 0x68747470733a2f2f636f6d2e737461636b6f766572666c6f772e, 0x2f7175657374696f6e732f33353537323433352f686f772d646f2d796f752d646f2d7468652d6669736865722d79617465732d73687566666c652d696e2d6c7561),
(114, 124, 0x68747470733a2f2f6f72672e77696b696d656469612e6275677a696c6c612e, 0x2f73686f775f6275672e6367693f69643d3132393734),
(115, 136, 0x68747470733a2f2f636f6d2e6769746875622e, 0x2f77696b696d656469612f6f7065726174696f6e732d6d6564696177696b692d636f6e6669672f626c6f622f6d61737465722f),
(116, 138, 0x687474703a2f2f6f72672e6c75612e7777772e, 0x2f6d616e75616c2f352e312f6d616e75616c2e68746d6c23352e342e31),
(117, 138, 0x687474703a2f2f6f72672e6d6564696177696b692e7777772e, 0x2f77696b692f457874656e73696f6e3a5363726962756e746f2f4c75615f7265666572656e63655f6d616e75616c235061747465726e73),
(118, 138, 0x687474703a2f2f6f72672e6d6564696177696b692e7777772e, 0x2f77696b692f457874656e73696f6e3a5363726962756e746f2f4c75615f7265666572656e63655f6d616e75616c2355737472696e675f7061747465726e73),
(119, 138, 0x68747470733a2f2f6f72672e6d6564696177696b692e7777772e, 0x2f77696b692f457874656e73696f6e3a5363726962756e746f2f4c75615f7265666572656e63655f6d616e75616c235061747465726e73),
(120, 150, 0x687474703a2f2f272e, 0x2f),
(121, 154, 0x68747470733a2f2f6f72672e776d666c6162732e746f6f6c732e, 0x2f67656f6861636b2f67656f6861636b2e7068703f6c616e67756167653d),
(122, 154, 0x68747470733a2f2f636f6d2e6769746875622e, 0x2f4461746156616c7565732f47656f),
(123, 155, 0x68747470733a2f2f6f72672e77696b69646174612e7777772e, 0x2f77696b692f48656c703a536f7572636573),
(124, 156, 0x68747470733a2f2f6f72672e77696b6970656469612e64652e, 0x2f77696b692f4d6f64756c3a45787072),
(125, 156, 0x687474703a2f2f6f72672e7765626369746174696f6e2e7777772e, 0x2f71756572793f69643d31313338393131393136353837343735),
(126, 156, 0x687474703a2f2f6f72672e7765626369746174696f6e2e7777772e, 0x2f71756572793f75726c3d687474702e2e26646174653d323031322d30362d30312b32313a34303a3033),
(127, 156, 0x687474703a2f2f6f72672e7765626369746174696f6e2e7777772e, 0x2f31313338393131393136353837343735),
(128, 156, 0x687474703a2f2f6f72672e7765626369746174696f6e2e7777772e, 0x2f63616368652f37336535336464316631366366386335646132393834313864326136653435323837306366353065),
(129, 156, 0x687474703a2f2f6f72672e7765626369746174696f6e2e7777772e, 0x2f67657466696c652e7068703f66696c6569643d31633436653739316436386538396531326430633235333263633363663632396238626338633865),
(130, 156, 0x687474703a2f2f636f6d2e6578616d706c652e, 0x2f),
(131, 156, 0x687474703a2f2f69732e617263686976652e, 0x2f684431717a),
(132, 156, 0x68747470733a2f2f687474702e7765622e, 0x2f),
(133, 156, 0x68747470733a2f2f6f72672e617263686976652e7765622e, 0x2f687474703a2f),
(134, 157, 0x68747470733a2f2f68747470272e7765622e, 0x2f),
(135, 158, 0x687474703a2f2f63682e756e6966722e7777772e, 0x2f696661612f5075626c69632f456e747279506167652f54413938253230547265652f456e7469747925323054413938253230454e2f),
(136, 158, 0x687474703a2f2f63682e756e6966722e7777772e, 0x2f696661612f5075626c69632f456e747279506167652f54413938253230547265652f456e7469747925323054413938253230454e2f30312e312e30302e303035253230456e7469747925323054413938253230454e2e68746d),
(137, 158, 0x687474703a2f2f636f6d2e737461636b6f766572666c6f772e, 0x2f612f313238333630382f32363434373539),
(138, 158, 0x687474703a2f2f6f72672e77696b69646174612e7777772e, 0x2f656e746974792f5131393835373237),
(139, 158, 0x687474703a2f2f6f72672e77696b69646174612e7777772e, 0x2f77696b692f513131313834),
(140, 158, 0x68747470733a2f2f636f6d2e6f7261636c652e646f63732e, 0x2f63642f4531333231345f30312f776c692f646f637339322f787265662f787169736f636f6465732e68746d6c23777031323532343437),
(141, 158, 0x68747470733a2f2f6f72672e6d6564696177696b692e7777772e, 0x2f77696b692f457874656e73696f6e3a57696b69626173655f436c69656e742f4c7561),
(142, 165, 0x68747470733a2f2f6f72672e6d6564696177696b692e7777772e, 0x2f77696b692f536e6970706574732f4c6f61645f4a535f616e645f4353535f62795f55524c),
(143, 165, 0x68747470733a2f2f6f72672e6d6564696177696b692e7777772e, 0x2f77696b692f4d6564696157696b693a4761646765742d636f6c6c61707369626c655461626c65732e6a73),
(144, 167, 0x68747470733a2f2f6f72672e77696b6970656469612e656e2e, 0x2f),
(145, 168, 0x68747470733a2f2f6f72672e77696b6970656469612e656e2e, 0x2f),
(146, 179, 0x68747470733a2f2f6f72672e616d697269666f6e742e7777772e, 0x2f),
(147, 183, 0x68747470733a2f2f746d2e696e666f2e64697370656e7365722e, 0x2f7e64697370656e7365722f6367692d62696e2f6461626c696e6b732e70793f706167653d27),
(148, 186, 0x687474703a2f2f6f72672e77696b696d656469612e636f6d6d6f6e732e, 0x2f77696b692f4d6564696157696b693a4761646765742d4361742d612d6c6f742e6a732f7472616e736c6174696e67),
(149, 189, 0x68747470733a2f2f6f72672e77696b6970656469612e64652e, 0x2f77696b692f4d6564696157696b693a4761646765742d5265636874736368726569627072756566756e672e6a73),
(150, 189, 0x68747470733a2f2f746d2e696e666f2e64697370656e7365722e, 0x2f7e64697370656e7365722f6367692d62696e2f6461625f736f6c7665722e70793f6c616e673d666126706167653d27),
(151, 202, 0x687474703a2f2f69722e7065727369616e61636164656d792e7777772e, 0x2f66612f7069736876616e642e61737078),
(152, 209, 0x687474703a2f2f6f72672e77696b696d656469612e636f6d6d6f6e732e, 0x2f77696b692f48656c703a4761646765742d486f74436174),
(153, 211, 0x687474703a2f2f6f72672e6f70656e666f6e746c6962726172792e, 0x2f656e2f666f6e742f6972616e69616e2d73616e73),
(154, 220, 0x68747470733a2f2f6f72672e77696b6970656469612e656e2e, 0x2f77696b692f4d6564696157696b693a4761646765742d5265666572656e6365546f6f6c746970732e6a73),
(155, 220, 0x68747470733a2f2f6f72672e77696b6970656469612e656e2e, 0x2f772f6c6f61642e7068703f6d6f64756c65733d6578742e706f707570732e696d6167657326696d6167653d666f6f74657226666f726d61743d726173746572697a6564266c616e673d727526736b696e3d766563746f722676657273696f6e3d30756f7469736227),
(156, 220, 0x68747470733a2f2f636f6d2e737461636b6f766572666c6f772e, 0x2f612f3234363030353937),
(157, 220, 0x68747470733a2f2f636f6d2e737461636b6f766572666c6f772e, 0x2f612f3134333031383332),
(158, 220, 0x68747470733a2f2f636f6d2e737461636b6f766572666c6f772e, 0x2f712f3437363439343432),
(159, 220, 0x68747470733a2f2f6f72672e6d6f7a696c6c612e646576656c6f7065722e, 0x2f656e2d55532f646f63732f42726f777365725f646574656374696f6e5f7573696e675f7468655f757365725f6167656e74),
(160, 225, 0x68747470733a2f2f636f6d2e6769746875622e, 0x2f617a61746f74682f7477696e6b6c65),
(161, 238, 0x68747470733a2f2f6f72672e77696b696d656469612e6d6574612e, 0x2f77696b692f557365723a4865646f6e696c2f58546f6f6c73),
(162, 245, 0x687474703a2f2f636f6d2e636f6465746f61642e7777772e, 0x2f6a6176617363726970745f6765745f73656c65637465645f746578742e617370),
(163, 245, 0x687474703a2f2f272e, 0x2f),
(164, 249, 0x68747470733a2f2f6f72672e77696b696d656469612e6d6574612e, 0x2f772f6c6f61642e7068703f6d6f64756c65733d6578742e6761646765742e4d6f72654d656e7527),
(165, 263, 0x68747470733a2f2f6f72672e77696b6970656469612e72752e, 0x2f772f696e6465782e7068703f7469746c653d4d6564696157696b693a4761646765742d6d61726b626c6f636b65642e6a73266f6c6469643d313032303232323831),
(166, 266, 0x68747470733a2f2f636f6d2e6769746875622e, 0x2f617a61746f74682f7477696e6b6c652f626c6f622f6d61737465722f6d6f7265626974732e637373),
(167, 270, 0x687474703a2f2f6c6f63616c686f73742e3a38303830, 0x2f6a732f6e6176706f702e63737327),
(168, 274, 0x68747470733a2f2f6f72672e6d6564696177696b692e7777772e, 0x2f77696b692f536e6970706574732f50757267655f616374696f6e),
(169, 276, 0x68747470733a2f2f6f72672e77696b6970656469612e68652e, 0x2f77696b692f2544372539452544372539332544372539392544372539345f2544372539352544372539392544372541372544372539393a4761646765742d717569636b4c696e6b65722e6a73),
(170, 301, 0x687474703a2f2f636f6d2e6861746e6f74652e746f702e, 0x2f66612f27),
(171, 321, 0x68747470733a2f2f6f72672e77696b696d656469612e67726166616e612e, 0x2f64617368626f6172642f64622f6d6f62696c652d3267),
(172, 321, 0x68747470733a2f2f636f6d2e66616e646f6d2e636f6d6d756e6974792e, 0x2f77696b692f5468726561643a31313034323638),
(173, 321, 0x68747470733a2f2f636f6d2e77696b69612e636f6d6d756e6974792e, 0x2f77696b692f5468726561643a343939363536),
(174, 321, 0x68747470733a2f2f636f6d2e77696b69612e636f6d6d756e6974792e, 0x2f77696b692f48656c703a436f6c6c617073696e67),
(175, 321, 0x68747470733a2f2f636f6d2e77696b69612e63616e6e616269732e, 0x2f77696b692f4d6564696157696b693a57696b69612e637373),
(176, 321, 0x68747470733a2f2f6f72672e77696b696d656469612e7068616272696361746f722e, 0x2f543836343935),
(177, 321, 0x68747470733a2f2f6f72672e6d6564696177696b692e7777772e, 0x2f77696b692f52657175657374735f666f725f636f6d6d656e742f416c6c6f775f7374796c696e675f696e5f74656d706c61746573),
(178, 323, 0x68747470733a2f2f6f72672e77696b6970656469612e656e2e, 0x2f77696b692f4d6564696157696b693a5072696e742e637373),
(179, 323, 0x687474703a2f2f6f72672e77696b6970656469612e656e2e, 0x2f772f736b696e732f636f6d6d6f6e2f636f6d6d6f6e5072696e742e637373),
(180, 324, 0x68747470733a2f2f6972253743d8b9d8b1d8a8db8c2e6661726167686169622e61722e, 0x2f),
(181, 324, 0x68747470733a2f2f6972253743d8a7d986daafd984db8cd8b3db8c2e6661726167686169622e656e2e, 0x2f),
(190, 324, 0x68747470733a2f2f69722537432e6661726167686169622e66612e, 0x2f);

-- --------------------------------------------------------

--
-- Table structure for table `filearchive`
--

CREATE TABLE `filearchive` (
  `fa_id` int(10) UNSIGNED NOT NULL,
  `fa_name` varbinary(255) NOT NULL DEFAULT '',
  `fa_archive_name` varbinary(255) DEFAULT '',
  `fa_storage_group` varbinary(16) DEFAULT NULL,
  `fa_storage_key` varbinary(64) DEFAULT '',
  `fa_deleted_user` int(11) DEFAULT NULL,
  `fa_deleted_timestamp` binary(14),
  `fa_deleted_reason_id` bigint(20) UNSIGNED NOT NULL,
  `fa_size` bigint(20) UNSIGNED DEFAULT 0,
  `fa_width` int(11) DEFAULT 0,
  `fa_height` int(11) DEFAULT 0,
  `fa_metadata` mediumblob DEFAULT NULL,
  `fa_bits` int(11) DEFAULT 0,
  `fa_media_type` enum('UNKNOWN','BITMAP','DRAWING','AUDIO','VIDEO','MULTIMEDIA','OFFICE','TEXT','EXECUTABLE','ARCHIVE','3D') DEFAULT NULL,
  `fa_major_mime` enum('unknown','application','audio','image','text','video','message','model','multipart','chemical') DEFAULT 'unknown',
  `fa_minor_mime` varbinary(100) DEFAULT 'unknown',
  `fa_description_id` bigint(20) UNSIGNED NOT NULL,
  `fa_actor` bigint(20) UNSIGNED NOT NULL,
  `fa_timestamp` binary(14),
  `fa_deleted` tinyint(3) UNSIGNED NOT NULL DEFAULT 0,
  `fa_sha1` varbinary(32) NOT NULL DEFAULT ''
) ENGINE=InnoDB DEFAULT CHARSET=binary;

-- --------------------------------------------------------

--
-- Table structure for table `image`
--

CREATE TABLE `image` (
  `img_name` varbinary(255) NOT NULL DEFAULT '',
  `img_size` bigint(20) UNSIGNED NOT NULL DEFAULT 0,
  `img_width` int(11) NOT NULL DEFAULT 0,
  `img_height` int(11) NOT NULL DEFAULT 0,
  `img_metadata` mediumblob NOT NULL,
  `img_bits` int(11) NOT NULL DEFAULT 0,
  `img_media_type` enum('UNKNOWN','BITMAP','DRAWING','AUDIO','VIDEO','MULTIMEDIA','OFFICE','TEXT','EXECUTABLE','ARCHIVE','3D') DEFAULT NULL,
  `img_major_mime` enum('unknown','application','audio','image','text','video','message','model','multipart','chemical') NOT NULL DEFAULT 'unknown',
  `img_minor_mime` varbinary(100) NOT NULL DEFAULT 'unknown',
  `img_description_id` bigint(20) UNSIGNED NOT NULL,
  `img_actor` bigint(20) UNSIGNED NOT NULL,
  `img_timestamp` binary(14) NOT NULL,
  `img_sha1` varbinary(32) NOT NULL DEFAULT ''
) ENGINE=InnoDB DEFAULT CHARSET=binary;

-- --------------------------------------------------------

--
-- Table structure for table `imagelinks`
--

CREATE TABLE `imagelinks` (
  `il_from` int(10) UNSIGNED NOT NULL DEFAULT 0,
  `il_to` varbinary(255) NOT NULL DEFAULT '',
  `il_from_namespace` int(11) NOT NULL DEFAULT 0
) ENGINE=InnoDB DEFAULT CHARSET=binary;

--
-- Dumping data for table `imagelinks`
--

INSERT INTO `imagelinks` (`il_from`, `il_to`, `il_from_namespace`) VALUES
(208, 0x43617465676f7269655f686f746361742e706e67, 8),
(217, 0x4578616d706c652e6a7067, 8),
(217, 0x4b72696e6b6c655f525452432e6a73, 8),
(162, 0x506f6c6963655f6d616e5f5477696e6b6c655f486561642e737667, 8),
(245, 0x57696b696e6577732d627265616b696e672d6e6577732e737667, 8),
(137, 0x222e2e617267732e6c6f676f2e2e22, 828),
(154, 0x225f2e2e5f6461746176616c75655f2e2e5f22, 828),
(158, 0x225f2e2e5f66696c656e616d655f2e2e5f22, 828),
(89, 0x2573, 828),
(117, 0x2573, 828),
(120, 0x2573, 828),
(66, 0x25732573, 828),
(65, 0x416d626f785f696d706f7274616e742e737667, 828),
(65, 0x416d626f785f7761726e696e675f6f72616e67652e737667, 828),
(65, 0x416d626f785f7761726e696e675f79656c6c6f772e737667, 828),
(57, 0x4578616d706c652e706e67, 828),
(152, 0x4661726d2d46726573685f6373735f6164642e737667, 828),
(158, 0x46696c656e616d65, 828),
(37, 0x46756c6c2d70726f74656374696f6e2d736861636b6c652d646f75626c652e737667, 828),
(33, 0x46756c6c2d70726f74656374696f6e2d736861636b6c652e737667, 828),
(86, 0x4c75612d4c6f676f2e737667, 828),
(86, 0x4c75612d6c6f676f2d6e6f6c6162656c2e737667, 828),
(154, 0x4f4f6a735f55495f69636f6e5f656469742d6c74722d70726f67726573736976652e737667, 828),
(52, 0x53616e64626f782e737667, 828),
(53, 0x53616e64626f782e737667, 828),
(37, 0x53656d692d70726f74656374696f6e2d736861636b6c652d6475616c2d636f6c6f722e737667, 828),
(33, 0x53656d692d70726f74656374696f6e2d736861636b6c652e737667, 828),
(52, 0x546573745f54656d706c6174655f496e666f2d49636f6e5f2d5f56657273696f6e5f2832292e737667, 828),
(53, 0x546573745f54656d706c6174655f496e666f2d49636f6e5f2d5f56657273696f6e5f2832292e737667, 828);

-- --------------------------------------------------------

--
-- Table structure for table `interwiki`
--

CREATE TABLE `interwiki` (
  `iw_prefix` varbinary(32) NOT NULL,
  `iw_url` blob NOT NULL,
  `iw_api` blob NOT NULL,
  `iw_wikiid` varbinary(64) NOT NULL,
  `iw_local` tinyint(1) NOT NULL,
  `iw_trans` tinyint(4) NOT NULL DEFAULT 0
) ENGINE=InnoDB DEFAULT CHARSET=binary;

--
-- Dumping data for table `interwiki`
--

INSERT INTO `interwiki` (`iw_prefix`, `iw_url`, `iw_api`, `iw_wikiid`, `iw_local`, `iw_trans`) VALUES
(0x6163726f6e796d, 0x68747470733a2f2f7777772e6163726f6e796d66696e6465722e636f6d2f7e2f7365617263682f61662e617370783f737472696e673d6578616374264163726f6e796d3d2431, '', '', 0, 0),
(0x6172, 0x68747470733a2f2f61722e6661726167686169622e69722f77696b692f2431, '', '', 0, 0),
(0x6172786976, 0x68747470733a2f2f7777772e61727869762e6f72672f6162732f2431, '', '', 0, 0),
(0x6332, 0x68747470733a2f2f77696b692e63322e636f6d2f3f2431, '', '', 0, 0),
(0x6361636865, 0x68747470733a2f2f7777772e676f6f676c652e636f6d2f7365617263683f713d63616368653a2431, '', '', 0, 0),
(0x636f6d6d6f6e73, 0x68747470733a2f2f636f6d6d6f6e732e77696b696d656469612e6f72672f77696b692f2431, 0x68747470733a2f2f636f6d6d6f6e732e77696b696d656469612e6f72672f772f6170692e706870, '', 0, 0),
(0x64696374696f6e617279, 0x68747470733a2f2f7777772e646963742e6f72672f62696e2f446963743f44617461626173653d2a26466f726d3d44696374312653747261746567793d2a2651756572793d2431, '', '', 0, 0),
(0x646f69, 0x68747470733a2f2f64782e646f692e6f72672f2431, '', '', 0, 0),
(0x656c69627265, 0x687474703a2f2f656e6369636c6f70656469612e75732e65732f696e6465782e7068702f2431, 0x687474703a2f2f656e6369636c6f70656469612e75732e65732f6170692e706870, '', 0, 0),
(0x656d61637377696b69, 0x68747470733a2f2f7777772e656d61637377696b692e6f72672f656d6163732f2431, '', '', 0, 0),
(0x656e, 0x68747470733a2f2f656e2e6661726167686169622e69722f77696b692f2431, '', '', 0, 0),
(0x66616e646f6d, 0x68747470733a2f2f636f6d6d756e6974792e66616e646f6d2e636f6d2f77696b692f773a633a2431, '', '', 0, 0),
(0x666f6c646f63, 0x68747470733a2f2f666f6c646f632e6f72672f3f2431, '', '', 0, 0),
(0x667265656273646d616e, 0x68747470733a2f2f7777772e467265654253442e6f72672f6367692f6d616e2e6367693f6170726f706f733d312671756572793d2431, '', '', 0, 0),
(0x676f6f676c65, 0x68747470733a2f2f7777772e676f6f676c652e636f6d2f7365617263683f713d2431, '', '', 0, 0),
(0x676f6f676c6567726f757073, 0x68747470733a2f2f67726f7570732e676f6f676c652e636f6d2f67726f7570733f713d2431, '', '', 0, 0),
(0x68616d6d6f6e6477696b69, 0x68747470733a2f2f7777772e64616972696b692e6f72672f48616d6d6f6e6457696b692f2431, '', '', 0, 0),
(0x687277696b69, 0x687474703a2f2f7777772e687277696b692e6f72672f77696b692f2431, 0x687474703a2f2f7777772e687277696b692e6f72672f772f6170692e706870, '', 0, 0),
(0x696d6462, 0x68747470733a2f2f7777772e696d64622e636f6d2f66696e643f713d24312674743d6f6e, '', '', 0, 0),
(0x6c6f6a62616e, 0x68747470733a2f2f6d772e6c6f6a62616e2e6f72672f70617072692f2431, '', '', 0, 0),
(0x6d65617462616c6c, 0x687474703a2f2f6d65617462616c6c77696b692e6f72672f77696b692f2431, '', '', 0, 0),
(0x6d6564696177696b6977696b69, 0x68747470733a2f2f7777772e6d6564696177696b692e6f72672f77696b692f2431, 0x68747470733a2f2f7777772e6d6564696177696b692e6f72672f772f6170692e706870, '', 0, 0),
(0x6d656d6f7279616c706861, 0x68747470733a2f2f6d656d6f72792d616c7068612e66616e646f6d2e636f6d2f77696b692f2431, 0x68747470733a2f2f6d656d6f72792d616c7068612e66616e646f6d2e636f6d2f6170692e706870, '', 0, 0),
(0x6d65746177696b696d65646961, 0x68747470733a2f2f6d6574612e77696b696d656469612e6f72672f77696b692f2431, 0x68747470733a2f2f6d6574612e77696b696d656469612e6f72672f772f6170692e706870, '', 0, 0),
(0x6d6f7a696c6c6177696b69, 0x68747470733a2f2f77696b692e6d6f7a696c6c612e6f72672f2431, 0x68747470733a2f2f77696b692e6d6f7a696c6c612e6f72672f6170692e706870, '', 0, 0),
(0x6d77, 0x68747470733a2f2f7777772e6d6564696177696b692e6f72672f77696b692f2431, 0x68747470733a2f2f7777772e6d6564696177696b692e6f72672f772f6170692e706870, '', 0, 0),
(0x6f656973, 0x68747470733a2f2f6f6569732e6f72672f2431, '', '', 0, 0),
(0x706d6964, 0x68747470733a2f2f7777772e6e6362692e6e6c6d2e6e69682e676f762f7075626d65642f24313f646f70743d4162737472616374, '', '', 0, 0),
(0x707974686f6e696e666f, 0x68747470733a2f2f77696b692e707974686f6e2e6f72672f6d6f696e2f2431, '', '', 0, 0),
(0x726663, 0x68747470733a2f2f64617461747261636b65722e696574662e6f72672f646f632f68746d6c2f7266632431, '', '', 0, 0),
(0x73656e736569736c696272617279, 0x68747470733a2f2f73656e736569732e786d702e6e65742f3f2431, '', '', 0, 0),
(0x73686f757477696b69, 0x68747470733a2f2f7777772e73686f757477696b692e636f6d2f77696b692f2431, 0x68747470733a2f2f7777772e73686f757477696b692e636f6d2f772f6170692e706870, '', 0, 0),
(0x7468656f7065646961, 0x68747470733a2f2f7777772e7468656f70656469612e636f6d2f2431, '', '', 0, 0),
(0x746d6277, 0x68747470733a2f2f7777772e746d62772e6e65742f77696b692f2431, 0x68747470733a2f2f746d62772e6e65742f77696b692f6170692e706870, '', 0, 0),
(0x7477696b69, 0x68747470733a2f2f7477696b692e6f72672f6367692d62696e2f766965772f2431, '', '', 0, 0),
(0x756e6379636c6f7065646961, 0x68747470733a2f2f656e2e756e6379636c6f70656469612e636f2f77696b692f2431, 0x68747470733a2f2f656e2e756e6379636c6f70656469612e636f2f772f6170692e706870, '', 0, 0),
(0x7573656d6f64, 0x68747470733a2f2f7777772e7573656d6f642e6f72672f6367692d62696e2f77696b692e706c3f2431, '', '', 0, 0),
(0x77696b6961, 0x68747470733a2f2f636f6d6d756e6974792e66616e646f6d2e636f6d2f77696b692f773a633a2431, '', '', 0, 0),
(0x77696b69626f6f6b73, 0x68747470733a2f2f656e2e77696b69626f6f6b732e6f72672f77696b692f2431, 0x68747470733a2f2f656e2e77696b69626f6f6b732e6f72672f772f6170692e706870, '', 0, 0),
(0x77696b6964617461, 0x68747470733a2f2f7777772e77696b69646174612e6f72672f77696b692f2431, 0x68747470733a2f2f7777772e77696b69646174612e6f72672f772f6170692e706870, '', 0, 0),
(0x77696b69686f77, 0x68747470733a2f2f7777772e77696b69686f772e636f6d2f2431, 0x68747470733a2f2f7777772e77696b69686f772e636f6d2f6170692e706870, '', 0, 0),
(0x77696b696d65646961, 0x68747470733a2f2f666f756e646174696f6e2e77696b696d656469612e6f72672f77696b692f2431, 0x68747470733a2f2f666f756e646174696f6e2e77696b696d656469612e6f72672f772f6170692e706870, '', 0, 0),
(0x77696b696e657773, 0x68747470733a2f2f656e2e77696b696e6577732e6f72672f77696b692f2431, 0x68747470733a2f2f656e2e77696b696e6577732e6f72672f772f6170692e706870, '', 0, 0),
(0x77696b697065646961, 0x68747470733a2f2f656e2e77696b6970656469612e6f72672f77696b692f2431, 0x68747470733a2f2f656e2e77696b6970656469612e6f72672f772f6170692e706870, '', 0, 0),
(0x77696b6971756f7465, 0x68747470733a2f2f656e2e77696b6971756f74652e6f72672f77696b692f2431, 0x68747470733a2f2f656e2e77696b6971756f74652e6f72672f772f6170692e706870, '', 0, 0),
(0x77696b69736f75726365, 0x68747470733a2f2f77696b69736f757263652e6f72672f77696b692f2431, 0x68747470733a2f2f77696b69736f757263652e6f72672f772f6170692e706870, '', 0, 0),
(0x77696b6973706563696573, 0x68747470733a2f2f737065636965732e77696b696d656469612e6f72672f77696b692f2431, 0x68747470733a2f2f737065636965732e77696b696d656469612e6f72672f772f6170692e706870, '', 0, 0),
(0x77696b6976657273697479, 0x68747470733a2f2f656e2e77696b69766572736974792e6f72672f77696b692f2431, 0x68747470733a2f2f656e2e77696b69766572736974792e6f72672f772f6170692e706870, '', 0, 0),
(0x77696b69766f79616765, 0x68747470733a2f2f656e2e77696b69766f796167652e6f72672f77696b692f2431, 0x68747470733a2f2f656e2e77696b69766f796167652e6f72672f772f6170692e706870, '', 0, 0),
(0x77696b6977696b69776562, 0x687474703a2f2f77696b692e63322e636f6d2f3f2431, '', '', 0, 0),
(0x77696b74, 0x68747470733a2f2f656e2e77696b74696f6e6172792e6f72672f77696b692f2431, 0x68747470733a2f2f656e2e77696b74696f6e6172792e6f72672f772f6170692e706870, '', 0, 0),
(0x77696b74696f6e617279, 0x68747470733a2f2f656e2e77696b74696f6e6172792e6f72672f77696b692f2431, 0x68747470733a2f2f656e2e77696b74696f6e6172792e6f72672f772f6170692e706870, '', 0, 0);

-- --------------------------------------------------------

--
-- Table structure for table `ipblocks_restrictions`
--

CREATE TABLE `ipblocks_restrictions` (
  `ir_ipb_id` int(10) UNSIGNED NOT NULL,
  `ir_type` tinyint(4) NOT NULL,
  `ir_value` int(10) UNSIGNED NOT NULL
) ENGINE=InnoDB DEFAULT CHARSET=binary;

-- --------------------------------------------------------

--
-- Table structure for table `ip_changes`
--

CREATE TABLE `ip_changes` (
  `ipc_rev_id` int(10) UNSIGNED NOT NULL DEFAULT 0,
  `ipc_rev_timestamp` binary(14) NOT NULL,
  `ipc_hex` varbinary(35) NOT NULL DEFAULT ''
) ENGINE=InnoDB DEFAULT CHARSET=binary;

-- --------------------------------------------------------

--
-- Table structure for table `iwlinks`
--

CREATE TABLE `iwlinks` (
  `iwl_from` int(10) UNSIGNED NOT NULL DEFAULT 0,
  `iwl_prefix` varbinary(32) NOT NULL DEFAULT '',
  `iwl_title` varbinary(255) NOT NULL DEFAULT ''
) ENGINE=InnoDB DEFAULT CHARSET=binary;

--
-- Dumping data for table `iwlinks`
--

INSERT INTO `iwlinks` (`iwl_from`, `iwl_prefix`, `iwl_title`) VALUES
(17, 0x77696b69736f75726365, 0x77735f61727469636c65),
(44, 0x636f6d6d6f6e73, 0x222e2e64656661756c742e2e22),
(44, 0x636f6d6d6f6e73, 0x222e2e66697273744c696e6b2e2e22),
(44, 0x636f6d6d6f6e73, 0x222e2e67616c6c6572794c696e6b2e2e22),
(44, 0x636f6d6d6f6e73, 0x222e2e6e73436f6c6f6e2e2e636f6d6d6f6e734c696e6b2e2e22),
(44, 0x636f6d6d6f6e73, 0x222e2e6e73436f6c6f6e2e2e64656661756c742e2e22),
(44, 0x636f6d6d6f6e73, 0x43617465676f72793a222e2e63617465676f72794c696e6b2e2e22),
(44, 0x636f6d6d6f6e73, 0x5370656369616c3a5365617263682f222e2e6e73436f6c6f6e2e2e7365617263682e2e22),
(44, 0x636f6d6d6f6e73, 0x5370656369616c3a5365617263682f222e2e7365617263682e2e22),
(44, 0x636f6d6d6f6e73, 0x5370656369616c3a5365617263682f222e2e77705f7469746c652e2e22),
(44, 0x636f6d6d6f6e73, 0x5370656369616c3a5365617263682f43617465676f72793a222e2e77705f7469746c652e2e22),
(76, 0x77696b697065646961, 0x4175746f73697a696e675f696d61676573),
(145, 0x77696b697065646961, 0x44617461626173655f7265706f7274732f54656d706c617465735f7472616e73636c756465645f6f6e5f7468655f6d6f73745f7061676573),
(164, 0x77696b697065646961, 0x4e61764672616d65),
(165, 0x77696b697065646961, 0x4e61764672616d65),
(200, 0x77696b697065646961, 0x4175746f57696b6942726f777365722f53657474696e67732f4953424e2d68797068),
(218, 0x6d77, 0x5265666572656e63655f546f6f6c74697073),
(219, 0x6d77, 0x5265666572656e63655f546f6f6c74697073),
(220, 0x6d77, 0x5265666572656e63655f546f6f6c74697073),
(245, 0x77696b696e657773, 0x557365723a416d67696e65),
(270, 0x77696b697065646961, 0x557365723a4c7570696e2f706f70757073),
(281, 0x77696b697065646961, 0x526566546f6f6c626172);

-- --------------------------------------------------------

--
-- Table structure for table `job`
--

CREATE TABLE `job` (
  `job_id` int(10) UNSIGNED NOT NULL,
  `job_cmd` varbinary(60) NOT NULL DEFAULT '',
  `job_namespace` int(11) NOT NULL,
  `job_title` varbinary(255) NOT NULL,
  `job_timestamp` binary(14) DEFAULT NULL,
  `job_params` mediumblob NOT NULL,
  `job_random` int(10) UNSIGNED NOT NULL DEFAULT 0,
  `job_attempts` int(10) UNSIGNED NOT NULL DEFAULT 0,
  `job_token` varbinary(32) NOT NULL DEFAULT '',
  `job_token_timestamp` binary(14) DEFAULT NULL,
  `job_sha1` varbinary(32) NOT NULL DEFAULT ''
) ENGINE=InnoDB DEFAULT CHARSET=binary;

-- --------------------------------------------------------

--
-- Table structure for table `l10n_cache`
--

CREATE TABLE `l10n_cache` (
  `lc_lang` varbinary(35) NOT NULL,
  `lc_key` varbinary(255) NOT NULL,
  `lc_value` mediumblob NOT NULL
) ENGINE=InnoDB DEFAULT CHARSET=binary;

--
-- Dumping data for table `l10n_cache`
--

INSERT INTO `l10n_cache` (`lc_lang`, `lc_key`, `lc_value`) VALUES
(0x656e, 0x626f6f6b73746f72654c697374, 0x613a333a7b733a333a22425742223b733a35313a2268747470733a2f2f7777772e626574746572776f726c64626f6f6b732e636f6d2f70726f647563742f64657461696c2f2d2431223b733a31313a224f70656e4c696272617279223b733a33313a2268747470733a2f2f6f70656e6c6962726172792e6f72672f6973626e2f2431223b733a383a22576f726c64636174223b733a34313a2268747470733a2f2f7777772e776f726c646361742e6f72672f7365617263683f713d6973626e3a2431223b7d),
(0x656e, 0x636f6d70696c6564506c7572616c52756c6573, 0x613a313a7b693a303b733a31373a2269203120696e2076203020696e20616e64223b7d),
(0x656e, 0x64617465466f726d617473, 0x613a32303a7b733a383a226d64792074696d65223b733a333a22483a69223b733a383a226d64792064617465223b733a363a2246206a2c2059223b733a31333a226d6479206d6f6e74686f6e6c79223b733a333a22462059223b733a383a226d647920626f7468223b733a31313a22483a692c2046206a2c2059223b733a31303a226d647920707265747479223b733a333a2246206a223b733a383a22646d792074696d65223b733a333a22483a69223b733a383a22646d792064617465223b733a353a226a20462059223b733a31333a22646d79206d6f6e74686f6e6c79223b733a333a22462059223b733a383a22646d7920626f7468223b733a31303a22483a692c206a20462059223b733a31303a22646d7920707265747479223b733a333a226a2046223b733a383a22796d642074696d65223b733a333a22483a69223b733a383a22796d642064617465223b733a353a22592046206a223b733a31333a22796d64206d6f6e74686f6e6c79223b733a333a22592046223b733a383a22796d6420626f7468223b733a31303a22483a692c20592046206a223b733a31303a22796d6420707265747479223b733a333a2246206a223b733a31333a2249534f20383630312074696d65223b733a31313a22786e483a786e693a786e73223b733a31333a2249534f20383630312064617465223b733a31313a22786e592d786e6d2d786e64223b733a31383a2249534f2038363031206d6f6e74686f6e6c79223b733a373a22786e592d786e6d223b733a31333a2249534f203836303120626f7468223b733a32353a22786e592d786e6d2d786e64225422786e483a786e693a786e73223b733a31353a2249534f203836303120707265747479223b733a373a22786e6d2d786e64223b7d),
(0x656e, 0x64617465507265666572656e63654d6967726174696f6e4d6170, 0x613a343a7b693a303b733a373a2264656661756c74223b693a313b733a333a226d6479223b693a323b733a333a22646d79223b693a333b733a333a22796d64223b7d),
(0x656e, 0x64617465507265666572656e636573, 0x613a353a7b693a303b733a373a2264656661756c74223b693a313b733a333a226d6479223b693a323b733a333a22646d79223b693a333b733a333a22796d64223b693a343b733a383a2249534f2038363031223b7d),
(0x656e, 0x64656661756c7444617465466f726d6174, 0x733a31303a22646d79206f72206d6479223b);
INSERT INTO `l10n_cache` (`lc_lang`, `lc_key`, `lc_value`) VALUES
(0x656e, 0x64657073, 0x[encoded data, 53172 characters]);
INSERT INTO `l10n_cache` (`lc_lang`, `lc_key`, `lc_value`) VALUES
(0x656e, 0x646967697447726f7570696e675061747465726e, 0x733a393a22232c2323302e232323223b),
(0x656e, 0x64696769745472616e73666f726d5461626c65, 0x4e3b),
(0x656e, 0x66616c6c6261636b, 0x623a303b),
(0x656e, 0x66616c6c6261636b38626974456e636f64696e67, 0x733a31323a2277696e646f77732d31323532223b),
(0x656e, 0x66616c6c6261636b53657175656e6365, 0x613a303a7b7d),
(0x656e, 0x666f726d616c697479496e646578, 0x693a303b),
(0x656e, 0x696d61676546696c6573, 0x4e3b),
(0x656e, 0x6c696e6b50726566697843686172736574, 0x733a32333a22612d7a412d5a5c787b38307d2d5c787b3130666666667d223b),
(0x656e, 0x6c696e6b507265666978457874656e73696f6e, 0x623a303b),
(0x656e, 0x6c696e6b547261696c, 0x733a31383a222f5e285b612d7a5d2b29282e2a29242f7344223b);
INSERT INTO `l10n_cache` (`lc_lang`, `lc_key`, `lc_value`) VALUES
(0x656e, 0x6c697374, 0x[encoded data, 413842 characters]