-- Table structure for table `content`
--

CREATE TABLE `content` (
  `content_id` bigint(20) UNSIGNED NOT NULL,
  `content_size` int(10) UNSIGNED NOT NULL,
  `content_sha1` varbinary(32) NOT NULL,
  `content_model` smallint(5) UNSIGNED NOT NULL,
  `content_address` varbinary(255) NOT NULL
) ENGINE=InnoDB DEFAULT CHARSET=binary;

--
-- Dumping data for table `content`
--

INSERT INTO `content` (`content_id`, `content_size`, `content_sha1`, `content_model`, `content_address`) VALUES
(1, 755, 0x3232767a357a6c7861327a63746577696d61756d3262663164756538686b6c, 1, 0x74743a31),
(2, 0, 0x70686f6961633968346d383432787134357370377336753231657465657131, 1, 0x74743a32),
(3, 224, 0x6b6c707069617a387431377a676b367935646c686d7276396367723978316e, 1, 0x74743a33),
(4, 1300, 0x6e6739777237686a7064383069387131626236306433336d72373633736971, 1, 0x74743a34),
(5, 1022, 0x6e6c636676763464796132766e307933763571356a36716675696f78376164, 2, 0x74743a35),
(6, 39506, 0x33687466727830316e3876343265796967306e666831766a70347833617762, 3, 0x74743a36),
(7, 39550, 0x3233746d776a677732776c34366c72327a77667478736175676a7264797872, 3, 0x74743a37),
(8, 17542, 0x6c78376b6c74367268766d387662366e6c73363631697a7a31696367317069, 4, 0x74743a38),
(9, 2933, 0x6476756a38323730356530776f67647939696d793338636b6a753371367036, 4, 0x74743a39),
(10, 1843, 0x306e316c68363938306c36686f686579707377677638656763737135763830, 4, 0x74743a3130),
(11, 1771, 0x72647276376e336273726e393233656c746873766574696a776b6a67796f6b, 4, 0x74743a3131),
(12, 112, 0x30717a657576706432306b74697778667a7436633977303972737278357079, 1, 0x74743a3132),
(13, 581, 0x373835623735746d677468716e6f6b766e63757466676334646a6a3267646d, 1, 0x74743a3133),
(14, 993, 0x7371736a6774796a776167696f7a6536356d66736a7778393179786c767173, 1, 0x74743a3134),
(15, 28, 0x37366e786678336d36767330776e366c743636356d6f796d35746a63376e65, 1, 0x74743a3135),
(16, 176, 0x667272626776397774707176326d3537763569733376316775713669307030, 1, 0x74743a3136),
(17, 81, 0x6270713476636b33377a726a66326b7a376c333875616579746339676d6f31, 1, 0x74743a3137),
(18, 264, 0x34646a7979306976316d326c647472376872716b7377726270306377343731, 1, 0x74743a3138),
(19, 89, 0x327a7764706f62337733337734686968376a6a6c65676f36683474626d6e65, 1, 0x74743a3139),
(20, 222, 0x6436736d34706773376176636d6b71336f6177796d3666757331636a356376, 1, 0x74743a3230),
(21, 61, 0x74356b6f6b3576627771347361767769637a646e376b653635663935316b71, 1, 0x74743a3231),
(22, 346662, 0x6430617366386e7239376a7332666a6d63796c76356e6b6a6d6e68327a337a, 3, 0x74743a3232),
(23, 250, 0x6372726f63687667686a3836327a6866346830767676767266646779683469, 1, 0x74743a3233),
(24, 4510, 0x646269697977356b79366a656769717337627a693534366f7736646373636a, 4, 0x74743a3234),
(25, 100, 0x37667369756a763337723768697866707a683932686d6d6833746177777471, 1, 0x74743a3235),
(26, 15317, 0x306d7238796c67796e3536776e357771386c62617672646a71686f31397036, 4, 0x74743a3236),
(27, 288, 0x6a74796d3874733238777870707234676561386e69386e7a6e707670693463, 1, 0x74743a3237),
(28, 1696, 0x38686579727476326e35687261323374347069787668766a70756231786338, 3, 0x74743a3238),
(29, 55036, 0x37387a6238616a6e7266346177673068327a6a6e736c316d35623375367172, 4, 0x74743a3239),
(30, 249, 0x64393561676939396778396839756e74787165736b71747770626c39786161, 1, 0x74743a3330),
(31, 477, 0x32306c616172777279736f63366b72713161676975627979626a3763666f36, 3, 0x74743a3331),
(32, 31765, 0x6770356634346d32353466737a6370726e77686431693232746272726d6978, 4, 0x74743a3332),
(33, 144, 0x687567767a626f77386639686233796e703265723575383568767a776e3632, 1, 0x74743a3333),
(34, 3682, 0x6a3966646e64307365687430386b397a6675317a7561757a787177736d6663, 4, 0x74743a3334),
(35, 161, 0x3338756474693238736c70357837316c726174317a356a64706f3737386571, 1, 0x74743a3335),
(36, 3148, 0x73337867333365657472673473347066667a733867356535743773316b6334, 4, 0x74743a3336),
(37, 140, 0x6274396671366833306670326172766574623871757036776d627173367733, 1, 0x74743a3337),
(38, 468, 0x6862363139656f6374736131726f6531723570646a32736b32626d65383470, 4, 0x74743a3338),
(39, 198, 0x693174306f37796e38326165377673373064776a687136657077307077326e, 1, 0x74743a3339),
(40, 834, 0x673539706667766362676f7570757a7433656e766865356335777664737364, 3, 0x74743a3430),
(41, 3646, 0x72617439746f306e3676626c7273716d726e6162653539686e783974363735, 4, 0x74743a3431),
(42, 149, 0x3175326f7870637778393164697568736865726861726d66757935726a6462, 1, 0x74743a3432),
(43, 13589, 0x35633132757471307176713267357270347162786c646a7038683077716379, 4, 0x74743a3433),
(44, 2585, 0x6d356263703830696874727875767364377639327a6d697a306864646c3971, 4, 0x74743a3434),
(45, 51950, 0x683032743634353772717a67736a6c65687a706b7a6471733476757964726c, 4, 0x74743a3435),
(46, 29572, 0x6a763077736e667433786963616565726135336e6a6b79693933337777306e, 4, 0x74743a3436),
(47, 59159, 0x35386d726f633977686d3078326d746f6f616564336530707a616f70657133, 4, 0x74743a3437),
(48, 22379, 0x6e3339756d6e74347563766f70796b7061376e717665766a6a663837337965, 4, 0x74743a3438),
(49, 85, 0x663465306e3564777033666d3361357772783774346e78757272727165316a, 1, 0x74743a3439),
(50, 73, 0x66656f34766f73373873716c7971616634376d6567753377656a7664333834, 3, 0x74743a3530),
(51, 177, 0x36746b396c733465387232377530766b7a787936626e66333175376b326632, 1, 0x74743a3531),
(52, 337, 0x6a6b356c3471656932626b796677796f63337a6c376134766336396b376778, 4, 0x74743a3532),
(53, 64, 0x386e6a6f636a74713176326b33323769363077307775303071686c64767833, 1, 0x74743a3533),
(54, 43329, 0x706a6a77783168646833373961647365617a716776656f3638713272617274, 3, 0x74743a3534),
(55, 124, 0x6431373731707135786230616f6a6d78786570677931323973373275643631, 1, 0x74743a3535),
(56, 1050, 0x6e77783530773861357168747a6138347a7563686b77396830667169757038, 3, 0x74743a3536),
(57, 268, 0x6b68663530326a696e34703663687a75733165756b72697030773579763238, 1, 0x74743a3537),
(58, 780, 0x7036636e7a626f6278687579396630716269356f373674716c3467777a6532, 4, 0x74743a3538),
(59, 496, 0x3675716c6970336a783676643933767a6f7667716937656432747a63736167, 1, 0x74743a3539),
(60, 139, 0x6e646b6869373761303079696f707a37633171746e39756a386d306c6d7838, 4, 0x74743a3630),
(61, 123, 0x3763797a353036376d3733336e316d746f786a717638386a75343638757769, 1, 0x74743a3631),
(62, 8161, 0x6a6f68307a656237646b7a7863347567716a737039756d6669376932383978, 3, 0x74743a3632),
(63, 25428, 0x6766696f7634307a3278326c7a717276616e7a396c6f743374356169336970, 4, 0x74743a3633),
(64, 194, 0x71743138706371376e313733713038673267376174613330377a396b323377, 1, 0x74743a3634),
(65, 837, 0x69636d6c753466336e39336e7668697065317968697132677275756c753169, 4, 0x74743a3635),
(66, 168, 0x7132386362397839737a32737268796870306e3068646972677168716c3276, 1, 0x74743a3636),
(67, 627, 0x6734767a38656465366677333839667a73773766756874756a7379306f6b7a, 3, 0x74743a3637),
(68, 18121, 0x6d746e6e37636877377175727a746d777337736c38626179747464376c3464, 4, 0x74743a3638),
(69, 69, 0x3061757a3461306261736a6b73713676766730636b36377977706130653332, 1, 0x74743a3639),
(70, 549, 0x37357531373431636230316b756e6f697937677a32366b7365303079317633, 3, 0x74743a3730),
(71, 217, 0x696571666b613561626c7a31337934393937366230763170356f6c68633270, 1, 0x74743a3731),
(72, 414, 0x696d797373786f676c76753635677a706d39776e727877333873396b67376d, 4, 0x74743a3732),
(73, 101, 0x3931783835383372646b63686c33786d3079313430726930323777736e6d68, 1, 0x74743a3733),
(74, 756, 0x726b7868776d7a326b787168786764656162636276306c79377737687a7537, 4, 0x74743a3734),
(75, 233, 0x71796a706a37727939783564666c6b336c6c793466326e75717577336b3937, 1, 0x74743a3735),
(76, 80, 0x39366a61323162716972776e347179347a73773470726270787572616a3932, 3, 0x74743a3736),
(77, 38571, 0x3666753939777038377a32796c6d66326977637a387a72786f706878386979, 4, 0x74743a3737),
(78, 218, 0x33706f756a7673726b713839346c696e653873747335783935766f66636775, 1, 0x74743a3738),
(79, 2375, 0x746a6b79726579637a7669337970756b6f31756e6868317a7864376e396132, 4, 0x74743a3739),
(80, 107, 0x3137766f717239736d646c33733975796430776c69376d33396e37386f3734, 1, 0x74743a3830),
(81, 174, 0x35776d316c396770636a786e6865726677627a3562303963656b746164646b, 4, 0x74743a3831),
(82, 89, 0x74667a6739617a6661737866717867646138796874667a77747730336f6968, 1, 0x74743a3832),
(83, 73, 0x6366746265346262677a776334397a33756574747a6a6968306f656e7a6d38, 3, 0x74743a3833),
(84, 235, 0x7136336d73327965696f38633972336d7034637a71793438656c3861766a69, 1, 0x74743a3834),
(85, 13472, 0x637370663532327866696f6e6d626270676f31777578776936677876766473, 4, 0x74743a3835),
(86, 65, 0x65636e34776e716d6367357563386d76376c667336686b797a6a657977386f, 1, 0x74743a3836),
(87, 152, 0x38346f616b763639337731346b347a726c6b376b766f31356f6563796a3479, 1, 0x74743a3837),
(88, 20703, 0x3375757a67333676333876676573657968787a38696e72766c377077787872, 4, 0x74743a3838),
(89, 201, 0x6f75637a666b346c6d61617a727a6c6c74356b387970646174696937386968, 1, 0x74743a3839),
(90, 98, 0x31757a6d367736643165367579653671667733743339667138696b3430636b, 1, 0x74743a3930),
(91, 488, 0x6f6d66386c6b35736f6f786a6e6c61656871626e6974786f757a626779796f, 3, 0x74743a3931),
(92, 84, 0x3461386e7a746e737877646b7a6f6a79766a366f6d78307536776461706779, 4, 0x74743a3932),
(93, 184, 0x6e35667437766c336f75306578356b7064746f33637a7a7969343331673063, 1, 0x74743a3933),
(94, 2403, 0x393434357a67696c79767868787776683876316f6a66697a726375386f3863, 4, 0x74743a3934),
(95, 87, 0x356f6865683778767130337873796b7162367476786c76747a703373787a30, 1, 0x74743a3935),
(96, 765, 0x73736d6435367a396c62633130396e656d6478706e79376b33646f39797569, 4, 0x74743a3936),
(97, 169, 0x74396d77726a32696476676a343475636d336e653862753775646e75633973, 1, 0x74743a3937),
(98, 5600, 0x7036347539347062717939663470686437666d6876637a796976646e616a6f, 4, 0x74743a3938),
(99, 8887, 0x61737a3537726366353069766b6562696238696639727832383673686b3336, 4, 0x74743a3939),
(100, 95156, 0x36626e673971736c393865636a7368316f327534743833317a6a6230797479, 4, 0x74743a313030),
(101, 16499, 0x62686c7233663365387376366a306779697737363662317a73776476683267, 4, 0x74743a313031),
(102, 30111, 0x6a3535676e3569376b66706c63646c6a77616e6130367a346e6f687a6f7265, 4, 0x74743a313032),
(103, 179, 0x7365797a36676f786d6e7035626d796334766b65776c3672643437676b6867, 1, 0x74743a313033),
(104, 371, 0x7238373736687839736a647668683874733862346736726c36306876777932, 4, 0x74743a313034),
(105, 168, 0x657a6571726935707833616c3170726b396f30336e3331623776657671726f, 1, 0x74743a313035),
(106, 6132, 0x68617a3867396c7161716133656e72347876346a7a756677776d6d6f6a6770, 4, 0x74743a313036),
(107, 196, 0x74676837623431777661706e7134676430627a62376f3470376e6b7361316e, 1, 0x74743a313037),
(108, 6561, 0x346934723832356f623932773231373339386b78713964616e6974656c7a6c, 4, 0x74743a313038),
(109, 4178, 0x39676a74773233366f3969396f667a71676d6d6a3277717a746f3132756868, 3, 0x74743a313039),
(110, 304, 0x646a3766796566656f726c6d6e7834346b3838746f62766878337579353878, 1, 0x74743a313130),
(111, 12060, 0x6431753463763768666f353379696d3571746e33396269713462676c303539, 4, 0x74743a313131),
(112, 309, 0x6f6d367a76323073793931757432627832696e316363686675756c68617165, 1, 0x74743a313132),
(113, 1858, 0x697577667972633864746d746f726773697133693731356134686970383873, 4, 0x74743a313133),
(114, 148, 0x656666327667316764776569706f65723967656364746a646d357236766271, 1, 0x74743a313134),
(115, 371, 0x39307379766d767966683132396d6d66663636766268627768343938786175, 4, 0x74743a313135),
(116, 219, 0x6a6e6971656e77357a666d6465617930397836686461743930686137386d69, 1, 0x74743a313136),
(117, 881, 0x3737696930747a7773756f6b31646336796c6c6271386973626f356f756366, 4, 0x74743a313137),
(118, 134, 0x336a626b67376c69386865397a656a7666776c7178783136337a676173656f, 1, 0x74743a313138),
(119, 13741, 0x6733337a67357962796878627777396e62766e3734676f61786a7974336867, 4, 0x74743a313139),
(120, 313, 0x6d7964717230733969396b6979366e67733666637762667669646664313366, 1, 0x74743a313230),
(121, 1268, 0x31747a367571616f7438666a793073743570627733616f6b35383030317a65, 3, 0x74743a313231),
(122, 2310, 0x35306770763073787072647576677166787a6c3032733472756a7275727766, 4, 0x74743a313232),
(123, 123, 0x706d37736b763471727a7272686d303967307937706773397138746e346662, 1, 0x74743a313233),
(124, 2171, 0x3434796463347733366b62776a786b3467706674766131757a6f6b35613763, 4, 0x74743a313234),
(125, 13, 0x6e6164707331633467316b367939376e6f787264383375736234627032627a, 1, 0x74743a313235),
(126, 37, 0x70306a6164773271326d686f6378726c73666e3730676b366c6e6774336866, 1, 0x74743a313236),
(127, 52, 0x32326b7632343265617a79666a633032637662356e6339336d313472356938, 1, 0x74743a313237),
(128, 27, 0x306979656a7079616d38666239776b72696434756265316a77317334316436, 1, 0x74743a313238),
(129, 21, 0x32647679736774376e6663326d3038327a6e6a346b30756662666f66676c63, 1, 0x74743a313239),
(130, 54, 0x306163306577646d6c706932726e7078633036616c326a64377a72756c7235, 1, 0x74743a313330),
(131, 37, 0x6a61773579336775307965737a376a727a666667326868366e683063333832, 1, 0x74743a313331),
(132, 33, 0x6537716a67757935626f6a3877616c63753932716c62346d6e686564346439, 1, 0x74743a313332),
(133, 21, 0x36337032726f3631356876656e3369796135666d7764753276656270303664, 1, 0x74743a313333),
(134, 35, 0x68726c716a346e336b773562316666686a747262797677616d357339307662, 1, 0x74743a313334),
(135, 19, 0x63623763327261663364676b697a3278727675737375636f757a707069316e, 1, 0x74743a313335),
(136, 19, 0x68756369656933673476776e74347a6166313572396966326a31307538736b, 1, 0x74743a313336),
(137, 118, 0x6e6c666e7576393575326c31397033356e733071626d6a787a33317339666e, 1, 0x74743a313337),
(138, 21, 0x747465676c62376e306d697966646869357430306b6374353865327a786b69, 1, 0x74743a313338),
(139, 70, 0x63766b35777367777a777235396b7a6e676c35647936396c33716163743665, 1, 0x74743a313339),
(140, 12, 0x6e72756b3265646833616439316d326e6e6d36726a77666c326f6169646570, 1, 0x74743a313430),
(141, 95, 0x746a65756d38757567657839696b616f7a67367634706e3767647930666e71, 1, 0x74743a313431),
(142, 2625, 0x7475346b6a6a7577796767376361367462356c39726b687268377934726b32, 4, 0x74743a313432),
(143, 120, 0x396f6f6e686969623474797a63356f756b693032316a70623972686e316c72, 1, 0x74743a313433),
(144, 485, 0x31703338796f773666323638716c70686e33396f3475653837787466636c70, 4, 0x74743a313434),
(145, 127, 0x637962666c61776b7a38667633733932676e77336a73636677756733797268, 1, 0x74743a313435),
(146, 554, 0x6a61333735616163636233346f6373366e786b61783338323162756e6d6f76, 4, 0x74743a313436),
(147, 421, 0x6a6b6e3935637039337866326239716770696a766f38647477303661713275, 4, 0x74743a313437),
(148, 27091, 0x7036727065696b76646a716679326a6f703877707936657575637866386268, 4, 0x74743a313438),
(149, 16265, 0x6a68666e713678786b707968736735306932776e7475746a6b3337366c6635, 4, 0x74743a313439),
(150, 7628, 0x6f6330397535397a6d757630773766686133306c7935326e33626872746d31, 4, 0x74743a313530),
(151, 76722, 0x663534306b6e7a336838666f73313176627130386669313977627271673579, 4, 0x74743a313531),
(152, 78903, 0x33783867393161643774686a373973613336656a74746d35766d6b3878746f, 4, 0x74743a313532),
(153, 7061, 0x67306d616538717830683668613364783635786e346c616d3474653965646c, 4, 0x74743a313533),
(154, 2909, 0x7269616f696e30707874616b6836756c687138317473656b706633306d3064, 4, 0x74743a313534),
(155, 30747, 0x6a36646d757332393937716b3868776f3232726b306738746d733475643566, 4, 0x74743a313535),
(156, 13743, 0x7062783430646d6f6d6e6478673578327373336372746b633479386572766d, 4, 0x74743a313536),
(157, 19047, 0x636972787373636c686a376b376871777067347367306a396a733665777476, 4, 0x74743a313537),
(158, 60515, 0x626e6c6373313538726e6462326173663378343879676b3035656439736c63, 4, 0x74743a313538),
(159, 107635, 0x37787668756e63786e647863737967707078676f696e3669753637307a7430, 4, 0x74743a313539),
(160, 11871, 0x6730706d6775656d343337756d68397435637670746d316275676837693937, 4, 0x74743a313630),
(161, 81985, 0x3274617a6b687a7a6e68346b34336d636e39736f61666e7133633832756931, 4, 0x74743a313631),
(162, 92915, 0x683679763137633533356a637a3733393036746d6838687964667036766230, 4, 0x74743a313632),
(163, 11940, 0x6d6161747433337638726a6f61676b6669756a333575656377616465337737, 1, 0x74743a313633),
(164, 17041, 0x656338697430643734313736386635777a75616d626c626472737679383579, 3, 0x74743a313634),
(165, 27, 0x74677532376e3163366a796c616b386a7a7432623872777838617a796e6661, 1, 0x74743a313635),
(166, 3695, 0x6169697168307475766e766f726e63723063656d6774647169627677787635, 3, 0x74743a313636),
(167, 199, 0x3566347735656e65636a7779347a7632616a7168677336716d736232677134, 1, 0x74743a313637),
(168, 258, 0x6c6f6e6e6c747678396b7a687762306c757a68686472636178617733687764, 1, 0x74743a313638),
(169, 199, 0x3566347735656e65636a7779347a7632616a7168677336716d736232677134, 1, 0x74743a313639),
(170, 360, 0x3378736577356b75316a647438786932747277393134393269717764316739, 1, 0x74743a313730),
(171, 360, 0x3378736577356b75316a647438786932747277393134393269717764316739, 3, 0x74743a313731),
(172, 1010, 0x6966316d6b6865316433776a6b6e6c366471306b766631706a396372647769, 3, 0x74743a313732),
(173, 364, 0x6170387176706d6b713834633266716c6b33737a636772766d667279347433, 2, 0x74743a313733),
(174, 5150, 0x653371633531776932366879327065766b696776787973357864666d786d79, 1, 0x74743a313734),
(175, 647, 0x716e396c387a3130766d633867686c6437383034613961616666673667386f, 1, 0x74743a313735),
(176, 10054, 0x35717839747a6c756c39736572333075786a396e6261736a7439326365766e, 1, 0x74743a313736),
(177, 1651, 0x706967746b39767136347973353263706f38696f74773079313477716c6872, 1, 0x74743a313737),
(178, 7895, 0x6f786f626f616261743432316b64766e77627737736f73776f776e31613078, 1, 0x74743a313738),
(179, 852, 0x7264746f6d38647776736b396934713962707179616134396c6570746e3175, 1, 0x74743a313739),
(180, 5847, 0x6c3772327466317233677776777a6764656b7061363874303439346d327475, 1, 0x74743a313830),
(181, 631, 0x6b32366d776978756165696a6973666464623073786b673832697578387634, 1, 0x74743a313831),
(182, 888, 0x6f6d6c736e687564787a366a7570747674787a376e7339376a7574627a6335, 1, 0x74743a313832),
(183, 3536, 0x336d70786b726a7736343030686e6e3137686e733965753568707577396563, 1, 0x74743a313833),
(184, 1646, 0x726932356833336c7932677739346279687a6f6d7335686a61666d73383177, 1, 0x74743a313834),
(185, 3312, 0x6839726f6f7176753637676b38316370626973776f6c34386c706d776d796d, 1, 0x74743a313835),
(186, 5972, 0x6d333961386b35676d7462673678336b32663772697a6a336a6b356f6e3230, 1, 0x74743a313836),
(187, 209066, 0x686877696c76387a746d7268773071346b706c7170713834646a71716f7170, 1, 0x74743a313837),
(188, 16454, 0x3976796b39706b353274317070347369696c63626c75616e77396d31656b7a, 1, 0x74743a313838),
(189, 104366, 0x61717366346967376261346d72303238346e686a6f396b6137796d6f687838, 1, 0x74743a313839),
(190, 65456, 0x6572796a6b6e6e796430396c796e6b7a7833646d3438353163746970757731, 1, 0x74743a313930),
(191, 73823, 0x673036763361636b6e76377631313037356c32646b7735376f6e6934316f63, 1, 0x74743a313931),
(192, 22852, 0x6c7976386f6b6e66306572787470706e6434626e3575617476697566736f72, 1, 0x74743a313932),
(193, 25047, 0x7061713469386a357374616b75687831306261363770366b32696a6d6d7267, 1, 0x74743a313933),
(194, 19334, 0x3236646236796b676f676d63346c69706e6162746f71766463316136346b72, 1, 0x74743a313934),
(195, 3482, 0x303573776c72787861756c776b67746262646d7466356174726766776d757a, 1, 0x74743a313935),
(196, 173365, 0x6766767137337237336474763039697370617a766b63326d386f7465396e37, 1, 0x74743a313936),
(197, 16812, 0x31757a377632686971626d3277676135716e69676178316437756a7932366b, 1, 0x74743a313937),
(198, 62513, 0x3839336f6e6f3167333379737764317633383275786b777937686c6b67656a, 1, 0x74743a313938),
(199, 49666, 0x6b7434333361743434326a3763717a6a7978383531747a7833313164737833, 1, 0x74743a313939),
(200, 51945, 0x31307578327a637836696167637271736965673769706768626a6176633730, 1, 0x74743a323030),
(201, 8295, 0x627576697375337370347a72697a35377835746f3862637277653376317a6d, 1, 0x74743a323031),
(202, 8324, 0x696976306e6166337a6178663574337a367a7474346e713032306569777163, 1, 0x74743a323032),
(203, 3391, 0x6477713076723878353774623736623179346270303074626d753132363534, 1, 0x74743a323033),
(204, 13893, 0x6f3632797a30616434366473766f653831637069347078343577666f793068, 1, 0x74743a323034),
(205, 25920, 0x643468386c62343866386d393364683272367a376a68346c763339366a3571, 1, 0x74743a323035),
(206, 3135, 0x6c3864776f6d6e6d756e6c6a6c6e786e66397669727a703132786872716c39, 1, 0x74743a323036),
(207, 5923, 0x6b6b69657475687965683062647833617439676376746e6176386f776e3076, 1, 0x74743a323037),
(208, 2592, 0x3172706d6d7465646c6b316164746733613377786e35713673636e30383832, 1, 0x74743a323038),
(209, 22816, 0x3237697964736677636e71337462306f6779373638723672346d3639713161, 1, 0x74743a323039),
(210, 4674, 0x66677a71737a356e78666b316670776e7775387734766d3677757179317231, 1, 0x74743a323130),
(211, 6971, 0x336a336f616968363379676f39703830366835797870736361716833787539, 1, 0x74743a323131),
(212, 6119, 0x63686936396172316274643477703678626b3375657a36736675307669706e, 1, 0x74743a323132),
(213, 1570, 0x716862747932687966386736636636617a6f767470776866337770626d6530, 1, 0x74743a323133),
(214, 21696, 0x3463736b396e3631657a763766347769726f396561326771303375747a777a, 1, 0x74743a323134),
(215, 278, 0x3634303030336c6d61367035333171307834636f35726b6a7a696a75657763, 1, 0x74743a323135),
(216, 26229, 0x666379376763617963696d356378336d6d3071706b6d70396337356e69326e, 1, 0x74743a323136),
(217, 1233, 0x6470763039393035786f6862366d707433726f726e6c72663966306331357a, 1, 0x74743a323137),
(218, 6639, 0x3170633439647776337069776f623339713975716879616434783178776d65, 1, 0x74743a323138),
(219, 1036, 0x73336d376c6b3333347a6d70346b706e7135356d776a763236687332716136, 1, 0x74743a323139),
(220, 5100, 0x376a77726d636b3135786c38796c6e683069337232743779716669686f7066, 1, 0x74743a323230),
(221, 900, 0x337a667137746f77736f7265666368346469666638733534726e6d34397072, 1, 0x74743a323231),
(222, 35087, 0x6c633075717678746e3977306b71733263326232743870666c376d6b677273, 1, 0x74743a323232),
(223, 17445, 0x34727a786d6965776c6834716961763967396935636268786d653163397031, 1, 0x74743a323233),
(224, 1089, 0x336967773469777a796d746c61726b787a383971693864676a306d647a6a79, 1, 0x74743a323234),
(225, 1494, 0x6931776d7330327931773034386371367574746b6131386135706a7a703633, 1, 0x74743a323235),
(226, 4180, 0x336a666730663335633862726a7a706270363735763665366e636a7736756a, 1, 0x74743a323236),
(227, 2627, 0x6b36726f696f6734693562376f7530726361736c336e657576336d36767164, 1, 0x74743a323237),
(228, 8483, 0x34356c76737172396d763931616a697965333969716d6c3736706769736b65, 1, 0x74743a323238),
(229, 6662, 0x6166666c6f6f62776e7a666b6a33336a673967767a3476366178633365396d, 1, 0x74743a323239),
(230, 5138, 0x70667035743633726e6b3839766b6d66336c7773707176736a357663736578, 1, 0x74743a323330),
(231, 1176, 0x736d6f656e33756f30386932327731367a6f70747869683437656c6f746237, 1, 0x74743a323331),
(232, 5353, 0x3936376368786873613568747333616e6d686c6134653131776831646f6c36, 1, 0x74743a323332),
(233, 416, 0x69627276666862306c7562626b3131346f7267763532396a387163647a3768, 1, 0x74743a323333),
(234, 7509, 0x677a64377532667a647537673863716b613166706962717478706c7663746d, 1, 0x74743a323334),
(235, 7509, 0x677a64377532667a647537673863716b613166706962717478706c7663746d, 1, 0x74743a323335),
(236, 8310, 0x6e6133306b726137306c34766239627a74736a7575666c3570766138787a76, 1, 0x74743a323336),
(237, 710, 0x696a33316431356161706c6139303678706f7868723364636f627132667a38, 1, 0x74743a323337),
(238, 12185, 0x36766c62636730343134737a33746c3666736c697336657a7932346d396463, 1, 0x74743a323338),
(239, 1018, 0x36717131327832656b393777326e353138777567657371756e737168373738, 1, 0x74743a323339),
(240, 1453, 0x69323031386867326938783375616a7a6468686837797a6b6b6e6c74766366, 1, 0x74743a323430),
(241, 889, 0x6e706533776d6b34716335787562306f39376c68746b7364376f3977337474, 1, 0x74743a323431),
(242, 307, 0x6e7265656133766c7275786c717a6e693139726a307a766d6170773166706b, 1, 0x74743a323432),
(243, 20007, 0x74386a6b63317374376434666a643661393638727a313571673567376b6570, 1, 0x74743a323433),
(244, 984, 0x62366c356269723133386a3066676834786b7a6d7a32397864386a3634626f, 1, 0x74743a323434),
(245, 1200, 0x74327938766432746969756e77777275706e6278396a303375707931796971, 1, 0x74743a323435),
(246, 11038, 0x6d336f756a7661656870656f73777865316f343468797332396a31797a346c, 1, 0x74743a323436),
(247, 13236, 0x37396779396f786a737a75647962796465727533373370736d686979737237, 1, 0x74743a323437),
(248, 1773, 0x7238366363333534776f3173683266736a6d316435666c3878723868337a72, 1, 0x74743a323438),
(249, 8938, 0x643061707464307764366b7678687476776931306365736b61356b65756970, 1, 0x74743a323439),
(250, 3148, 0x736c6165327362766e6e6372737138766a6575686c70676776327062676c34, 1, 0x74743a323530),
(251, 3476, 0x663237756c7a33336838633433306a6b613668316e6e65307279796a6f7437, 1, 0x74743a323531),
(252, 1470, 0x3138686533397078376a76697039697036786e756c68726837637078396f6d, 1, 0x74743a323532),
(253, 6657, 0x6b7075306879767a71313478697636366375766a6f6c776f36376377663776, 1, 0x74743a323533),
(254, 4797, 0x36376f64316b69376d38727963327a6a673365386f34616267627668366631, 1, 0x74743a323534),
(255, 2280, 0x73696669676c38697a393776326b65737035767a7769627530766939663336, 1, 0x74743a323535),
(256, 13971, 0x6230717633797466627235736137366d6864706433793667366c63646d6335, 1, 0x74743a323536),
(257, 19422, 0x69756768333531697a6a373864696e34697a7476716764326767346f673061, 1, 0x74743a323537),
(258, 2238, 0x72766d70346d35356e7367336d62306664733434323231613639367374327a, 1, 0x74743a323538),
(259, 6588, 0x737461787162696c7175306e69726164646c3071676f677432717630713172, 1, 0x74743a323539),
(260, 1766, 0x3031793163686f67393972697a366575797278717a68307439637039616938, 1, 0x74743a323630),
(261, 1971, 0x73613067397330316c307239326e787676673837363567326a683062687967, 1, 0x74743a323631),
(262, 5992, 0x6a376b79677a317935366a707a34646f71306d326336783174643564386172, 1, 0x74743a323632),
(263, 3545, 0x316f366f7a7a3536693871307867796c36786134316e3276376b656c686c69, 1, 0x74743a323633),
(264, 2569, 0x6f6a703664337063386d716c356e7566617164673537366339736f33343739, 1, 0x74743a323634),
(265, 6032, 0x31736268676a6774736a677a38696772616672733073696e69767530396e6a, 1, 0x74743a323635),
(266, 940, 0x747433766d636f65326634786e6e68706664777235773777656d3969733375, 1, 0x74743a323636),
(267, 1107, 0x326436686a72733562737372676f6c323070637278636e7575666768376a69, 1, 0x74743a323637),
(268, 17867, 0x643670616372306d7875626c7575786c6e6974756a35336663743830716e37, 1, 0x74743a323638),
(269, 3912, 0x67756e77797161687464636232387337746766747338333372726e6b357837, 1, 0x74743a323639),
(270, 2337, 0x373174746e616175756664376b7936636f65796d7571736c67706b6e706e6e, 1, 0x74743a323730),
(271, 3767, 0x61616374333373766f387278386c67666d6f663864376131676469676c776f, 1, 0x74743a323731),
(272, 1540, 0x6577623474323966736774636b6c696f6b3776647735386839776c72756f71, 1, 0x74743a323732),
(273, 307, 0x676767737635347071376639346c3375703438687239317174786e736b646d, 1, 0x74743a323733),
(274, 2207, 0x6e7334743762366a31646c713673643471336f7a6d69376c73383975713873, 1, 0x74743a323734),
(275, 1826, 0x703770673235366372396c733479363673356d6e37756e397836386f313637, 1, 0x74743a323735),
(276, 475, 0x68793131626a78747578613265617263383864736b3761776c34696a64336a, 1, 0x74743a323736),
(277, 2652, 0x683262306f637872386e36727339357072756a6f3239727863747674646634, 1, 0x74743a323737),
(278, 6848, 0x34366c68383761397876756d6761627834713871716631336371767277396b, 1, 0x74743a323738),
(279, 4086, 0x386a6761706874646f31636c6d3637327039753269777566736d756839766a, 1, 0x74743a323739),
(280, 2694, 0x34723235693573366367786e68706c65706d6965327a6a717163636c773934, 1, 0x74743a323830),
(281, 1602, 0x353830336d667138747438686274777864717a6d667a6c667475787973336b, 1, 0x74743a323831),
(282, 3613, 0x35336a3036376c6273383938626c383278327367787769316b706a3564736e, 1, 0x74743a323832),
(283, 10935, 0x397134393270367534307a6730726b66307837776f663437376f7968656171, 1, 0x74743a323833),
(284, 11021, 0x3768646874343077306f667a327567613861383731706d7a33617871336d65, 1, 0x74743a323834),
(285, 6702, 0x6177716175386366656a3475373638316e6e6a62776e326467756175327364, 1, 0x74743a323835),
(286, 247, 0x67323869336263697a79386b697a65337033656b3133333279686732396170, 1, 0x74743a323836),
(287, 2946, 0x68307332776737786e71707379647735786c3362636d656662696478697269, 1, 0x74743a323837),
(288, 28838, 0x667a7a3277703473353375633877347a35346573766a7467647a646d386873, 1, 0x74743a323838),
(289, 57416, 0x723969746f71686f7a62776a35326b72616535766c316f6878706a68356c34, 1, 0x74743a323839),
(290, 3956, 0x3078793078786c686f357330723665386d3538636f32736a30716f74707879, 1, 0x74743a323930),
(291, 5128, 0x63656a666a713232386369617933663273687664356d336e6b3070386f7474, 1, 0x74743a323931),
(292, 1894, 0x6e38726862633170757778393063366c6a3463613830376c69677271696169, 1, 0x74743a323932),
(293, 1471, 0x34637032336b627230776476766b6f70747175666934686d6b623574756e64, 1, 0x74743a323933),
(294, 1403, 0x72336e3533717a347a796373337678796f356d7339716a6f316a6d33326270, 1, 0x74743a323934),
(295, 56, 0x34777577396664366e3836756e32376d716f7837326e796776683970387167, 1, 0x74743a323935),
(296, 247, 0x67323869336263697a79386b697a65337033656b3133333279686732396170, 1, 0x74743a323936),
(297, 4939, 0x38616235716966756873617a3536306163717067316a776c7875636d753068, 1, 0x74743a323937),
(298, 1624, 0x3631766671747368646d6e64303367776f6b7274627a346c39753479617663, 1, 0x74743a323938),
(299, 3734, 0x6b34387064356c776f68716c72786e646d7476716963336734313866727938, 1, 0x74743a323939),
(300, 1091, 0x347776683869376369336e683776697a686d683837667272377a756a386137, 1, 0x74743a333030),
(301, 9870, 0x6f357066387074306f61636261707a75697835766969706a78703876753065, 1, 0x74743a333031),
(302, 1771, 0x396e3838327531396e646a62736e35326b6a66616a35373775666178347963, 1, 0x74743a333032),
(303, 3755, 0x6e6b6237326c796877736a3437377a3131326d7071343765666a7137786b63, 1, 0x74743a333033),
(304, 17566, 0x717477673938726f6634723836613079306c3871763563306b77326c30697a, 1, 0x74743a333034),
(305, 16726, 0x69333975777a7738776676346d37316e3275626f6366666469686a69763565, 1, 0x74743a333035),
(306, 15281, 0x307a367931697a3167677a636a703172686b7272686770726f737568343735, 1, 0x74743a333036),
(307, 4366, 0x70696b6a753873776e306c7037316d656733306e776b796974316267356b74, 1, 0x74743a333037),
(308, 12961, 0x6739736475746e376c626279693672387837397a386b317871343377616975, 1, 0x74743a333038),
(309, 23601, 0x39707a6967746c6435357a7075346f767869676f6d7a7763366678316f6170, 1, 0x74743a333039),
(310, 5663, 0x71637365386267376a6b3736396e736271317a7477396a32316f726c756731, 1, 0x74743a333130),
(311, 1266, 0x64617430797a797a753633356e346a653330637965663636386166726f6471, 1, 0x74743a333131),
(312, 2273, 0x376766746337743031346831646533686477726e656f327333716130336e76, 1, 0x74743a333132),
(313, 9, 0x736a3775736d78396e7a7a6a796270796f686667796d3836683474716d6474, 1, 0x74743a333133),
(314, 9, 0x736a3775736d78396e7a7a6a796270796f686667796d3836683474716d6474, 1, 0x74743a333134),
(315, 1815, 0x6c61666131316530787033323877353335313572363172326a30633571396b, 1, 0x74743a333135),
(316, 27110, 0x7168697130666b6472357337746d796b6a6877736e3674396f6c3436636435, 1, 0x74743a333136),
(317, 4042, 0x673576396f616a3065676c33386a616b697632713335676c6e69357330786f, 1, 0x74743a333137),
(318, 3688, 0x646e666275336f6c397931726e346635386170353139707761666576706771, 1, 0x74743a333138),
(319, 3621, 0x376b6c6638613177716f327a7579766566687a6c6a6a646f73717469793031, 1, 0x74743a333139),
(320, 547, 0x65663436326130397233396f7961343174356776716767326d667365797533, 1, 0x74743a333230),
(321, 68637, 0x747232646b706e396f6764723632793638786c6a366e306876346531767336, 1, 0x74743a333231),
(322, 4093, 0x70706d777938393974397067627537336f776a64696c70626e693733756b36, 1, 0x74743a333232),
(323, 37953, 0x39626b75743234743162376e7430337579776f6c6f357939306e3067706e68, 1, 0x74743a333233),
(324, 12229, 0x633865786334376f72746c75696c3439747a6131677a73333430386a313630, 1, 0x74743a333234),
(325, 40146, 0x6166737a326a373672733630726e716639783379683864366363626a6f6274, 1, 0x74743a333235),
(326, 10, 0x393032726163326a627836713467686d6c7a346b64386634616f6f376e6834, 1, 0x74743a333236),
(327, 979, 0x6433776a7470667839376d346a68336430726f6834796765366f3436337066, 1, 0x74743a333237),
(328, 1821, 0x733863326c6e6e683577763267766f62683778727337343677666738323839, 1, 0x74743a333238),
(329, 261, 0x6d776c31796a65703064363138326974697830376e396e766b716a66657166, 1, 0x74743a333239),
(330, 5150, 0x653371633531776932366879327065766b696776787973357864666d786d79, 1, 0x74743a333330),
(331, 1315, 0x746275353672766b786475356177667a79736b72747437686335676168616f, 5, 0x74743a333331),
(332, 647, 0x716e396c387a3130766d633867686c6437383034613961616666673667386f, 1, 0x74743a333332),
(333, 10054, 0x35717839747a6c756c39736572333075786a396e6261736a7439326365766e, 1, 0x74743a333333),
(334, 297, 0x367167346d6a6235756d6832737266706b786e6c623835657131313771756e, 5, 0x74743a333334),
(335, 1651, 0x706967746b39767136347973353263706f38696f74773079313477716c6872, 1, 0x74743a333335),
(336, 7895, 0x6f786f626f616261743432316b64766e77627737736f73776f776e31613078, 1, 0x74743a333336),
(337, 852, 0x7264746f6d38647776736b396934713962707179616134396c6570746e3175, 1, 0x74743a333337),
(338, 5847, 0x6c3772327466317233677776777a6764656b7061363874303439346d327475, 1, 0x74743a333338),
(339, 631, 0x6b32366d776978756165696a6973666464623073786b673832697578387634, 1, 0x74743a333339),
(340, 888, 0x6f6d6c736e687564787a366a7570747674787a376e7339376a7574627a6335, 1, 0x74743a333430),
(341, 3536, 0x336d70786b726a7736343030686e6e3137686e733965753568707577396563, 1, 0x74743a333431),
(342, 1646, 0x726932356833336c7932677739346279687a6f6d7335686a61666d73383177, 1, 0x74743a333432),
(343, 3312, 0x6839726f6f7176753637676b38316370626973776f6c34386c706d776d796d, 1, 0x74743a333433),
(344, 5972, 0x6d333961386b35676d7462673678336b32663772697a6a336a6b356f6e3230, 1, 0x74743a333434),
(345, 209066, 0x686877696c76387a746d7268773071346b706c7170713834646a71716f7170, 1, 0x74743a333435),
(346, 16454, 0x3976796b39706b353274317070347369696c63626c75616e77396d31656b7a, 1, 0x74743a333436),
(347, 104366, 0x61717366346967376261346d72303238346e686a6f396b6137796d6f687838, 1, 0x74743a333437),
(348, 65456, 0x6572796a6b6e6e796430396c796e6b7a7833646d3438353163746970757731, 1, 0x74743a333438),
(349, 73823, 0x673036763361636b6e76377631313037356c32646b7735376f6e6934316f63, 1, 0x74743a333439),
(350, 22852, 0x6c7976386f6b6e66306572787470706e6434626e3575617476697566736f72, 1, 0x74743a333530),
(351, 25047, 0x7061713469386a357374616b75687831306261363770366b32696a6d6d7267, 1, 0x74743a333531),
(352, 19334, 0x3236646236796b676f676d63346c69706e6162746f71766463316136346b72, 1, 0x74743a333532),
(353, 3482, 0x303573776c72787861756c776b67746262646d7466356174726766776d757a, 1, 0x74743a333533),
(354, 173365, 0x6766767137337237336474763039697370617a766b63326d386f7465396e37, 1, 0x74743a333534),
(355, 16812, 0x31757a377632686971626d3277676135716e69676178316437756a7932366b, 1, 0x74743a333535),
(356, 62513, 0x3839336f6e6f3167333379737764317633383275786b777937686c6b67656a, 1, 0x74743a333536),
(357, 49666, 0x6b7434333361743434326a3763717a6a7978383531747a7833313164737833, 1, 0x74743a333537),
(358, 51945, 0x31307578327a637836696167637271736965673769706768626a6176633730, 1, 0x74743a333538),
(359, 8295, 0x627576697375337370347a72697a35377835746f3862637277653376317a6d, 1, 0x74743a333539),
(360, 8324, 0x696976306e6166337a6178663574337a367a7474346e713032306569777163, 1, 0x74743a333630),
(361, 3391, 0x6477713076723878353774623736623179346270303074626d753132363534, 1, 0x74743a333631),
(362, 13893, 0x6f3632797a30616434366473766f653831637069347078343577666f793068, 1, 0x74743a333632),
(363, 25920, 0x643468386c62343866386d393364683272367a376a68346c763339366a3571, 1, 0x74743a333633),
(364, 3135, 0x6c3864776f6d6e6d756e6c6a6c6e786e66397669727a703132786872716c39, 1, 0x74743a333634),
(365, 5923, 0x6b6b69657475687965683062647833617439676376746e6176386f776e3076, 1, 0x74743a333635),
(366, 2592, 0x3172706d6d7465646c6b316164746733613377786e35713673636e30383832, 1, 0x74743a333636),
(367, 22816, 0x3237697964736677636e71337462306f6779373638723672346d3639713161, 1, 0x74743a333637),
(368, 4674, 0x66677a71737a356e78666b316670776e7775387734766d3677757179317231, 1, 0x74743a333638),
(369, 6971, 0x336a336f616968363379676f39703830366835797870736361716833787539, 1, 0x74743a333639),
(370, 6119, 0x63686936396172316274643477703678626b3375657a36736675307669706e, 1, 0x74743a333730),
(371, 1570, 0x716862747932687966386736636636617a6f767470776866337770626d6530, 1, 0x74743a333731),
(372, 21696, 0x3463736b396e3631657a763766347769726f396561326771303375747a777a, 1, 0x74743a333732),
(373, 278, 0x3634303030336c6d61367035333171307834636f35726b6a7a696a75657763, 1, 0x74743a333733),
(374, 26229, 0x666379376763617963696d356378336d6d3071706b6d70396337356e69326e, 1, 0x74743a333734),
(375, 1233, 0x6470763039393035786f6862366d707433726f726e6c72663966306331357a, 1, 0x74743a333735),
(376, 6639, 0x3170633439647776337069776f623339713975716879616434783178776d65, 1, 0x74743a333736),
(377, 1036, 0x73336d376c6b3333347a6d70346b706e7135356d776a763236687332716136, 1, 0x74743a333737),
(378, 5100, 0x376a77726d636b3135786c38796c6e683069337232743779716669686f7066, 1, 0x74743a333738),
(379, 900, 0x337a667137746f77736f7265666368346469666638733534726e6d34397072, 1, 0x74743a333739),
(380, 35087, 0x6c633075717678746e3977306b71733263326232743870666c376d6b677273, 1, 0x74743a333830),
(381, 17445, 0x34727a786d6965776c6834716961763967396935636268786d653163397031, 1, 0x74743a333831),
(382, 1089, 0x336967773469777a796d746c61726b787a383971693864676a306d647a6a79, 1, 0x74743a333832),
(383, 1494, 0x6931776d7330327931773034386371367574746b6131386135706a7a703633, 1, 0x74743a333833),
(384, 4180, 0x336a666730663335633862726a7a706270363735763665366e636a7736756a, 1, 0x74743a333834),
(385, 2627, 0x6b36726f696f6734693562376f7530726361736c336e657576336d36767164, 1, 0x74743a333835),
(386, 8483, 0x34356c76737172396d763931616a697965333969716d6c3736706769736b65, 1, 0x74743a333836),
(387, 6662, 0x6166666c6f6f62776e7a666b6a33336a673967767a3476366178633365396d, 1, 0x74743a333837),
(388, 5138, 0x70667035743633726e6b3839766b6d66336c7773707176736a357663736578, 1, 0x74743a333838),
(389, 1176, 0x736d6f656e33756f30386932327731367a6f70747869683437656c6f746237, 1, 0x74743a333839),
(390, 5353, 0x3936376368786873613568747333616e6d686c6134653131776831646f6c36, 1, 0x74743a333930),
(391, 416, 0x69627276666862306c7562626b3131346f7267763532396a387163647a3768, 1, 0x74743a333931),
(392, 7509, 0x677a64377532667a647537673863716b613166706962717478706c7663746d, 1, 0x74743a333932),
(393, 7509, 0x677a64377532667a647537673863716b613166706962717478706c7663746d, 1, 0x74743a333933),
(394, 8310, 0x6e6133306b726137306c34766239627a74736a7575666c3570766138787a76, 1, 0x74743a333934),
(395, 710, 0x696a33316431356161706c6139303678706f7868723364636f627132667a38, 1, 0x74743a333935),
(396, 12185, 0x36766c62636730343134737a33746c3666736c697336657a7932346d396463, 1, 0x74743a333936),
(397, 1018, 0x36717131327832656b393777326e353138777567657371756e737168373738, 1, 0x74743a333937),
(398, 1453, 0x69323031386867326938783375616a7a6468686837797a6b6b6e6c74766366, 1, 0x74743a333938),
(399, 889, 0x6e706533776d6b34716335787562306f39376c68746b7364376f3977337474, 1, 0x74743a333939),
(400, 307, 0x6e7265656133766c7275786c717a6e693139726a307a766d6170773166706b, 1, 0x74743a343030),
(401, 20007, 0x74386a6b63317374376434666a643661393638727a313571673567376b6570, 1, 0x74743a343031),
(402, 984, 0x62366c356269723133386a3066676834786b7a6d7a32397864386a3634626f, 1, 0x74743a343032),
(403, 1200, 0x74327938766432746969756e77777275706e6278396a303375707931796971, 1, 0x74743a343033),
(404, 11038, 0x6d336f756a7661656870656f73777865316f343468797332396a31797a346c, 1, 0x74743a343034),
(405, 13236, 0x37396779396f786a737a75647962796465727533373370736d686979737237, 1, 0x74743a343035),
(406, 1773, 0x7238366363333534776f3173683266736a6d316435666c3878723868337a72, 1, 0x74743a343036),
(407, 8938, 0x643061707464307764366b7678687476776931306365736b61356b65756970, 1, 0x74743a343037),
(408, 2721, 0x727331336d7a6d31767376706962346a743033696f70796378357274783470, 5, 0x74743a343038),
(409, 3148, 0x736c6165327362766e6e6372737138766a6575686c70676776327062676c34, 1, 0x74743a343039),
(410, 3476, 0x663237756c7a33336838633433306a6b613668316e6e65307279796a6f7437, 1, 0x74743a343130),
(411, 1470, 0x3138686533397078376a76697039697036786e756c68726837637078396f6d, 1, 0x74743a343131),
(412, 1598, 0x69307932327066386f6e65366c633468397a6272766c386d396f3135663076, 5, 0x74743a343132),
(413, 4945, 0x6e686837617532653634316837696e64696a6d3833626969377878616f6a78, 5, 0x74743a343133),
(414, 717, 0x70693135656e6b7567716e6e6c35367935726a656c6e6d6c723761646d6832, 5, 0x74743a343134),
(415, 775, 0x6762736f7a386f716f663175626c37666d38333662766d7576337673616f75, 5, 0x74743a343135),
(416, 735, 0x396768366174743369636d36377736797a336c6b68787935786863766a6f6c, 5, 0x74743a343136),
(417, 735, 0x6c667678346c61706c6e676d6e393262753333747334757a6b356271746670, 5, 0x74743a343137),
(418, 6657, 0x6b7075306879767a71313478697636366375766a6f6c776f36376377663776, 1, 0x74743a343138),
(419, 4797, 0x36376f64316b69376d38727963327a6a673365386f34616267627668366631, 1, 0x74743a343139),
(420, 2280, 0x73696669676c38697a393776326b65737035767a7769627530766939663336, 1, 0x74743a343230),
(421, 13971, 0x6230717633797466627235736137366d6864706433793667366c63646d6335, 1, 0x74743a343231),
(422, 19422, 0x69756768333531697a6a373864696e34697a7476716764326767346f673061, 1, 0x74743a343232),
(423, 2238, 0x72766d70346d35356e7367336d62306664733434323231613639367374327a, 1, 0x74743a343233),
(424, 6588, 0x737461787162696c7175306e69726164646c3071676f677432717630713172, 1, 0x74743a343234),
(425, 1766, 0x3031793163686f67393972697a366575797278717a68307439637039616938, 1, 0x74743a343235),
(426, 1971, 0x73613067397330316c307239326e787676673837363567326a683062687967, 1, 0x74743a343236),
(427, 5992, 0x6a376b79677a317935366a707a34646f71306d326336783174643564386172, 1, 0x74743a343237),
(428, 3545, 0x316f366f7a7a3536693871307867796c36786134316e3276376b656c686c69, 1, 0x74743a343238),
(429, 2569, 0x6f6a703664337063386d716c356e7566617164673537366339736f33343739, 1, 0x74743a343239),
(430, 6032, 0x31736268676a6774736a677a38696772616672733073696e69767530396e6a, 1, 0x74743a343330),
(431, 940, 0x747433766d636f65326634786e6e68706664777235773777656d3969733375, 1, 0x74743a343331),
(432, 1107, 0x326436686a72733562737372676f6c323070637278636e7575666768376a69, 1, 0x74743a343332),
(433, 17867, 0x643670616372306d7875626c7575786c6e6974756a35336663743830716e37, 1, 0x74743a343333),
(434, 3912, 0x67756e77797161687464636232387337746766747338333372726e6b357837, 1, 0x74743a343334),
(435, 2337, 0x373174746e616175756664376b7936636f65796d7571736c67706b6e706e6e, 1, 0x74743a343335),
(436, 3767, 0x61616374333373766f387278386c67666d6f663864376131676469676c776f, 1, 0x74743a343336),
(437, 1540, 0x6577623474323966736774636b6c696f6b3776647735386839776c72756f71, 1, 0x74743a343337),
(438, 307, 0x676767737635347071376639346c3375703438687239317174786e736b646d, 1, 0x74743a343338),
(439, 3454, 0x6130366165326a7070676d66786636686f637332776934656772636a626675, 5, 0x74743a343339),
(440, 2207, 0x6e7334743762366a31646c713673643471336f7a6d69376c73383975713873, 1, 0x74743a343430),
(441, 3454, 0x6130366165326a7070676d66786636686f637332776934656772636a626675, 5, 0x74743a343431),
(442, 1460, 0x64786372797263707534747174627a693369367878693836616d6861653868, 5, 0x74743a343432),
(443, 1826, 0x703770673235366372396c733479363673356d6e37756e397836386f313637, 1, 0x74743a343433),
(444, 475, 0x68793131626a78747578613265617263383864736b3761776c34696a64336a, 1, 0x74743a343434),
(445, 2652, 0x683262306f637872386e36727339357072756a6f3239727863747674646634, 1, 0x74743a343435),
(446, 6848, 0x34366c68383761397876756d6761627834713871716631336371767277396b, 1, 0x74743a343436),
(447, 4086, 0x386a6761706874646f31636c6d3637327039753269777566736d756839766a, 1, 0x74743a343437),
(448, 2694, 0x34723235693573366367786e68706c65706d6965327a6a717163636c773934, 1, 0x74743a343438),
(449, 1602, 0x353830336d667138747438686274777864717a6d667a6c667475787973336b, 1, 0x74743a343439),
(450, 3613, 0x35336a3036376c6273383938626c383278327367787769316b706a3564736e, 1, 0x74743a343530),
(451, 10935, 0x397134393270367534307a6730726b66307837776f663437376f7968656171, 1, 0x74743a343531),
(452, 11021, 0x3768646874343077306f667a327567613861383731706d7a33617871336d65, 1, 0x74743a343532),
(453, 6702, 0x6177716175386366656a3475373638316e6e6a62776e326467756175327364, 1, 0x74743a343533),
(454, 247, 0x67323869336263697a79386b697a65337033656b3133333279686732396170, 1, 0x74743a343534),
(455, 2946, 0x68307332776737786e71707379647735786c3362636d656662696478697269, 1, 0x74743a343535),
(456, 28838, 0x667a7a3277703473353375633877347a35346573766a7467647a646d386873, 1, 0x74743a343536),
(457, 57416, 0x723969746f71686f7a62776a35326b72616535766c316f6878706a68356c34, 1, 0x74743a343537),
(458, 3956, 0x3078793078786c686f357330723665386d3538636f32736a30716f74707879, 1, 0x74743a343538),
(459, 5128, 0x63656a666a713232386369617933663273687664356d336e6b3070386f7474, 1, 0x74743a343539),
(460, 1894, 0x6e38726862633170757778393063366c6a3463613830376c69677271696169, 1, 0x74743a343630),
(461, 1471, 0x34637032336b627230776476766b6f70747175666934686d6b623574756e64, 1, 0x74743a343631),
(462, 1403, 0x72336e3533717a347a796373337678796f356d7339716a6f316a6d33326270, 1, 0x74743a343632),
(463, 56, 0x34777577396664366e3836756e32376d716f7837326e796776683970387167, 1, 0x74743a343633),
(464, 247, 0x67323869336263697a79386b697a65337033656b3133333279686732396170, 1, 0x74743a343634),
(465, 4939, 0x38616235716966756873617a3536306163717067316a776c7875636d753068, 1, 0x74743a343635),
(466, 1624, 0x3631766671747368646d6e64303367776f6b7274627a346c39753479617663, 1, 0x74743a343636),
(467, 3734, 0x6b34387064356c776f68716c72786e646d7476716963336734313866727938, 1, 0x74743a343637),
(468, 1091, 0x347776683869376369336e683776697a686d683837667272377a756a386137, 1, 0x74743a343638),
(469, 9870, 0x6f357066387074306f61636261707a75697835766969706a78703876753065, 1, 0x74743a343639),
(470, 1771, 0x396e3838327531396e646a62736e35326b6a66616a35373775666178347963, 1, 0x74743a343730),
(471, 3755, 0x6e6b6237326c796877736a3437377a3131326d7071343765666a7137786b63, 1, 0x74743a343731),
(472, 17566, 0x717477673938726f6634723836613079306c3871763563306b77326c30697a, 1, 0x74743a343732),
(473, 16726, 0x69333975777a7738776676346d37316e3275626f6366666469686a69763565, 1, 0x74743a343733),
(474, 15281, 0x307a367931697a3167677a636a703172686b7272686770726f737568343735, 1, 0x74743a343734),
(475, 4366, 0x70696b6a753873776e306c7037316d656733306e776b796974316267356b74, 1, 0x74743a343735),
(476, 12961, 0x6739736475746e376c626279693672387837397a386b317871343377616975, 1, 0x74743a343736),
(477, 23601, 0x39707a6967746c6435357a7075346f767869676f6d7a7763366678316f6170, 1, 0x74743a343737),
(478, 5663, 0x71637365386267376a6b3736396e736271317a7477396a32316f726c756731, 1, 0x74743a343738),
(479, 1266, 0x64617430797a797a753633356e346a653330637965663636386166726f6471, 1, 0x74743a343739),
(480, 2273, 0x376766746337743031346831646533686477726e656f327333716130336e76, 1, 0x74743a343830),
(481, 9, 0x736a3775736d78396e7a7a6a796270796f686667796d3836683474716d6474, 1, 0x74743a343831),
(482, 9, 0x736a3775736d78396e7a7a6a796270796f686667796d3836683474716d6474, 1, 0x74743a343832),
(483, 1815, 0x6c61666131316530787033323877353335313572363172326a30633571396b, 1, 0x74743a343833),
(484, 27110, 0x7168697130666b6472357337746d796b6a6877736e3674396f6c3436636435, 1, 0x74743a343834),
(485, 4042, 0x673576396f616a3065676c33386a616b697632713335676c6e69357330786f, 1, 0x74743a343835),
(486, 3688, 0x646e666275336f6c397931726e346635386170353139707761666576706771, 1, 0x74743a343836),
(487, 3621, 0x376b6c6638613177716f327a7579766566687a6c6a6a646f73717469793031, 1, 0x74743a343837),
(488, 547, 0x65663436326130397233396f7961343174356776716767326d667365797533, 1, 0x74743a343838),
(489, 68637, 0x747232646b706e396f6764723632793638786c6a366e306876346531767336, 1, 0x74743a343839),
(490, 4093, 0x70706d777938393974397067627537336f776a64696c70626e693733756b36, 1, 0x74743a343930),
(491, 37953, 0x39626b75743234743162376e7430337579776f6c6f357939306e3067706e68, 1, 0x74743a343931),
(492, 12229, 0x633865786334376f72746c75696c3439747a6131677a73333430386a313630, 1, 0x74743a343932),
(493, 40146, 0x6166737a326a373672733630726e716639783379683864366363626a6f6274, 1, 0x74743a343933),
(494, 10, 0x393032726163326a627836713467686d6c7a346b64386634616f6f376e6834, 1, 0x74743a343934),
(495, 979, 0x6433776a7470667839376d346a68336430726f6834796765366f3436337066, 1, 0x74743a343935),
(496, 1821, 0x733863326c6e6e683577763267766f62683778727337343677666738323839, 1, 0x74743a343936),
(497, 262, 0x636968306a6b35383267677363393479343077673473307663396d377a3878, 1, 0x74743a343937),
(498, 24, 0x6f35316d3069707a6c7a37386e72736d6b767134657937776a6e3773396471, 1, 0x74743a343938);

-- --------------------------------------------------------

--
-- Table structure for table `content_models`
--

CREATE TABLE `content_models` (
  `model_id` int(11) NOT NULL,
  `model_name` varbinary(64) NOT NULL
) ENGINE=InnoDB DEFAULT CHARSET=binary;

--
-- Dumping data for table `content_models`
--

INSERT INTO `content_models` (`model_id`, `model_name`) VALUES
(5, 0x5363726962756e746f),
(3, 0x637373),
(4, 0x6a617661736372697074),
(2, 0x6a736f6e),
(1, 0x77696b6974657874);

-- --------------------------------------------------------

--
-- Table structure for table `discussiontools_items`
--

CREATE TABLE `discussiontools_items` (
  `it_id` int(10) UNSIGNED NOT NULL,
  `it_itemname` varbinary(255) NOT NULL,
  `it_timestamp` binary(14) DEFAULT NULL,
  `it_actor` bigint(20) UNSIGNED DEFAULT NULL
) ENGINE=InnoDB DEFAULT CHARSET=binary;

-- --------------------------------------------------------

--
-- Table structure for table `discussiontools_item_ids`
--

CREATE TABLE `discussiontools_item_ids` (
  `itid_id` int(10) UNSIGNED NOT NULL,
  `itid_itemid` varbinary(255) NOT NULL
) ENGINE=InnoDB DEFAULT CHARSET=binary;

-- --------------------------------------------------------

--
-- Table structure for table `discussiontools_item_pages`
--

CREATE TABLE `discussiontools_item_pages` (
  `itp_id` int(10) UNSIGNED NOT NULL,
  `itp_items_id` int(10) UNSIGNED NOT NULL,
  `itp_page_id` bigint(20) UNSIGNED NOT NULL,
  `itp_oldest_revision_id` bigint(20) UNSIGNED NOT NULL,
  `itp_newest_revision_id` bigint(20) UNSIGNED NOT NULL
) ENGINE=InnoDB DEFAULT CHARSET=binary;

-- --------------------------------------------------------

--
-- Table structure for table `discussiontools_item_revisions`
--

CREATE TABLE `discussiontools_item_revisions` (
  `itr_id` int(10) UNSIGNED NOT NULL,
  `itr_itemid_id` int(11) NOT NULL,
  `itr_revision_id` bigint(20) UNSIGNED NOT NULL,
  `itr_items_id` int(11) NOT NULL,
  `itr_parent_id` int(11) DEFAULT NULL,
  `itr_transcludedfrom` bigint(20) UNSIGNED DEFAULT NULL,
  `itr_level` tinyint(4) NOT NULL,
  `itr_headinglevel` tinyint(4) DEFAULT NULL
) ENGINE=InnoDB DEFAULT CHARSET=binary;

-- --------------------------------------------------------

--
-- Table structure for table `discussiontools_subscription`
--

CREATE TABLE `discussiontools_subscription` (
  `sub_id` int(10) UNSIGNED NOT NULL,
  `sub_item` varbinary(255) NOT NULL,
  `sub_namespace` int(11) NOT NULL DEFAULT 0,
  `sub_title` varbinary(255) NOT NULL,
  `sub_section` varbinary(255) NOT NULL,
  `sub_state` int(11) NOT NULL DEFAULT 1,
  `sub_user` int(10) UNSIGNED NOT NULL,
  `sub_created` binary(14) NOT NULL,
  `sub_notified` binary(14) DEFAULT NULL
) ENGINE=InnoDB DEFAULT CHARSET=binary;

-- --------------------------------------------------------

--
-- Table structure for table `echo_email_batch`
--

CREATE TABLE `echo_email_batch` (
  `eeb_id` int(10) UNSIGNED NOT NULL,
  `eeb_user_id` int(10) UNSIGNED NOT NULL,
  `eeb_event_priority` tinyint(3) UNSIGNED NOT NULL DEFAULT 10,
  `eeb_event_id` int(10) UNSIGNED NOT NULL,
  `eeb_event_hash` varbinary(32) NOT NULL
) ENGINE=InnoDB DEFAULT CHARSET=binary;

-- --------------------------------------------------------

--
-- Table structure for table `echo_event`
--

CREATE TABLE `echo_event` (
  `event_id` int(10) UNSIGNED NOT NULL,
  `event_type` varbinary(64) NOT NULL,
  `event_variant` varbinary(64) DEFAULT NULL,
  `event_agent_id` int(10) UNSIGNED DEFAULT NULL,
  `event_agent_ip` varbinary(39) DEFAULT NULL,
  `event_extra` blob DEFAULT NULL,
  `event_page_id` int(10) UNSIGNED DEFAULT NULL,
  `event_deleted` tinyint(3) UNSIGNED NOT NULL DEFAULT 0
) ENGINE=InnoDB DEFAULT CHARSET=binary;

--
-- Dumping data for table `echo_event`
--

INSERT INTO `echo_event` (`event_id`, `event_type`, `event_variant`, `event_agent_id`, `event_agent_ip`, `event_extra`, `event_page_id`, `event_deleted`) VALUES
(1, 0x6c6f67696e2d73756363657373, NULL, 1, NULL, 0x613a303a7b7d, NULL, 0),
(2, 0x656469742d757365722d70616765, NULL, 1, NULL, 0x613a313a7b733a353a227265766964223b693a323b7d, 2, 0),
(3, 0x7468616e6b2d796f752d65646974, NULL, 1, NULL, 0x613a323a7b733a393a2265646974436f756e74223b693a313b733a353a227265766964223b693a323b7d, 2, 0),
(4, 0x706167652d6c696e6b6564, NULL, NULL, 0x61646d696e3e41646d696e, 0x613a353a7b733a31313a227461726765742d70616765223b693a3137323b733a31373a226c696e6b2d66726f6d2d706167652d6964223b693a3137323b733a353a227265766964223b693a3531353b733a31303a22706167655f7469746c65223b733a31393a22d8b1d8a7d987d986d985d8a73ad8b1d8afd987223b733a31343a22706167655f6e616d657370616365223b693a303b7d, NULL, 0),
(5, 0x706167652d6c696e6b6564, NULL, NULL, 0x61646d696e3e41646d696e, 0x613a353a7b733a31313a227461726765742d70616765223b693a3137383b733a31373a226c696e6b2d66726f6d2d706167652d6964223b693a3137383b733a353a227265766964223b693a3533333b733a31303a22706167655f7469746c65223b733a32383a22d8a7d984daafd9883ad8b1d8afd9875fd988d8a7d8a8d8b3d8aad987223b733a31343a22706167655f6e616d657370616365223b693a303b7d, NULL, 0),
(6, 0x706167652d6c696e6b6564, NULL, NULL, 0x61646d696e3e41646d696e, 0x613a353a7b733a31313a227461726765742d70616765223b693a3137383b733a31373a226c696e6b2d66726f6d2d706167652d6964223b693a3137383b733a353a227265766964223b693a3533333b733a31303a22706167655f7469746c65223b733a33353a22275f2e2e5f6f7074696f6e732e70726f6a6563745f2e2e5f273ad8b1d8afd9873a2573223b733a31343a22706167655f6e616d657370616365223b693a303b7d, NULL, 0),
(7, 0x706167652d6c696e6b6564, NULL, NULL, 0x61646d696e3e41646d696e, 0x613a353a7b733a31313a227461726765742d70616765223b693a3137383b733a31373a226c696e6b2d66726f6d2d706167652d6964223b693a3137383b733a353a227265766964223b693a3533333b733a31303a22706167655f7469746c65223b733a393a22d8b1d8afd9873a2573223b733a31343a22706167655f6e616d657370616365223b693a303b7d, NULL, 0),
(8, 0x706167652d6c696e6b6564, NULL, NULL, 0x61646d696e3e41646d696e, 0x613a353a7b733a31313a227461726765742d70616765223b693a3137393b733a31373a226c696e6b2d66726f6d2d706167652d6964223b693a3137393b733a353a227265766964223b693a3533363b733a31303a22706167655f7469746c65223b733a31333a22275f2e2e5f6361745f2e2e5f27223b733a31343a22706167655f6e616d657370616365223b693a303b7d, NULL, 0),
(9, 0x706167652d6c696e6b6564, NULL, NULL, 0x61646d696e3e41646d696e, 0x613a353a7b733a31313a227461726765742d70616765223b693a3138323b733a31373a226c696e6b2d66726f6d2d706167652d6964223b693a3138323b733a353a227265766964223b693a3534353b733a31303a22706167655f7469746c65223b733a33333a2253696e676c652d6c65747465725f7365636f6e642d6c6576656c5f646f6d61696e223b733a31343a22706167655f6e616d657370616365223b693a303b7d, NULL, 0),
(10, 0x706167652d6c696e6b6564, NULL, NULL, 0x61646d696e3e41646d696e, 0x613a353a7b733a31313a227461726765742d70616765223b693a3138323b733a31373a226c696e6b2d66726f6d2d706167652d6964223b693a3138323b733a353a227265766964223b693a3534353b733a31303a22706167655f7469746c65223b733a383a22456e3a2f2f487573223b733a31343a22706167655f6e616d657370616365223b693a303b7d, NULL, 0),
(11, 0x706167652d6c696e6b6564, NULL, NULL, 0x61646d696e3e41646d696e, 0x613a353a7b733a31313a227461726765742d70616765223b693a3138323b733a31373a226c696e6b2d66726f6d2d706167652d6964223b693a3138323b733a353a227265766964223b693a3534353b733a31303a22706167655f7469746c65223b733a313a224c223b733a31343a22706167655f6e616d657370616365223b693a303b7d, NULL, 0),
(12, 0x706167652d6c696e6b6564, NULL, NULL, 0x61646d696e3e41646d696e, 0x613a353a7b733a31313a227461726765742d70616765223b693a3138323b733a31373a226c696e6b2d66726f6d2d706167652d6964223b693a3138323b733a353a227265766964223b693a3534353b733a31303a22706167655f7469746c65223b733a313a2244223b733a31343a22706167655f6e616d657370616365223b693a303b7d, NULL, 0),
(13, 0x706167652d6c696e6b6564, NULL, NULL, 0x61646d696e3e41646d696e, 0x613a353a7b733a31313a227461726765742d70616765223b693a3138323b733a31373a226c696e6b2d66726f6d2d706167652d6964223b693a3138323b733a353a227265766964223b693a3534353b733a31303a22706167655f7469746c65223b733a31393a224a6f686e5f536d6974685f28617574686f7229223b733a31343a22706167655f6e616d657370616365223b693a303b7d, NULL, 0),
(14, 0x706167652d6c696e6b6564, NULL, NULL, 0x61646d696e3e41646d696e, 0x613a353a7b733a31313a227461726765742d70616765223b693a3138323b733a31373a226c696e6b2d66726f6d2d706167652d6964223b693a3138323b733a353a227265766964223b693a3534353b733a31303a22706167655f7469746c65223b733a31313a22452e5f422e5f5768697465223b733a31343a22706167655f6e616d657370616365223b693a303b7d, NULL, 0),
(15, 0x706167652d6c696e6b6564, NULL, NULL, 0x61646d696e3e41646d696e, 0x613a353a7b733a31313a227461726765742d70616765223b693a3138323b733a31373a226c696e6b2d66726f6d2d706167652d6964223b693a3138323b733a353a227265766964223b693a3534353b733a31303a22706167655f7469746c65223b733a373a2257503a454c4e4f223b733a31343a22706167655f6e616d657370616365223b693a303b7d, NULL, 0),
(16, 0x706167652d6c696e6b6564, NULL, NULL, 0x61646d696e3e41646d696e, 0x613a353a7b733a31313a227461726765742d70616765223b693a3138343b733a31373a226c696e6b2d66726f6d2d706167652d6964223b693a3138343b733a353a227265766964223b693a3535313b733a31303a22706167655f7469746c65223b733a31363a225573656e65745f6e65777367726f7570223b733a31343a22706167655f6e616d657370616365223b693a303b7d, NULL, 0),
(17, 0x706167652d6c696e6b6564, NULL, NULL, 0x61646d696e3e41646d696e, 0x613a353a7b733a31313a227461726765742d70616765223b693a3138343b733a31373a226c696e6b2d66726f6d2d706167652d6964223b693a3138343b733a353a227265766964223b693a3535313b733a31303a22706167655f7469746c65223b733a313a225e223b733a31343a22706167655f6e616d657370616365223b693a303b7d, NULL, 0),
(18, 0x706167652d6c696e6b6564, NULL, NULL, 0x61646d696e3e41646d696e, 0x613a353a7b733a31313a227461726765742d70616765223b693a3138383b733a31373a226c696e6b2d66726f6d2d706167652d6964223b693a3138383b733a353a227265766964223b693a3536333b733a31303a22706167655f7469746c65223b733a313a224c223b733a31343a22706167655f6e616d657370616365223b693a303b7d, NULL, 0),
(19, 0x706167652d6c696e6b6564, NULL, NULL, 0x61646d696e3e41646d696e, 0x613a353a7b733a31313a227461726765742d70616765223b693a3138383b733a31373a226c696e6b2d66726f6d2d706167652d6964223b693a3138383b733a353a227265766964223b693a3536333b733a31303a22706167655f7469746c65223b733a31303a22272c5f6c696e6b2c5f27223b733a31343a22706167655f6e616d657370616365223b693a303b7d, NULL, 0),
(20, 0x706167652d6c696e6b6564, NULL, NULL, 0x61646d696e3e41646d696e, 0x613a353a7b733a31313a227461726765742d70616765223b693a3138383b733a31373a226c696e6b2d66726f6d2d706167652d6964223b693a3138383b733a353a227265766964223b693a3536333b733a31303a22706167655f7469746c65223b733a313a2241223b733a31343a22706167655f6e616d657370616365223b693a303b7d, NULL, 0),
(21, 0x706167652d6c696e6b6564, NULL, NULL, 0x61646d696e3e41646d696e, 0x613a353a7b733a31313a227461726765742d70616765223b693a3138383b733a31373a226c696e6b2d66726f6d2d706167652d6964223b693a3138383b733a353a227265766964223b693a3536333b733a31303a22706167655f7469746c65223b733a313a2242223b733a31343a22706167655f6e616d657370616365223b693a303b7d, NULL, 0),
(22, 0x706167652d6c696e6b6564, NULL, NULL, 0x61646d696e3e41646d696e, 0x613a353a7b733a31313a227461726765742d70616765223b693a3138383b733a31373a226c696e6b2d66726f6d2d706167652d6964223b693a3138383b733a353a227265766964223b693a3536333b733a31303a22706167655f7469746c65223b733a313a2244223b733a31343a22706167655f6e616d657370616365223b693a303b7d, NULL, 0),
(23, 0x706167652d6c696e6b6564, NULL, NULL, 0x61646d696e3e41646d696e, 0x613a353a7b733a31313a227461726765742d70616765223b693a3138383b733a31373a226c696e6b2d66726f6d2d706167652d6964223b693a3138383b733a353a227265766964223b693a3536333b733a31303a22706167655f7469746c65223b733a31343a22d9bed988d8afd985d8a7d9863a44223b733a31343a22706167655f6e616d657370616365223b693a303b7d, NULL, 0),
(24, 0x706167652d6c696e6b6564, NULL, NULL, 0x61646d696e3e41646d696e, 0x613a353a7b733a31313a227461726765742d70616765223b693a3138383b733a31373a226c696e6b2d66726f6d2d706167652d6964223b693a3138383b733a353a227265766964223b693a3536333b733a31303a22706167655f7469746c65223b733a323a225e25223b733a31343a22706167655f6e616d657370616365223b693a303b7d, NULL, 0),
(25, 0x706167652d6c696e6b6564, NULL, NULL, 0x61646d696e3e41646d696e, 0x613a353a7b733a31313a227461726765742d70616765223b693a3139313b733a31373a226c696e6b2d66726f6d2d706167652d6964223b693a3139313b733a353a227265766964223b693a3537323b733a31303a22706167655f7469746c65223b733a33333a2253696e676c652d6c65747465725f7365636f6e642d6c6576656c5f646f6d61696e223b733a31343a22706167655f6e616d657370616365223b693a303b7d, NULL, 0),
(26, 0x706167652d6c696e6b6564, NULL, NULL, 0x61646d696e3e41646d696e, 0x613a353a7b733a31313a227461726765742d70616765223b693a3139313b733a31373a226c696e6b2d66726f6d2d706167652d6964223b693a3139313b733a353a227265766964223b693a3537323b733a31303a22706167655f7469746c65223b733a383a22456e3a2f2f487573223b733a31343a22706167655f6e616d657370616365223b693a303b7d, NULL, 0),
(27, 0x706167652d6c696e6b6564, NULL, NULL, 0x61646d696e3e41646d696e, 0x613a353a7b733a31313a227461726765742d70616765223b693a3139313b733a31373a226c696e6b2d66726f6d2d706167652d6964223b693a3139313b733a353a227265766964223b693a3537323b733a31303a22706167655f7469746c65223b733a313a224c223b733a31343a22706167655f6e616d657370616365223b693a303b7d, NULL, 0),
(28, 0x706167652d6c696e6b6564, NULL, NULL, 0x61646d696e3e41646d696e, 0x613a353a7b733a31313a227461726765742d70616765223b693a3139313b733a31373a226c696e6b2d66726f6d2d706167652d6964223b693a3139313b733a353a227265766964223b693a3537323b733a31303a22706167655f7469746c65223b733a313a2244223b733a31343a22706167655f6e616d657370616365223b693a303b7d, NULL, 0),
(29, 0x706167652d6c696e6b6564, NULL, NULL, 0x61646d696e3e41646d696e, 0x613a353a7b733a31313a227461726765742d70616765223b693a3139313b733a31373a226c696e6b2d66726f6d2d706167652d6964223b693a3139313b733a353a227265766964223b693a3537323b733a31303a22706167655f7469746c65223b733a31313a22452e5f422e5f5768697465223b733a31343a22706167655f6e616d657370616365223b693a303b7d, NULL, 0),
(30, 0x706167652d6c696e6b6564, NULL, NULL, 0x61646d696e3e41646d696e, 0x613a353a7b733a31313a227461726765742d70616765223b693a3139313b733a31373a226c696e6b2d66726f6d2d706167652d6964223b693a3139313b733a353a227265766964223b693a3537323b733a31303a22706167655f7469746c65223b733a373a2257503a454c4e4f223b733a31343a22706167655f6e616d657370616365223b693a303b7d, NULL, 0),
(31, 0x706167652d6c696e6b6564, NULL, NULL, 0x61646d696e3e41646d696e, 0x613a353a7b733a31313a227461726765742d70616765223b693a3139333b733a31373a226c696e6b2d66726f6d2d706167652d6964223b693a3139333b733a353a227265766964223b693a3537383b733a31303a22706167655f7469746c65223b733a31373a22daafd8b1d988d9875fd8aed8a8d8b1db8c223b733a31343a22706167655f6e616d657370616365223b693a303b7d, NULL, 0),
(32, 0x706167652d6c696e6b6564, NULL, NULL, 0x61646d696e3e41646d696e, 0x613a353a7b733a31313a227461726765742d70616765223b693a3139333b733a31373a226c696e6b2d66726f6d2d706167652d6964223b693a3139333b733a353a227265766964223b693a3537383b733a31303a22706167655f7469746c65223b733a37343a22d8b1d8afd9873ad8b5d981d8add987e2808cd987d8a7db8c5fd8add8a7d988db8c5fd9bedb8cd988d986d8af5fd986db8cd8a7d8b2d985d986d8af5fd8a2d8a8d988d986d985d8a7d986223b733a31343a22706167655f6e616d657370616365223b693a303b7d, NULL, 0),
(33, 0x706167652d6c696e6b6564, NULL, NULL, 0x61646d696e3e41646d696e, 0x613a353a7b733a31313a227461726765742d70616765223b693a3139333b733a31373a226c696e6b2d66726f6d2d706167652d6964223b693a3139333b733a353a227265766964223b693a3537383b733a31303a22706167655f7469746c65223b733a37393a22d8b1d8afd9873ad8b5d981d8add987e2808cd987d8a7db8c5fd8add8a7d988db8c5fd9bedb8cd988d986d8af5fd986db8cd8a7d8b2d985d986d8af5fd986d8a7d985e2808cd986d988db8cd8b3db8c223b733a31343a22706167655f6e616d657370616365223b693a303b7d, NULL, 0),
(34, 0x706167652d6c696e6b6564, NULL, NULL, 0x61646d696e3e41646d696e, 0x613a353a7b733a31313a227461726765742d70616765223b693a3139333b733a31373a226c696e6b2d66726f6d2d706167652d6964223b693a3139333b733a353a227265766964223b693a3537383b733a31303a22706167655f7469746c65223b733a353a222274657874223b733a31343a22706167655f6e616d657370616365223b693a303b7d, NULL, 0),
(35, 0x706167652d6c696e6b6564, NULL, NULL, 0x61646d696e3e41646d696e, 0x613a353a7b733a31313a227461726765742d70616765223b693a3139333b733a31373a226c696e6b2d66726f6d2d706167652d6964223b693a3139333b733a353a227265766964223b693a3537383b733a31303a22706167655f7469746c65223b733a353a225465787422223b733a31343a22706167655f6e616d657370616365223b693a303b7d, NULL, 0),
(36, 0x706167652d6c696e6b6564, NULL, NULL, 0x61646d696e3e41646d696e, 0x613a353a7b733a31313a227461726765742d70616765223b693a3139333b733a31373a226c696e6b2d66726f6d2d706167652d6964223b693a3139333b733a353a227265766964223b693a3537383b733a31303a22706167655f7469746c65223b733a363a22227465787422223b733a31343a22706167655f6e616d657370616365223b693a303b7d, NULL, 0),
(37, 0x706167652d6c696e6b6564, NULL, NULL, 0x61646d696e3e41646d696e, 0x613a353a7b733a31313a227461726765742d70616765223b693a3139343b733a31373a226c696e6b2d66726f6d2d706167652d6964223b693a3139343b733a353a227265766964223b693a3538313b733a31303a22706167655f7469746c65223b733a31373a22d8b3d8a7d9845fdaa9d8a8db8cd8b3d987223b733a31343a22706167655f6e616d657370616365223b693a303b7d, NULL, 0),
(38, 0x706167652d6c696e6b6564, NULL, NULL, 0x61646d696e3e41646d696e, 0x613a353a7b733a31313a227461726765742d70616765223b693a3139383b733a31373a226c696e6b2d66726f6d2d706167652d6964223b693a3139383b733a353a227265766964223b693a3539333b733a31303a22706167655f7469746c65223b733a333a22435353223b733a31343a22706167655f6e616d657370616365223b693a303b7d, NULL, 0),
(39, 0x706167652d6c696e6b6564, NULL, NULL, 0x61646d696e3e41646d696e, 0x613a353a7b733a31313a227461726765742d70616765223b693a3139393b733a31373a226c696e6b2d66726f6d2d706167652d6964223b693a3139393b733a353a227265766964223b693a3539363b733a31303a22706167655f7469746c65223b733a313a224c223b733a31343a22706167655f6e616d657370616365223b693a303b7d, NULL, 0),
(40, 0x706167652d6c696e6b6564, NULL, NULL, 0x61646d696e3e41646d696e, 0x613a353a7b733a31313a227461726765742d70616765223b693a3139393b733a31373a226c696e6b2d66726f6d2d706167652d6964223b693a3139393b733a353a227265766964223b693a3539363b733a31303a22706167655f7469746c65223b733a31303a22272c5f6c696e6b2c5f27223b733a31343a22706167655f6e616d657370616365223b693a303b7d, NULL, 0),
(41, 0x706167652d6c696e6b6564, NULL, NULL, 0x61646d696e3e41646d696e, 0x613a353a7b733a31313a227461726765742d70616765223b693a3139393b733a31373a226c696e6b2d66726f6d2d706167652d6964223b693a3139393b733a353a227265766964223b693a3539363b733a31303a22706167655f7469746c65223b733a313a2241223b733a31343a22706167655f6e616d657370616365223b693a303b7d, NULL, 0),
(42, 0x706167652d6c696e6b6564, NULL, NULL, 0x61646d696e3e41646d696e, 0x613a353a7b733a31313a227461726765742d70616765223b693a3139393b733a31373a226c696e6b2d66726f6d2d706167652d6964223b693a3139393b733a353a227265766964223b693a3539363b733a31303a22706167655f7469746c65223b733a313a2242223b733a31343a22706167655f6e616d657370616365223b693a303b7d, NULL, 0),
(43, 0x706167652d6c696e6b6564, NULL, NULL, 0x61646d696e3e41646d696e, 0x613a353a7b733a31313a227461726765742d70616765223b693a3139393b733a31373a226c696e6b2d66726f6d2d706167652d6964223b693a3139393b733a353a227265766964223b693a3539363b733a31303a22706167655f7469746c65223b733a313a2244223b733a31343a22706167655f6e616d657370616365223b693a303b7d, NULL, 0),
(44, 0x706167652d6c696e6b6564, NULL, NULL, 0x61646d696e3e41646d696e, 0x613a353a7b733a31313a227461726765742d70616765223b693a3139393b733a31373a226c696e6b2d66726f6d2d706167652d6964223b693a3139393b733a353a227265766964223b693a3539363b733a31303a22706167655f7469746c65223b733a31343a22d9bed988d8afd985d8a7d9863a44223b733a31343a22706167655f6e616d657370616365223b693a303b7d, NULL, 0),
(45, 0x706167652d6c696e6b6564, NULL, NULL, 0x61646d696e3e41646d696e, 0x613a333a7b733a31313a227461726765742d70616765223b693a3230323b733a31373a226c696e6b2d66726f6d2d706167652d6964223b693a3230323b733a353a227265766964223b693a3630353b7d, 182, 0),
(46, 0x706167652d6c696e6b6564, NULL, NULL, 0x61646d696e3e41646d696e, 0x613a333a7b733a31313a227461726765742d70616765223b693a3230323b733a31373a226c696e6b2d66726f6d2d706167652d6964223b693a3230323b733a353a227265766964223b693a3630353b7d, 186, 0),
(47, 0x706167652d6c696e6b6564, NULL, NULL, 0x61646d696e3e41646d696e, 0x613a353a7b733a31313a227461726765742d70616765223b693a3230323b733a31373a226c696e6b2d66726f6d2d706167652d6964223b693a3230323b733a353a227265766964223b693a3630353b733a31303a22706167655f7469746c65223b733a333a22435353223b733a31343a22706167655f6e616d657370616365223b693a303b7d, NULL, 0),
(48, 0x706167652d6c696e6b6564, NULL, NULL, 0x61646d696e3e41646d696e, 0x613a353a7b733a31313a227461726765742d70616765223b693a3230393b733a31373a226c696e6b2d66726f6d2d706167652d6964223b693a3230393b733a353a227265766964223b693a3632363b733a31303a22706167655f7469746c65223b733a37363a22d8b1d8afd9873ad988db8cdaa9db8ce2808cd8afd8a7d8afd9875fd985d8aad986d8a7d982d8b65fd8a8d8b1d8a7db8c5f222e2e667269656e646c794e532e2e225fd8a7d986d8a8d8a7d8b1223b733a31343a22706167655f6e616d657370616365223b693a303b7d, NULL, 0),
(49, 0x706167652d6c696e6b6564, NULL, NULL, 0x61646d696e3e41646d696e, 0x613a353a7b733a31313a227461726765742d70616765223b693a3230393b733a31373a226c696e6b2d66726f6d2d706167652d6964223b693a3230393b733a353a227265766964223b693a3632363b733a31303a22706167655f7469746c65223b733a37363a22d8b1d8afd9873ad988db8cdaa9db8ce2808cd8afd8a7d8afd9875fd985d8aad986d8a7d982d8b65fd8a8d8b1d8a7db8c5fd986daafd8a7d8b1d8aed8a7d986d9875fd8a7d986d8a8d8a7d8b1223b733a31343a22706167655f6e616d657370616365223b693a303b7d, NULL, 0),
(50, 0x706167652d6c696e6b6564, NULL, NULL, 0x61646d696e3e41646d696e, 0x613a353a7b733a31313a227461726765742d70616765223b693a3230393b733a31373a226c696e6b2d66726f6d2d706167652d6964223b693a3230393b733a353a227265766964223b693a3632363b733a31303a22706167655f7469746c65223b733a36363a22d8b1d8afd9873ad988db8cdaa9db8ce2808cd8afd8a7d8afd9875fd985d8aad986d8a7d982d8b65fd8a8d8b1d8a7db8c5fd8b1d8afd9875fd8a7d986d8a8d8a7d8b1223b733a31343a22706167655f6e616d657370616365223b693a303b7d, NULL, 0),
(51, 0x706167652d6c696e6b6564, NULL, NULL, 0x61646d696e3e41646d696e, 0x613a353a7b733a31313a227461726765742d70616765223b693a3230393b733a31373a226c696e6b2d66726f6d2d706167652d6964223b693a3230393b733a353a227265766964223b693a3632363b733a31303a22706167655f7469746c65223b733a36303a22d8b1d8afd9873ad9bedb8cd988d986d8af5fd8a7d986d8a8d8a7d8b15fd8afd8b15fd988db8cdaa9db8ce2808cd8afd8a7d8afd9875fd8a7d8b3d8aa223b733a31343a22706167655f6e616d657370616365223b693a303b7d, NULL, 0),
(52, 0x706167652d6c696e6b6564, NULL, NULL, 0x61646d696e3e41646d696e, 0x613a353a7b733a31313a227461726765742d70616765223b693a3230393b733a31373a226c696e6b2d66726f6d2d706167652d6964223b693a3230393b733a353a227265766964223b693a3632363b733a31303a22706167655f7469746c65223b733a38323a22d8b1d8afd9873ad9bedb8cd988d986d8af5fd8a7d986d8a8d8a7d8b15fd985d8a7d986d986d8af5fd986d8a7d9855fd8b5d981d8add9875fd8aad8b9d8b1db8cd9815fd8b4d8afd987e2808cd8a7d8b3d8aa223b733a31343a22706167655f6e616d657370616365223b693a303b7d, NULL, 0),
(53, 0x706167652d6c696e6b6564, NULL, NULL, 0x61646d696e3e41646d696e, 0x613a353a7b733a31313a227461726765742d70616765223b693a3230393b733a31373a226c696e6b2d66726f6d2d706167652d6964223b693a3230393b733a353a227265766964223b693a3632363b733a31303a22706167655f7469746c65223b733a38303a22d8b1d8afd9873ad9bedb8cd988d986d8af5fd8a7d986d8a8d8a7d8b15fd8a8d987e2808cd8b5d988d8b1d8aa5fd985d8add984db8c5fd8aad8b9d8b1db8cd9815fd8b4d8afd987e2808cd8a7d8b3d8aa223b733a31343a22706167655f6e616d657370616365223b693a303b7d, NULL, 0),
(54, 0x706167652d6c696e6b6564, NULL, NULL, 0x61646d696e3e41646d696e, 0x613a353a7b733a31313a227461726765742d70616765223b693a3230393b733a31373a226c696e6b2d66726f6d2d706167652d6964223b693a3230393b733a353a227265766964223b693a3632363b733a31303a22706167655f7469746c65223b733a35333a22d8b1d8afd9873ad9bedb8cd988d986d8af5fd8a7d986d8a8d8a7d8b15fd8a7d8b25fd988db8cdaa9db8ce2808cd8afd8a7d8afd987223b733a31343a22706167655f6e616d657370616365223b693a303b7d, NULL, 0),
(55, 0x706167652d6c696e6b6564, NULL, NULL, 0x61646d696e3e41646d696e, 0x613a353a7b733a31313a227461726765742d70616765223b693a3230393b733a31373a226c696e6b2d66726f6d2d706167652d6964223b693a3230393b733a353a227265766964223b693a3632363b733a31303a22706167655f7469746c65223b733a35313a22d8b1d8afd9873ad9bedb8cd988d986d8af5fd8a7d986d8a8d8a7d8b15fd986d8a7d9855fd8b5d981d8add9875fd8a7d8b3d8aa223b733a31343a22706167655f6e616d657370616365223b693a303b7d, NULL, 0),
(56, 0x706167652d6c696e6b6564, NULL, NULL, 0x61646d696e3e41646d696e, 0x613a353a7b733a31313a227461726765742d70616765223b693a3230393b733a31373a226c696e6b2d66726f6d2d706167652d6964223b693a3230393b733a353a227265766964223b693a3632363b733a31303a22706167655f7469746c65223b733a36373a22d8b1d8afd9873ad9bedb8cd988d986d8af5fd8b1d8afd9875fd8a7d986d8a8d8a7d8b15fd8afd8b15fd988db8cdaa9db8ce2808cd8afd8a7d8afd9875fd8a7d8b3d8aa223b733a31343a22706167655f6e616d657370616365223b693a303b7d, NULL, 0),
(57, 0x706167652d6c696e6b6564, NULL, NULL, 0x61646d696e3e41646d696e, 0x613a353a7b733a31313a227461726765742d70616765223b693a3230393b733a31373a226c696e6b2d66726f6d2d706167652d6964223b693a3230393b733a353a227265766964223b693a3632363b733a31303a22706167655f7469746c65223b733a38393a22d8b1d8afd9873ad9bedb8cd988d986d8af5fd8b1d8afd9875fd8a7d986d8a8d8a7d8b15fd985d8a7d986d986d8af5fd986d8a7d9855fd8b5d981d8add9875fd8aad8b9d8b1db8cd9815fd8b4d8afd987e2808cd8a7d8b3d8aa223b733a31343a22706167655f6e616d657370616365223b693a303b7d, NULL, 0),
(58, 0x706167652d6c696e6b6564, NULL, NULL, 0x61646d696e3e41646d696e, 0x613a353a7b733a31313a227461726765742d70616765223b693a3230393b733a31373a226c696e6b2d66726f6d2d706167652d6964223b693a3230393b733a353a227265766964223b693a3632363b733a31303a22706167655f7469746c65223b733a38383a22d8b1d8afd9873ad9bedb8cd988d986d8af5fd8b1d8afd9875fd8a7d986d8a8d8a7d8b15fdaa9d9875fd8a8d9875fd8b5d988d8b1d8aa5fd985d8add984db8c5fd8aad8b9d8b1db8cd9815fd8b4d8afd9875fd8a7d8b3d8aa223b733a31343a22706167655f6e616d657370616365223b693a303b7d, NULL, 0),
(59, 0x706167652d6c696e6b6564, NULL, NULL, 0x61646d696e3e41646d696e, 0x613a353a7b733a31313a227461726765742d70616765223b693a3231313b733a31373a226c696e6b2d66726f6d2d706167652d6964223b693a3231313b733a353a227265766964223b693a3633323b733a31303a22706167655f7469746c65223b733a34343a22d8afd8b3d8aadaafd8a7d9875fd985d8aed8aad8b5d8a7d8aa5fd8acd8bad8b1d8a7d981db8cd8a7db8cdb8c223b733a31343a22706167655f6e616d657370616365223b693a303b7d, NULL, 0),
(60, 0x706167652d6c696e6b6564, NULL, NULL, 0x61646d696e3e41646d696e, 0x613a353a7b733a31313a227461726765742d70616765223b693a3231313b733a31373a226c696e6b2d66726f6d2d706167652d6964223b693a3231313b733a353a227265766964223b693a3633323b733a31303a22706167655f7469746c65223b733a34393a2248656c7065725f66756e6374696f6e2c5f757365645f696e5f646574656374696e675f444d535f666f726d617474696e67223b733a31343a22706167655f6e616d657370616365223b693a303b7d, NULL, 0),
(61, 0x706167652d6c696e6b6564, NULL, NULL, 0x61646d696e3e41646d696e, 0x613a353a7b733a31313a227461726765742d70616765223b693a3231313b733a31373a226c696e6b2d66726f6d2d706167652d6964223b693a3231313b733a353a227265766964223b693a3633323b733a31303a22706167655f7469746c65223b733a38363a22577261707065725f66756e6374696f6e5f746f5f677261625f617267732c5f7365655f4d6f64756c653a417267756d656e74735f666f725f746869735f66756e6374696f6e27735f646f63756d656e746174696f6e2e223b733a31343a22706167655f6e616d657370616365223b693a303b7d, NULL, 0),
(62, 0x706167652d6c696e6b6564, NULL, NULL, 0x61646d696e3e41646d696e, 0x613a353a7b733a31313a227461726765742d70616765223b693a3231313b733a31373a226c696e6b2d66726f6d2d706167652d6964223b693a3231313b733a353a227265766964223b693a3633323b733a31303a22706167655f7469746c65223b733a33383a2248656c7065725f66756e6374696f6e2c5f68616e646c655f6f7074696f6e616c5f617267732e223b733a31343a22706167655f6e616d657370616365223b693a303b7d, NULL, 0),
(63, 0x706167652d6c696e6b6564, NULL, NULL, 0x61646d696e3e41646d696e, 0x613a353a7b733a31313a227461726765742d70616765223b693a3231313b733a31373a226c696e6b2d66726f6d2d706167652d6964223b693a3231313b733a353a227265766964223b693a3633323b733a31303a22706167655f7469746c65223b733a34333a2248656c7065725f66756e6374696f6e2c5f636f6e766572745f646563696d616c5f746f5f64656772656573223b733a31343a22706167655f6e616d657370616365223b693a303b7d, NULL, 0),
(64, 0x706167652d6c696e6b6564, NULL, NULL, 0x61646d696e3e41646d696e, 0x613a353a7b733a31313a227461726765742d70616765223b693a3231313b733a31373a226c696e6b2d66726f6d2d706167652d6964223b693a3231313b733a353a227265766964223b693a3633323b733a31303a22706167655f7469746c65223b733a35353a2248656c7065725f66756e6374696f6e2c5f636f6e766572745f646563696d616c5f746f5f646567726565735f616e645f6d696e75746573223b733a31343a22706167655f6e616d657370616365223b693a303b7d, NULL, 0),
(65, 0x706167652d6c696e6b6564, NULL, NULL, 0x61646d696e3e41646d696e, 0x613a353a7b733a31313a227461726765742d70616765223b693a3231313b733a31373a226c696e6b2d66726f6d2d706167652d6964223b693a3231313b733a353a227265766964223b693a3633323b733a31303a22706167655f7469746c65223b733a36353a2248656c7065725f66756e6374696f6e2c5f636f6e766572745f646563696d616c5f746f5f646567726565732c5f6d696e757465732c5f616e645f7365636f6e6473223b733a31343a22706167655f6e616d657370616365223b693a303b7d, NULL, 0),
(66, 0x706167652d6c696e6b6564, NULL, NULL, 0x61646d696e3e41646d696e, 0x613a353a7b733a31313a227461726765742d70616765223b693a3231313b733a31373a226c696e6b2d66726f6d2d706167652d6964223b693a3231313b733a353a227265766964223b693a3633323b733a31303a22706167655f7469746c65223b733a36383a22d8b1d8afd9873ad8b5d981d8add987e2808cd987d8a7db8c5fd8afd8a7d8b1d8a7db8c5fd8a8d8b1da86d8b3d8a85fd985d8aed8aad8b5d8a7d8aa5fd986d8a7d982d8b5223b733a31343a22706167655f6e616d657370616365223b693a303b7d, NULL, 0),
(67, 0x706167652d6c696e6b6564, NULL, NULL, 0x61646d696e3e41646d696e, 0x613a353a7b733a31313a227461726765742d70616765223b693a3231313b733a31373a226c696e6b2d66726f6d2d706167652d6964223b693a3231313b733a353a227265766964223b693a3633323b733a31303a22706167655f7469746c65223b733a393a22d8b1d8afd9873a2573223b733a31343a22706167655f6e616d657370616365223b693a303b7d, NULL, 0),
(68, 0x706167652d6c696e6b6564, NULL, NULL, 0x61646d696e3e41646d696e, 0x613a353a7b733a31313a227461726765742d70616765223b693a3231353b733a31373a226c696e6b2d66726f6d2d706167652d6964223b693a3231353b733a353a227265766964223b693a3634343b733a31303a22706167655f7469746c65223b733a323a225e25223b733a31343a22706167655f6e616d657370616365223b693a303b7d, NULL, 0),
(69, 0x706167652d6c696e6b6564, NULL, NULL, 0x61646d696e3e41646d696e, 0x613a353a7b733a31313a227461726765742d70616765223b693a3231353b733a31373a226c696e6b2d66726f6d2d706167652d6964223b693a3231353b733a353a227265766964223b693a3634343b733a31303a22706167655f7469746c65223b733a31303a22272e2e6c696e6b2e2e27223b733a31343a22706167655f6e616d657370616365223b693a303b7d, NULL, 0),
(70, 0x706167652d6c696e6b6564, NULL, NULL, 0x61646d696e3e41646d696e, 0x613a353a7b733a31313a227461726765742d70616765223b693a3231373b733a31373a226c696e6b2d66726f6d2d706167652d6964223b693a3231373b733a353a227265766964223b693a3635303b733a31303a22706167655f7469746c65223b733a323a222573223b733a31343a22706167655f6e616d657370616365223b693a303b7d, NULL, 0),
(71, 0x706167652d6c696e6b6564, NULL, NULL, 0x61646d696e3e41646d696e, 0x613a353a7b733a31313a227461726765742d70616765223b693a3231373b733a31373a226c696e6b2d66726f6d2d706167652d6964223b693a3231373b733a353a227265766964223b693a3635303b733a31303a22706167655f7469746c65223b733a34313a22d8a7d985d8a7d985d8aae2808cd9bed8afdb8cd8a73a54656d706c6174655f746573745f6361736573223b733a31343a22706167655f6e616d657370616365223b693a303b7d, NULL, 0),
(72, 0x706167652d6c696e6b6564, NULL, NULL, 0x61646d696e3e41646d696e, 0x613a353a7b733a31313a227461726765742d70616765223b693a3231373b733a31373a226c696e6b2d66726f6d2d706167652d6964223b693a3231373b733a353a227265766964223b693a3635303b733a31303a22706167655f7469746c65223b733a333a22466f6f223b733a31343a22706167655f6e616d657370616365223b693a303b7d, NULL, 0),
(73, 0x706167652d6c696e6b6564, NULL, NULL, 0x61646d696e3e41646d696e, 0x613a353a7b733a31313a227461726765742d70616765223b693a3231373b733a31373a226c696e6b2d66726f6d2d706167652d6964223b693a3231373b733a353a227265766964223b693a3635303b733a31303a22706167655f7469746c65223b733a34343a22d8a7d985d8a7d985d8aae2808cd9bed8afdb8cd8a73a54656d706c6174655f646f63756d656e746174696f6e223b733a31343a22706167655f6e616d657370616365223b693a303b7d, NULL, 0),
(74, 0x706167652d6c696e6b6564, NULL, NULL, 0x61646d696e3e41646d696e, 0x613a353a7b733a31313a227461726765742d70616765223b693a3231373b733a31373a226c696e6b2d66726f6d2d706167652d6964223b693a3231373b733a353a227265766964223b693a3635303b733a31303a22706167655f7469746c65223b733a32353a22d8a7d985d8a7d985d8aae2808cd9bed8afdb8cd8a73a4c7561223b733a31343a22706167655f6e616d657370616365223b693a303b7d, NULL, 0),
(75, 0x706167652d6c696e6b6564, NULL, NULL, 0x61646d696e3e41646d696e, 0x613a353a7b733a31313a227461726765742d70616765223b693a3231383b733a31373a226c696e6b2d66726f6d2d706167652d6964223b693a3231383b733a353a227265766964223b693a3635333b733a31303a22706167655f7469746c65223b733a33313a22496d616d617470656469613a54656d706c6174655f746573745f6361736573223b733a31343a22706167655f6e616d657370616365223b693a303b7d, NULL, 0),
(76, 0x706167652d6c696e6b6564, NULL, NULL, 0x61646d696e3e41646d696e, 0x613a353a7b733a31313a227461726765742d70616765223b693a3231383b733a31373a226c696e6b2d66726f6d2d706167652d6964223b693a3231383b733a353a227265766964223b693a3635333b733a31303a22706167655f7469746c65223b733a33343a22496d616d617470656469613a54656d706c6174655f646f63756d656e746174696f6e223b733a31343a22706167655f6e616d657370616365223b693a303b7d, NULL, 0),
(77, 0x706167652d6c696e6b6564, NULL, NULL, 0x61646d696e3e41646d696e, 0x613a353a7b733a31313a227461726765742d70616765223b693a3231383b733a31373a226c696e6b2d66726f6d2d706167652d6964223b693a3231383b733a353a227265766964223b693a3635333b733a31303a22706167655f7469746c65223b733a31353a22496d616d617470656469613a4c7561223b733a31343a22706167655f6e616d657370616365223b693a303b7d, NULL, 0),
(78, 0x706167652d6c696e6b6564, NULL, NULL, 0x61646d696e3e41646d696e, 0x613a353a7b733a31313a227461726765742d70616765223b693a3231383b733a31373a226c696e6b2d66726f6d2d706167652d6964223b693a3231383b733a353a227265766964223b693a3635333b733a31303a22706167655f7469746c65223b733a34383a22496d616d617470656469613a56696c6c6167655f70756d705f28746563686e6963616c292f417263686976655f313137223b733a31343a22706167655f6e616d657370616365223b693a303b7d, NULL, 0),
(79, 0x706167652d6c696e6b6564, NULL, NULL, 0x61646d696e3e41646d696e, 0x613a353a7b733a31313a227461726765742d70616765223b693a3232313b733a31373a226c696e6b2d66726f6d2d706167652d6964223b693a3232313b733a353a227265766964223b693a3636323b733a31303a22706167655f7469746c65223b733a393a2257503a41435045524d223b733a31343a22706167655f6e616d657370616365223b693a303b7d, NULL, 0),
(80, 0x706167652d6c696e6b6564, NULL, NULL, 0x61646d696e3e41646d696e, 0x613a353a7b733a31313a227461726765742d70616765223b693a3232323b733a31373a226c696e6b2d66726f6d2d706167652d6964223b693a3232323b733a353a227265766964223b693a3636353b733a31303a22706167655f7469746c65223b733a323a222573223b733a31343a22706167655f6e616d657370616365223b693a303b7d, NULL, 0),
(81, 0x706167652d6c696e6b6564, NULL, NULL, 0x61646d696e3e41646d696e, 0x613a353a7b733a31313a227461726765742d70616765223b693a3232323b733a31373a226c696e6b2d66726f6d2d706167652d6964223b693a3232323b733a353a227265766964223b693a3636353b733a31303a22706167655f7469746c65223b733a31383a22d8a7d984daafd9883a46696c655f6c696e6b223b733a31343a22706167655f6e616d657370616365223b693a303b7d, NULL, 0),
(82, 0x706167652d6c696e6b6564, NULL, NULL, 0x61646d696e3e41646d696e, 0x613a353a7b733a31313a227461726765742d70616765223b693a3232343b733a31373a226c696e6b2d66726f6d2d706167652d6964223b693a3232343b733a353a227265766964223b693a3637313b733a31303a22706167655f7469746c65223b733a333a22466f6f223b733a31343a22706167655f6e616d657370616365223b693a303b7d, NULL, 0),
(83, 0x706167652d6c696e6b6564, NULL, NULL, 0x61646d696e3e41646d696e, 0x613a353a7b733a31313a227461726765742d70616765223b693a3232343b733a31373a226c696e6b2d66726f6d2d706167652d6964223b693a3232343b733a353a227265766964223b693a3637313b733a31303a22706167655f7469746c65223b733a31363a22275f2e2e5f7461726765745f2e2e5f27223b733a31343a22706167655f6e616d657370616365223b693a303b7d, NULL, 0),
(84, 0x706167652d6c696e6b6564, NULL, NULL, 0x61646d696e3e41646d696e, 0x613a353a7b733a31313a227461726765742d70616765223b693a3232343b733a31373a226c696e6b2d66726f6d2d706167652d6964223b693a3232343b733a353a227265766964223b693a3637313b733a31303a22706167655f7469746c65223b733a393a22d8b1d8afd9873a2573223b733a31343a22706167655f6e616d657370616365223b693a303b7d, NULL, 0),
(85, 0x706167652d6c696e6b6564, NULL, NULL, 0x61646d696e3e41646d696e, 0x613a353a7b733a31313a227461726765742d70616765223b693a3232343b733a31373a226c696e6b2d66726f6d2d706167652d6964223b693a3232343b733a353a227265766964223b693a3637313b733a31303a22706167655f7469746c65223b733a323a222573223b733a31343a22706167655f6e616d657370616365223b693a303b7d, NULL, 0),
(86, 0x706167652d6c696e6b6564, NULL, NULL, 0x61646d696e3e41646d696e, 0x613a353a7b733a31313a227461726765742d70616765223b693a3232353b733a31373a226c696e6b2d66726f6d2d706167652d6964223b693a3232353b733a353a227265766964223b693a3637343b733a31303a22706167655f7469746c65223b733a3132343a22d8b1d8afd9873ad8b5d981d8add987e2808cd987d8a7db8c5fdaa9d9875fd8a7d8b25fd986daafd8a7d8b1d8aed8a7d986d9875fd8a8d8a75fd9bed8a7d8b1d8a7d985d8aad8b15fd8b3d8a8daa95fd8b2db8cd8b1d986d988db8cd8b35fd8a7d8b3d8aad981d8a7d8afd9875fd985db8ce2808cdaa9d986d986d8af223b733a31343a22706167655f6e616d657370616365223b693a303b7d, NULL, 0),
(87, 0x706167652d6c696e6b6564, NULL, NULL, 0x61646d696e3e41646d696e, 0x613a353a7b733a31313a227461726765742d70616765223b693a3232353b733a31373a226c696e6b2d66726f6d2d706167652d6964223b693a3232353b733a353a227265766964223b693a3637343b733a31303a22706167655f7469746c65223b733a3132353a22d8b1d8afd9873ad8b5d981d8add987e2808cd987d8a7db8cdb8c5fdaa9d9875fd8a7d8b25fd986daafd8a7d8b1d8aed8a7d986d9875fd8a8d8a75fd9bed8a7d8b1d8a7d985d8aad8b1d987d8a7db8c5fd986d8a7d985d8b9d984d988d9855fd8a7d8b3d8aad981d8a7d8afd9875fd985db8ce2808cdaa9d986d986d8af223b733a31343a22706167655f6e616d657370616365223b693a303b7d, NULL, 0),
(88, 0x706167652d6c696e6b6564, NULL, NULL, 0x61646d696e3e41646d696e, 0x613a353a7b733a31313a227461726765742d70616765223b693a3232373b733a31373a226c696e6b2d66726f6d2d706167652d6964223b693a3232373b733a353a227265766964223b693a3638303b733a31303a22706167655f7469746c65223b733a31383a22275f2e2e5f68656c704c696e6b5f2e2e5f27223b733a31343a22706167655f6e616d657370616365223b693a303b7d, NULL, 0),
(89, 0x706167652d6c696e6b6564, NULL, NULL, 0x61646d696e3e41646d696e, 0x613a353a7b733a31313a227461726765742d70616765223b693a3232373b733a31373a226c696e6b2d66726f6d2d706167652d6964223b693a3232373b733a353a227265766964223b693a3638303b733a31303a22706167655f7469746c65223b733a353a2225733a2573223b733a31343a22706167655f6e616d657370616365223b693a303b7d, NULL, 0),
(90, 0x706167652d6c696e6b6564, NULL, NULL, 0x61646d696e3e41646d696e, 0x613a353a7b733a31313a227461726765742d70616765223b693a3232393b733a31373a226c696e6b2d66726f6d2d706167652d6964223b693a3232393b733a353a227265766964223b693a3638363b733a31303a22706167655f7469746c65223b733a313a2259223b733a31343a22706167655f6e616d657370616365223b693a303b7d, NULL, 0),
(91, 0x706167652d6c696e6b6564, NULL, NULL, 0x61646d696e3e41646d696e, 0x613a353a7b733a31313a227461726765742d70616765223b693a3233303b733a31373a226c696e6b2d66726f6d2d706167652d6964223b693a3233303b733a353a227265766964223b693a3638393b733a31303a22706167655f7469746c65223b733a313a2259223b733a31343a22706167655f6e616d657370616365223b693a303b7d, NULL, 0),
(92, 0x706167652d6c696e6b6564, NULL, NULL, 0x61646d696e3e41646d696e, 0x613a353a7b733a31313a227461726765742d70616765223b693a3233303b733a31373a226c696e6b2d66726f6d2d706167652d6964223b693a3233303b733a353a227265766964223b693a3639303b733a31303a22706167655f7469746c65223b733a34323a22d8a7d984daafd9883ad9bed8b1d8a7d8b3d8aad981d8a7d8afd9872fd8aad988d8b6db8cd8add8a7d8aa223b733a31343a22706167655f6e616d657370616365223b693a303b7d, NULL, 0),
(93, 0x706167652d6c696e6b6564, NULL, NULL, 0x61646d696e3e41646d696e, 0x613a353a7b733a31313a227461726765742d70616765223b693a3233303b733a31373a226c696e6b2d66726f6d2d706167652d6964223b693a3233303b733a353a227265766964223b693a3639303b733a31303a22706167655f7469746c65223b733a31333a2225732fd8aad985d8b1db8cd986223b733a31343a22706167655f6e616d657370616365223b693a303b7d, NULL, 0),
(94, 0x706167652d6c696e6b6564, NULL, NULL, 0x61646d696e3e41646d696e, 0x613a353a7b733a31313a227461726765742d70616765223b693a3233303b733a31373a226c696e6b2d66726f6d2d706167652d6964223b693a3233303b733a353a227265766964223b693a3639303b733a31303a22706167655f7469746c65223b733a31373a2225732fd8a2d8b2d985d8a7db8cd8b4db8c223b733a31343a22706167655f6e616d657370616365223b693a303b7d, NULL, 0),
(95, 0x706167652d6c696e6b6564, NULL, NULL, 0x61646d696e3e41646d696e, 0x613a353a7b733a31313a227461726765742d70616765223b693a3233303b733a31373a226c696e6b2d66726f6d2d706167652d6964223b693a3233303b733a353a227265766964223b693a3639303b733a31303a22706167655f7469746c65223b733a323a222573223b733a31343a22706167655f6e616d657370616365223b693a303b7d, NULL, 0),
(96, 0x706167652d6c696e6b6564, NULL, NULL, 0x61646d696e3e41646d696e, 0x613a353a7b733a31313a227461726765742d70616765223b693a3233303b733a31373a226c696e6b2d66726f6d2d706167652d6964223b693a3233303b733a353a227265766964223b693a3639303b733a31303a22706167655f7469746c65223b733a33373a22d9bed8b1d988d986d8afd9873a416d626f785f7761726e696e675f79656c6c6f772e737667223b733a31343a22706167655f6e616d657370616365223b693a303b7d, NULL, 0),
(97, 0x706167652d6c696e6b6564, NULL, NULL, 0x61646d696e3e41646d696e, 0x613a353a7b733a31313a227461726765742d70616765223b693a3233303b733a31373a226c696e6b2d66726f6d2d706167652d6964223b693a3233303b733a353a227265766964223b693a3639303b733a31303a22706167655f7469746c65223b733a33323a22d9bed8b1d988d986d8afd9873a416d626f785f696d706f7274616e742e737667223b733a31343a22706167655f6e616d657370616365223b693a303b7d, NULL, 0),
(98, 0x706167652d6c696e6b6564, NULL, NULL, 0x61646d696e3e41646d696e, 0x613a353a7b733a31313a227461726765742d70616765223b693a3233303b733a31373a226c696e6b2d66726f6d2d706167652d6964223b693a3233303b733a353a227265766964223b693a3639303b733a31303a22706167655f7469746c65223b733a33373a22d9bed8b1d988d986d8afd9873a416d626f785f7761726e696e675f6f72616e67652e737667223b733a31343a22706167655f6e616d657370616365223b693a303b7d, NULL, 0),
(99, 0x706167652d6c696e6b6564, NULL, NULL, 0x61646d696e3e41646d696e, 0x613a353a7b733a31313a227461726765742d70616765223b693a3233313b733a31373a226c696e6b2d66726f6d2d706167652d6964223b693a3233313b733a353a227265766964223b693a3639333b733a31303a22706167655f7469746c65223b733a31373a22d9bed8b1d988d986d8afd9873a25732573223b733a31343a22706167655f6e616d657370616365223b693a303b7d, NULL, 0),
(100, 0x706167652d6c696e6b6564, NULL, NULL, 0x61646d696e3e41646d696e, 0x613a353a7b733a31313a227461726765742d70616765223b693a3233373b733a31373a226c696e6b2d66726f6d2d706167652d6964223b693a3233373b733a353a227265766964223b693a3731313b733a31303a22706167655f7469746c65223b733a31323a22506861623a54313931353136223b733a31343a22706167655f6e616d657370616365223b693a303b7d, NULL, 0),
(101, 0x706167652d6c696e6b6564, NULL, NULL, 0x61646d696e3e41646d696e, 0x613a353a7b733a31313a227461726765742d70616765223b693a3233373b733a31373a226c696e6b2d66726f6d2d706167652d6964223b693a3233373b733a353a227265766964223b693a3731313b733a31303a22706167655f7469746c65223b733a3137313a22d8b1d8afd9873ad8b5d981d8add987e2808cd987d8a7db8cdb8c5fdaa9d9875fd8a7d8b25fd8a7d984daafd988d987d8a7db8c5fd8acd8b9d8a8d9875fd8a7d8b7d984d8a7d8b9d8a7d8aa5fd8a8d8a75fd8b3d984d988d984e2808cd987d8a7db8c5fd8afd8a7d8afd9875fd986d8a7d8afdb8cd8afd9875fdaafd8b1d981d8aad987e2808cd8b4d8afd9875fd8a7d8b3d8aad981d8a7d8afd9875fd985db8ce2808cdaa9d986d986d8af223b733a31343a22706167655f6e616d657370616365223b693a303b7d, NULL, 0),
(102, 0x706167652d6c696e6b6564, NULL, NULL, 0x61646d696e3e41646d696e, 0x613a353a7b733a31313a227461726765742d70616765223b693a3233373b733a31373a226c696e6b2d66726f6d2d706167652d6964223b693a3233373b733a353a227265766964223b693a3731313b733a31303a22706167655f7469746c65223b733a3135393a22d8b1d8afd9873ad8b5d981d8add987e2808cd987d8a7db8cdb8c5fdaa9d9875fd8a7d8b25fd8a7d984daafd988d987d8a7db8c5fd8acd8b9d8a8d9875fd8a7d8b7d984d8a7d8b9d8a7d8aa5fd8acd8a7d8b3d8a7d8b2db8ce2808cd8b4d8afd9875fd8a8d8a75fd9bed8a7d8b1d8a7d985d8aad8b15fd8b9d986d988d8a7d9865fd8a7d8b3d8aad981d8a7d8afd9875fd985db8ce2808cdaa9d986d986d8af223b733a31343a22706167655f6e616d657370616365223b693a303b7d, NULL, 0),
(103, 0x706167652d6c696e6b6564, NULL, NULL, 0x61646d696e3e41646d696e, 0x613a353a7b733a31313a227461726765742d70616765223b693a3233373b733a31373a226c696e6b2d66726f6d2d706167652d6964223b693a3233373b733a353a227265766964223b693a3731313b733a31303a22706167655f7469746c65223b733a3134343a22d8b1d8afd9873ad985d982d8a7d984d987e2808cd987d8a7db8cdb8c5fdaa9d9875fd8a7d8b25fd8a7d984daafd988d987d8a7db8c5fd8acd8b9d8a8d9875fd8a7d8b7d984d8a7d8b9d8a7d8aa5fd8a8d8afd988d9865fd8b1d8afdb8cd981e2808cd987d8a7db8c5fd8afd8a7d8afd9875fd8a7d8b3d8aad981d8a7d8afd9875fd985db8ce2808cdaa9d986d986d8af223b733a31343a22706167655f6e616d657370616365223b693a303b7d, NULL, 0),
(104, 0x706167652d6c696e6b6564, NULL, NULL, 0x61646d696e3e41646d696e, 0x613a353a7b733a31313a227461726765742d70616765223b693a3233383b733a31373a226c696e6b2d66726f6d2d706167652d6964223b693a3233383b733a353a227265766964223b693a3731343b733a31303a22706167655f7469746c65223b733a33343a22456e3a4d6564696157696b695f74616c6b3a436f6d6d6f6e2e6373732f746f5f646f223b733a31343a22706167655f6e616d657370616365223b693a303b7d, NULL, 0),
(105, 0x706167652d6c696e6b6564, NULL, NULL, 0x61646d696e3e41646d696e, 0x613a353a7b733a31313a227461726765742d70616765223b693a3233393b733a31373a226c696e6b2d66726f6d2d706167652d6964223b693a3233393b733a353a227265766964223b693a3731373b733a31303a22706167655f7469746c65223b733a32363a22d988db8cdaa9db8ce2808cd9bed8afdb8cd8a73ad984d988d8a2223b733a31343a22706167655f6e616d657370616365223b693a303b7d, NULL, 0),
(106, 0x706167652d6c696e6b6564, NULL, NULL, 0x61646d696e3e41646d696e, 0x613a353a7b733a31313a227461726765742d70616765223b693a3234303b733a31373a226c696e6b2d66726f6d2d706167652d6964223b693a3234303b733a353a227265766964223b693a3732303b733a31303a22706167655f7469746c65223b733a3132373a22d8b1d8afd9873ad8b5d981d8add8a7d8aadb8c5fdaa9d9875fd8a7d8b25fd8acd8b9d8a8d9875fd8a7d8b7d984d8a7d8b9d8a7d8aa5fd987d985d8b1d8a7d9875fd8aad8b5d8a7d988db8cd8b15fd8a8d986d8afd8a7d986daafd8b4d8aadb8c5fd8a7d8b3d8aad981d8a7d8afd9875fd985db8ce2808cdaa9d986d986d8af223b733a31343a22706167655f6e616d657370616365223b693a303b7d, NULL, 0),
(107, 0x706167652d6c696e6b6564, NULL, NULL, 0x61646d696e3e41646d696e, 0x613a353a7b733a31313a227461726765742d70616765223b693a3234313b733a31373a226c696e6b2d66726f6d2d706167652d6964223b693a3234313b733a353a227265766964223b693a3732333b733a31303a22706167655f7469746c65223b733a35323a22d988db8cdaa9db8ce2808cd9bed8afdb8cd8a73ad8b3d8a7d8aed8aad8a7d8b15fd8afd8b1d8ac5fd9bed8b1d988d986d8afd987223b733a31343a22706167655f6e616d657370616365223b693a303b7d, NULL, 0),
(108, 0x706167652d6c696e6b6564, NULL, NULL, 0x61646d696e3e41646d696e, 0x613a353a7b733a31313a227461726765742d70616765223b693a3234343b733a31373a226c696e6b2d66726f6d2d706167652d6964223b693a3234343b733a353a227265766964223b693a3733323b733a31303a22706167655f7469746c65223b733a32343a22d8b1d8afd9873a275f2e2e5f6361744e616d655f2e2e5f27223b733a31343a22706167655f6e616d657370616365223b693a303b7d, NULL, 0),
(109, 0x706167652d6c696e6b6564, NULL, NULL, 0x61646d696e3e41646d696e, 0x613a353a7b733a31313a227461726765742d70616765223b693a3234373b733a31373a226c696e6b2d66726f6d2d706167652d6964223b693a3234373b733a353a227265766964223b693a3734313b733a31303a22706167655f7469746c65223b733a36343a22d8b1d8afd9873ad8a7d984daafd9883ad987d985d8b1d8a7d9875fd9bed8a7d8b1d8a7d985d8aad8b1d987d8a7db8c5fd8a8d8afd8afd8a7d986d8b3d8aad987223b733a31343a22706167655f6e616d657370616365223b693a303b7d, NULL, 0),
(110, 0x706167652d6c696e6b6564, NULL, NULL, 0x61646d696e3e41646d696e, 0x613a353a7b733a31313a227461726765742d70616765223b693a3234383b733a31373a226c696e6b2d66726f6d2d706167652d6964223b693a3234383b733a353a227265766964223b693a3734343b733a31303a22706167655f7469746c65223b733a323a222573223b733a31343a22706167655f6e616d657370616365223b693a303b7d, NULL, 0),
(111, 0x706167652d6c696e6b6564, NULL, NULL, 0x61646d696e3e41646d696e, 0x613a353a7b733a31313a227461726765742d70616765223b693a3234383b733a31373a226c696e6b2d66726f6d2d706167652d6964223b693a3234383b733a353a227265766964223b693a3734343b733a31303a22706167655f7469746c65223b733a32363a22d988db8cdaa9db8ce2808cd9bed8afdb8cd8a73ad984d988d8a2223b733a31343a22706167655f6e616d657370616365223b693a303b7d, NULL, 0),
(112, 0x706167652d6c696e6b6564, NULL, NULL, 0x61646d696e3e41646d696e, 0x613a353a7b733a31313a227461726765742d70616765223b693a3234383b733a31373a226c696e6b2d66726f6d2d706167652d6964223b693a3234383b733a353a227265766964223b693a3734343b733a31303a22706167655f7469746c65223b733a33333a22d9bed8b1d988d986d8afd9873a4c75612d6c6f676f2d6e6f6c6162656c2e737667223b733a31343a22706167655f6e616d657370616365223b693a303b7d, NULL, 0),
(113, 0x706167652d6c696e6b6564, NULL, NULL, 0x61646d696e3e41646d696e, 0x613a353a7b733a31313a227461726765742d70616765223b693a3234383b733a31373a226c696e6b2d66726f6d2d706167652d6964223b693a3234383b733a353a227265766964223b693a3734343b733a31303a22706167655f7469746c65223b733a393a22d8b1d8afd9873a2573223b733a31343a22706167655f6e616d657370616365223b693a303b7d, NULL, 0),
(114, 0x706167652d6c696e6b6564, NULL, NULL, 0x61646d696e3e41646d696e, 0x613a353a7b733a31313a227461726765742d70616765223b693a3234393b733a31373a226c696e6b2d66726f6d2d706167652d6964223b693a3234393b733a353a227265766964223b693a3734373b733a31303a22706167655f7469746c65223b733a31393a22d8b1d8a7d987d986d985d8a73ad8b1d8afd987223b733a31343a22706167655f6e616d657370616365223b693a303b7d, NULL, 0),
(115, 0x706167652d6c696e6b6564, NULL, NULL, 0x61646d696e3e41646d696e, 0x613a353a7b733a31313a227461726765742d70616765223b693a3235313b733a31373a226c696e6b2d66726f6d2d706167652d6964223b693a3235313b733a353a227265766964223b693a3735333b733a31303a22706167655f7469746c65223b733a393a22d8b1d8afd9873a2573223b733a31343a22706167655f6e616d657370616365223b693a303b7d, NULL, 0),
(116, 0x706167652d6c696e6b6564, NULL, NULL, 0x61646d696e3e41646d696e, 0x613a353a7b733a31313a227461726765742d70616765223b693a3235313b733a31373a226c696e6b2d66726f6d2d706167652d6964223b693a3235313b733a353a227265766964223b693a3735333b733a31303a22706167655f7469746c65223b733a323a222573223b733a31343a22706167655f6e616d657370616365223b693a303b7d, NULL, 0),
(117, 0x706167652d6c696e6b6564, NULL, NULL, 0x61646d696e3e41646d696e, 0x613a353a7b733a31313a227461726765742d70616765223b693a3235313b733a31373a226c696e6b2d66726f6d2d706167652d6964223b693a3235313b733a353a227265766964223b693a3735333b733a31303a22706167655f7469746c65223b733a31353a22d9bed8b1d988d986d8afd9873a2573223b733a31343a22706167655f6e616d657370616365223b693a303b7d, NULL, 0),
(118, 0x706167652d6c696e6b6564, NULL, NULL, 0x61646d696e3e41646d696e, 0x613a353a7b733a31313a227461726765742d70616765223b693a3235313b733a31373a226c696e6b2d66726f6d2d706167652d6964223b693a3235313b733a353a227265766964223b693a3735333b733a31303a22706167655f7469746c65223b733a31313a22d8a7d984daafd9883a2573223b733a31343a22706167655f6e616d657370616365223b693a303b7d, NULL, 0),
(119, 0x706167652d6c696e6b6564, NULL, NULL, 0x61646d696e3e41646d696e, 0x613a353a7b733a31313a227461726765742d70616765223b693a3235333b733a31373a226c696e6b2d66726f6d2d706167652d6964223b693a3235333b733a353a227265766964223b693a3735393b733a31303a22706167655f7469746c65223b733a34353a22d8b1d8a7d987d986d985d8a73ad8add8b0d9815fd8a7d984daafd988db8c5fd986daafd987d8afd8a7d8b1db8c223b733a31343a22706167655f6e616d657370616365223b693a303b7d, NULL, 0),
(120, 0x706167652d6c696e6b6564, NULL, NULL, 0x61646d696e3e41646d696e, 0x613a353a7b733a31313a227461726765742d70616765223b693a3235393b733a31373a226c696e6b2d66726f6d2d706167652d6964223b693a3235393b733a353a227265766964223b693a3737373b733a31303a22706167655f7469746c65223b733a343a22272c5f27223b733a31343a22706167655f6e616d657370616365223b693a303b7d, NULL, 0),
(121, 0x706167652d6c696e6b6564, NULL, NULL, 0x61646d696e3e41646d696e, 0x613a353a7b733a31313a227461726765742d70616765223b693a3236323b733a31373a226c696e6b2d66726f6d2d706167652d6964223b693a3236323b733a353a227265766964223b693a3738363b733a31303a22706167655f7469746c65223b733a31323a22506861623a54333033333738223b733a31343a22706167655f6e616d657370616365223b693a303b7d, NULL, 0),
(122, 0x706167652d6c696e6b6564, NULL, NULL, 0x61646d696e3e41646d696e, 0x613a353a7b733a31313a227461726765742d70616765223b693a3236323b733a31373a226c696e6b2d66726f6d2d706167652d6964223b693a3236323b733a353a227265766964223b693a3738363b733a31303a22706167655f7469746c65223b733a32303a22d8b1d8afd9873a275f2e2e5f6361745f2e2e5f27223b733a31343a22706167655f6e616d657370616365223b693a303b7d, NULL, 0),
(123, 0x706167652d6c696e6b6564, NULL, NULL, 0x61646d696e3e41646d696e, 0x613a353a7b733a31313a227461726765742d70616765223b693a3236333b733a31373a226c696e6b2d66726f6d2d706167652d6964223b693a3236333b733a353a227265766964223b693a3738393b733a31303a22706167655f7469746c65223b733a34363a22d8b1d8afd9873ad8acd8b9d8a8d987e2808cd987d8a7db8c5fd986d8a7d988d8a8d8b1db8c5fdb8cd8aadb8cd985223b733a31343a22706167655f6e616d657370616365223b693a303b7d, NULL, 0),
(124, 0x706167652d6c696e6b6564, NULL, NULL, 0x61646d696e3e41646d696e, 0x613a353a7b733a31313a227461726765742d70616765223b693a3236363b733a31373a226c696e6b2d66726f6d2d706167652d6964223b693a3236363b733a353a227265766964223b693a3739383b733a31303a22706167655f7469746c65223b733a34383a22d8b1d8afd9873ad8a7d984daafd9883ad986d8a7d988d8a8d8b1db8c5fd8a8d8afd988d9865fd985d8add8aad988d8a7223b733a31343a22706167655f6e616d657370616365223b693a303b7d, NULL, 0),
(125, 0x706167652d6c696e6b6564, NULL, NULL, 0x61646d696e3e41646d696e, 0x613a353a7b733a31313a227461726765742d70616765223b693a3237313b733a31373a226c696e6b2d66726f6d2d706167652d6964223b693a3237313b733a353a227265766964223b693a3831333b733a31303a22706167655f7469746c65223b733a353a2225733a2573223b733a31343a22706167655f6e616d657370616365223b693a303b7d, NULL, 0);
INSERT INTO `echo_event` (`event_id`, `event_type`, `event_variant`, `event_agent_id`, `event_agent_ip`, `event_extra`, `event_page_id`, `event_deleted`) VALUES
(126, 0x706167652d6c696e6b6564, NULL, NULL, 0x61646d696e3e41646d696e, 0x613a353a7b733a31313a227461726765742d70616765223b693a3237363b733a31373a226c696e6b2d66726f6d2d706167652d6964223b693a3237363b733a353a227265766964223b693a3832383b733a31303a22706167655f7469746c65223b733a33303a22d8a7d984daafd9883a496e666f626f785f706572736f6e2f686569676874223b733a31343a22706167655f6e616d657370616365223b693a303b7d, NULL, 0),
(127, 0x706167652d6c696e6b6564, NULL, NULL, 0x61646d696e3e41646d696e, 0x613a353a7b733a31313a227461726765742d70616765223b693a3237363b733a31373a226c696e6b2d66726f6d2d706167652d6964223b693a3237363b733a353a227265766964223b693a3832383b733a31303a22706167655f7469746c65223b733a383a22d8a7db8cd986da86223b733a31343a22706167655f6e616d657370616365223b693a303b7d, NULL, 0),
(128, 0x706167652d6c696e6b6564, NULL, NULL, 0x61646d696e3e41646d696e, 0x613a353a7b733a31313a227461726765742d70616765223b693a3237363b733a31373a226c696e6b2d66726f6d2d706167652d6964223b693a3237363b733a353a227265766964223b693a3832383b733a31303a22706167655f7469746c65223b733a31393a22d8b3d8a7d986d8aadb8ce2808cd985d8aad8b1223b733a31343a22706167655f6e616d657370616365223b693a303b7d, NULL, 0),
(129, 0x706167652d6c696e6b6564, NULL, NULL, 0x61646d696e3e41646d696e, 0x613a353a7b733a31313a227461726765742d70616765223b693a3237363b733a31373a226c696e6b2d66726f6d2d706167652d6964223b693a3237363b733a353a227265766964223b693a3832383b733a31303a22706167655f7469746c65223b733a363a22d985d8aad8b1223b733a31343a22706167655f6e616d657370616365223b693a303b7d, NULL, 0),
(130, 0x706167652d6c696e6b6564, NULL, NULL, 0x61646d696e3e41646d696e, 0x613a353a7b733a31313a227461726765742d70616765223b693a3237373b733a31373a226c696e6b2d66726f6d2d706167652d6964223b693a3237373b733a353a227265766964223b693a3833313b733a31303a22706167655f7469746c65223b733a35303a22d8b1d8afd9873ad8a7d984daafd9883ad8afd8b1daafd8a7d9875fd8a8d8afd988d9865fd9bed8a7d8b1d8a7d985d8aad8b1223b733a31343a22706167655f6e616d657370616365223b693a303b7d, NULL, 0),
(131, 0x706167652d6c696e6b6564, NULL, NULL, 0x61646d696e3e41646d696e, 0x613a353a7b733a31313a227461726765742d70616765223b693a3237373b733a31373a226c696e6b2d66726f6d2d706167652d6964223b693a3237373b733a353a227265766964223b693a3833313b733a31303a22706167655f7469746c65223b733a31333a22d8afd8b1daafd8a7d9873a2573223b733a31343a22706167655f6e616d657370616365223b693a303b7d, NULL, 0),
(132, 0x706167652d6c696e6b6564, NULL, NULL, 0x61646d696e3e41646d696e, 0x613a353a7b733a31313a227461726765742d70616765223b693a3238303b733a31373a226c696e6b2d66726f6d2d706167652d6964223b693a3238303b733a353a227265766964223b693a3834313b733a31303a22706167655f7469746c65223b733a31333a22d8afd8b1daafd8a7d9873a2573223b733a31343a22706167655f6e616d657370616365223b693a303b7d, NULL, 0),
(133, 0x706167652d6c696e6b6564, NULL, NULL, 0x61646d696e3e41646d696e, 0x613a353a7b733a31313a227461726765742d70616765223b693a3238313b733a31373a226c696e6b2d66726f6d2d706167652d6964223b693a3238313b733a353a227265766964223b693a3834343b733a31303a22706167655f7469746c65223b733a353a2225733a2573223b733a31343a22706167655f6e616d657370616365223b693a303b7d, NULL, 0),
(134, 0x706167652d6c696e6b6564, NULL, NULL, 0x61646d696e3e41646d696e, 0x613a353a7b733a31313a227461726765742d70616765223b693a3238323b733a31373a226c696e6b2d66726f6d2d706167652d6964223b693a3238323b733a353a227265766964223b693a3834373b733a31303a22706167655f7469746c65223b733a32373a22456e3a57696b6970656469613a4f66666963655f616374696f6e73223b733a31343a22706167655f6e616d657370616365223b693a303b7d, NULL, 0),
(135, 0x706167652d6c696e6b6564, NULL, NULL, 0x61646d696e3e41646d696e, 0x613a353a7b733a31313a227461726765742d70616765223b693a3238323b733a31373a226c696e6b2d66726f6d2d706167652d6964223b693a3238323b733a353a227265766964223b693a3834373b733a31303a22706167655f7469746c65223b733a353a2225733a2573223b733a31343a22706167655f6e616d657370616365223b693a303b7d, NULL, 0),
(136, 0x706167652d6c696e6b6564, NULL, NULL, 0x61646d696e3e41646d696e, 0x613a353a7b733a31313a227461726765742d70616765223b693a3238323b733a31373a226c696e6b2d66726f6d2d706167652d6964223b693a3238323b733a353a227265766964223b693a3834373b733a31303a22706167655f7469746c65223b733a33393a22d988db8cdaa9db8ce2808cd9bed8afdb8cd8a73ad987db8cd8a6d8aa5fd8afd8a7d988d8b1db8c223b733a31343a22706167655f6e616d657370616365223b693a303b7d, NULL, 0),
(137, 0x706167652d6c696e6b6564, NULL, NULL, 0x61646d696e3e41646d696e, 0x613a353a7b733a31313a227461726765742d70616765223b693a3238323b733a31373a226c696e6b2d66726f6d2d706167652d6964223b693a3238323b733a353a227265766964223b693a3834373b733a31303a22706167655f7469746c65223b733a31393a22d8b5d981d8add987d9945fd8a7d8b5d984db8c223b733a31343a22706167655f6e616d657370616365223b693a303b7d, NULL, 0),
(138, 0x706167652d6c696e6b6564, NULL, NULL, 0x61646d696e3e41646d696e, 0x613a353a7b733a31313a227461726765742d70616765223b693a3238323b733a31373a226c696e6b2d66726f6d2d706167652d6964223b693a3238323b733a353a227265766964223b693a3834373b733a31303a22706167655f7469746c65223b733a32333a22d8b1d8a7d987d986d985d8a73ad8add981d8a7d8b8d8aa223b733a31343a22706167655f6e616d657370616365223b693a303b7d, NULL, 0),
(139, 0x706167652d6c696e6b6564, NULL, NULL, 0x61646d696e3e41646d696e, 0x613a353a7b733a31313a227461726765742d70616765223b693a3238323b733a31373a226c696e6b2d66726f6d2d706167652d6964223b693a3238323b733a353a227265766964223b693a3834373b733a31303a22706167655f7469746c65223b733a31383a22d988d9be3ad8a8db8ce2808cd8b7d8b1d981223b733a31343a22706167655f6e616d657370616365223b693a303b7d, NULL, 0),
(140, 0x706167652d6c696e6b6564, NULL, NULL, 0x61646d696e3e41646d696e, 0x613a353a7b733a31313a227461726765742d70616765223b693a3238323b733a31373a226c696e6b2d66726f6d2d706167652d6964223b693a3238323b733a353a227265766964223b693a3834373b733a31303a22706167655f7469746c65223b733a31353a22d988d9be3ad8aad8a3db8cdb8cd8af223b733a31343a22706167655f6e616d657370616365223b693a303b7d, NULL, 0),
(141, 0x706167652d6c696e6b6564, NULL, NULL, 0x61646d696e3e41646d696e, 0x613a353a7b733a31313a227461726765742d70616765223b693a3238323b733a31373a226c696e6b2d66726f6d2d706167652d6964223b693a3238323b733a353a227265766964223b693a3834373b733a31303a22706167655f7469746c65223b733a33393a22d988db8cdaa9db8ce2808cd9bed8afdb8cd8a73ad982d8b7d8b95fd8afd8b3d8aad8b1d8b3db8c223b733a31343a22706167655f6e616d657370616365223b693a303b7d, NULL, 0),
(142, 0x706167652d6c696e6b6564, NULL, NULL, 0x61646d696e3e41646d696e, 0x613a353a7b733a31313a227461726765742d70616765223b693a3238323b733a31373a226c696e6b2d66726f6d2d706167652d6964223b693a3238323b733a353a227265766964223b693a3834373b733a31303a22706167655f7469746c65223b733a33393a22d988db8cdaa9db8ce2808cd9bed8afdb8cd8a73ad8add8b3d8a7d8a85fd8b2d8a7d9bed8a7d8b3223b733a31343a22706167655f6e616d657370616365223b693a303b7d, NULL, 0),
(143, 0x706167652d6c696e6b6564, NULL, NULL, 0x61646d696e3e41646d696e, 0x613a353a7b733a31313a227461726765742d70616765223b693a3238323b733a31373a226c696e6b2d66726f6d2d706167652d6964223b693a3238323b733a353a227265766964223b693a3834373b733a31303a22706167655f7469746c65223b733a34313a22d988db8cdaa9db8ce2808cd9bed8afdb8cd8a73ad8b3db8cd8a7d8b3d8aa5fd8aad8add8b1db8cd985223b733a31343a22706167655f6e616d657370616365223b693a303b7d, NULL, 0),
(144, 0x706167652d6c696e6b6564, NULL, NULL, 0x61646d696e3e41646d696e, 0x613a353a7b733a31313a227461726765742d70616765223b693a3238323b733a31373a226c696e6b2d66726f6d2d706167652d6964223b693a3238323b733a353a227265766964223b693a3834373b733a31303a22706167655f7469746c65223b733a34333a22d988db8cdaa9db8ce2808cd9bed8afdb8cd8a73ad8a7d984daafd988d987d8a7db8c5fd8add8b3d8a7d8b3223b733a31343a22706167655f6e616d657370616365223b693a303b7d, NULL, 0),
(145, 0x706167652d6c696e6b6564, NULL, NULL, 0x61646d696e3e41646d696e, 0x613a353a7b733a31313a227461726765742d70616765223b693a3238333b733a31373a226c696e6b2d66726f6d2d706167652d6964223b693a3238333b733a353a227265766964223b693a3835303b733a31303a22706167655f7469746c65223b733a393a22d8b1d8afd9873a2573223b733a31343a22706167655f6e616d657370616365223b693a303b7d, NULL, 0),
(146, 0x706167652d6c696e6b6564, NULL, NULL, 0x61646d696e3e41646d696e, 0x613a353a7b733a31313a227461726765742d70616765223b693a3238343b733a31373a226c696e6b2d66726f6d2d706167652d6964223b693a3238343b733a353a227265766964223b693a3835333b733a31303a22706167655f7469746c65223b733a34313a22d988db8cdaa9db8ce2808cd9bed8afdb8cd8a73ad985d982d8a7d984d9875fda86db8cd8b3d8aad89f223b733a31343a22706167655f6e616d657370616365223b693a303b7d, NULL, 0),
(147, 0x706167652d6c696e6b6564, NULL, NULL, 0x61646d696e3e41646d696e, 0x613a353a7b733a31313a227461726765742d70616765223b693a3238343b733a31373a226c696e6b2d66726f6d2d706167652d6964223b693a3238343b733a353a227265766964223b693a3835333b733a31303a22706167655f7469746c65223b733a34383a22d988db8cdaa9db8ce2808cd9bed8afdb8cd8a73ad981d8b6d8a7db8c5fd986d8a7d9855fd8b1d8a7d987d986d985d8a7223b733a31343a22706167655f6e616d657370616365223b693a303b7d, NULL, 0),
(148, 0x706167652d6c696e6b6564, NULL, NULL, 0x61646d696e3e41646d696e, 0x613a353a7b733a31313a227461726765742d70616765223b693a3238343b733a31373a226c696e6b2d66726f6d2d706167652d6964223b693a3238343b733a353a227265766964223b693a3835333b733a31303a22706167655f7469746c65223b733a33303a22d988db8cdaa9db8ce2808cd9bed8afdb8cd8a73ad8afd8b1daafd8a7d987223b733a31343a22706167655f6e616d657370616365223b693a303b7d, NULL, 0),
(149, 0x706167652d6c696e6b6564, NULL, NULL, 0x61646d696e3e41646d696e, 0x613a353a7b733a31313a227461726765742d70616765223b693a3238343b733a31373a226c696e6b2d66726f6d2d706167652d6964223b693a3238343b733a353a227265766964223b693a3835333b733a31303a22706167655f7469746c65223b733a32383a22d8b1d8a7d987d986d985d8a73ad8b5d981d8add9875fd8a8d8add8ab223b733a31343a22706167655f6e616d657370616365223b693a303b7d, NULL, 0),
(150, 0x706167652d6c696e6b6564, NULL, NULL, 0x61646d696e3e41646d696e, 0x613a353a7b733a31313a227461726765742d70616765223b693a3238343b733a31373a226c696e6b2d66726f6d2d706167652d6964223b693a3238343b733a353a227265766964223b693a3835333b733a31303a22706167655f7469746c65223b733a34343a22d988db8cdaa9db8ce2808cd9bed8afdb8cd8a73ad981d8b6d8a7db8c5fd986d8a7d9855fd8a7d984daafd988223b733a31343a22706167655f6e616d657370616365223b693a303b7d, NULL, 0),
(151, 0x706167652d6c696e6b6564, NULL, NULL, 0x61646d696e3e41646d696e, 0x613a353a7b733a31313a227461726765742d70616765223b693a3238343b733a31373a226c696e6b2d66726f6d2d706167652d6964223b693a3238343b733a353a227265766964223b693a3835333b733a31303a22706167655f7469746c65223b733a35353a22d988db8cdaa9db8ce2808cd9bed8afdb8cd8a73ad981d8b6d8a7db8c5fd986d8a7d9855fd988db8cdaa9db8ce2808cd9bed8afdb8cd8a7223b733a31343a22706167655f6e616d657370616365223b693a303b7d, NULL, 0),
(152, 0x706167652d6c696e6b6564, NULL, NULL, 0x61646d696e3e41646d696e, 0x613a353a7b733a31313a227461726765742d70616765223b693a3238343b733a31373a226c696e6b2d66726f6d2d706167652d6964223b693a3238343b733a353a227265766964223b693a3835333b733a31303a22706167655f7469746c65223b733a33373a22d988db8cdaa9db8ce2808cd9bed8afdb8cd8a73ad8b1d8afd987e2808cd8a8d986d8afdb8c223b733a31343a22706167655f6e616d657370616365223b693a303b7d, NULL, 0),
(153, 0x706167652d6c696e6b6564, NULL, NULL, 0x61646d696e3e41646d696e, 0x613a353a7b733a31313a227461726765742d70616765223b693a3238343b733a31373a226c696e6b2d66726f6d2d706167652d6964223b693a3238343b733a353a227265766964223b693a3835333b733a31303a22706167655f7469746c65223b733a35303a22d988db8cdaa9db8ce2808cd9bed8afdb8cd8a73ad8b5d981d8add987e2808cd987d8a7db8c5fdaa9d8a7d8b1d8a8d8b1db8c223b733a31343a22706167655f6e616d657370616365223b693a303b7d, NULL, 0),
(154, 0x706167652d6c696e6b6564, NULL, NULL, 0x61646d696e3e41646d696e, 0x613a353a7b733a31313a227461726765742d70616765223b693a3238343b733a31373a226c696e6b2d66726f6d2d706167652d6964223b693a3238343b733a353a227265766964223b693a3835333b733a31303a22706167655f7469746c65223b733a393a22d8b1d8afd9873a2573223b733a31343a22706167655f6e616d657370616365223b693a303b7d, NULL, 0),
(155, 0x706167652d6c696e6b6564, NULL, NULL, 0x61646d696e3e41646d696e, 0x613a353a7b733a31313a227461726765742d70616765223b693a3238343b733a31373a226c696e6b2d66726f6d2d706167652d6964223b693a3238343b733a353a227265766964223b693a3835333b733a31303a22706167655f7469746c65223b733a34373a22d8b1d8afd9873ad8aad8badb8cdb8cd8b1d985d8b3db8cd8b1d987d8a7db8c5fd982d8a7d8a8d9845fda86d8a7d9be223b733a31343a22706167655f6e616d657370616365223b693a303b7d, NULL, 0),
(156, 0x706167652d6c696e6b6564, NULL, NULL, 0x61646d696e3e41646d696e, 0x613a353a7b733a31313a227461726765742d70616765223b693a3238353b733a31373a226c696e6b2d66726f6d2d706167652d6964223b693a3238353b733a353a227265766964223b693a3835363b733a31303a22706167655f7469746c65223b733a32323a22d8a7d984daafd9883ad9bed8a7d8b3d8ae5fd8a8d987223b733a31343a22706167655f6e616d657370616365223b693a303b7d, NULL, 0),
(157, 0x706167652d6c696e6b6564, NULL, NULL, 0x61646d696e3e41646d696e, 0x613a353a7b733a31313a227461726765742d70616765223b693a3238353b733a31373a226c696e6b2d66726f6d2d706167652d6964223b693a3238353b733a353a227265766964223b693a3835363b733a31303a22706167655f7469746c65223b733a31333a22daa9d8a7d8b1d8a8d8b13a2573223b733a31343a22706167655f6e616d657370616365223b693a303b7d, NULL, 0),
(158, 0x706167652d6c696e6b6564, NULL, NULL, 0x61646d696e3e41646d696e, 0x613a333a7b733a31313a227461726765742d70616765223b693a3238383b733a31373a226c696e6b2d66726f6d2d706167652d6964223b693a3238383b733a353a227265766964223b693a3836353b7d, 289, 0),
(159, 0x706167652d6c696e6b6564, NULL, NULL, 0x61646d696e3e41646d696e, 0x613a353a7b733a31313a227461726765742d70616765223b693a3239303b733a31373a226c696e6b2d66726f6d2d706167652d6964223b693a3239303b733a353a227265766964223b693a3837313b733a31303a22706167655f7469746c65223b733a353a2225733a2573223b733a31343a22706167655f6e616d657370616365223b693a303b7d, NULL, 0),
(160, 0x706167652d6c696e6b6564, NULL, NULL, 0x61646d696e3e41646d696e, 0x613a353a7b733a31313a227461726765742d70616765223b693a3239303b733a31373a226c696e6b2d66726f6d2d706167652d6964223b693a3239303b733a353a227265766964223b693a3837313b733a31303a22706167655f7469746c65223b733a323a222573223b733a31343a22706167655f6e616d657370616365223b693a303b7d, NULL, 0),
(161, 0x706167652d6c696e6b6564, NULL, NULL, 0x61646d696e3e41646d696e, 0x613a353a7b733a31313a227461726765742d70616765223b693a3239313b733a31373a226c696e6b2d66726f6d2d706167652d6964223b693a3239313b733a353a227265766964223b693a3837343b733a31303a22706167655f7469746c65223b733a33323a22d988db8cdaa9db8ce2808cd9bed8afdb8cd8a73ad985db8cd8a7d986d8a8d8b1223b733a31343a22706167655f6e616d657370616365223b693a303b7d, NULL, 0),
(162, 0x706167652d6c696e6b6564, NULL, NULL, 0x61646d696e3e41646d696e, 0x613a353a7b733a31313a227461726765742d70616765223b693a3239313b733a31373a226c696e6b2d66726f6d2d706167652d6964223b693a3239313b733a353a227265766964223b693a3837343b733a31303a22706167655f7469746c65223b733a33383a22d988db8cdaa9db8ce2808cd9bed8afdb8cd8a73ad8aad8badb8cdb8cd8b1d985d8b3db8cd8b1223b733a31343a22706167655f6e616d657370616365223b693a303b7d, NULL, 0),
(163, 0x706167652d6c696e6b6564, NULL, NULL, 0x61646d696e3e41646d696e, 0x613a353a7b733a31313a227461726765742d70616765223b693a3239343b733a31373a226c696e6b2d66726f6d2d706167652d6964223b693a3239343b733a353a227265766964223b693a3838333b733a31303a22706167655f7469746c65223b733a32393a224d6574613a48656c703a4e65776c696e65735f616e645f737061636573223b733a31343a22706167655f6e616d657370616365223b693a303b7d, NULL, 0),
(164, 0x706167652d6c696e6b6564, NULL, NULL, 0x61646d696e3e41646d696e, 0x613a353a7b733a31313a227461726765742d70616765223b693a3239353b733a31373a226c696e6b2d66726f6d2d706167652d6964223b693a3239353b733a353a227265766964223b693a3838363b733a31303a22706167655f7469746c65223b733a3131383a22d8b1d8afd9873ad8b5d981d8add987e2808cd987d8a7db8cdb8c5fdaa9d9875fd8a7d8b25fd986d988d8a7d8b15fdaa9d986d8a7d8b1db8c5fd8a8d8a75fd9bed8a7d8b1d8a7d985d8aad8b15fd981d8b1d8b2d986d8af5fd8a7d8b3d8aad981d8a7d8afd9875fd985db8ce2808cdaa9d986d986d8af223b733a31343a22706167655f6e616d657370616365223b693a303b7d, NULL, 0),
(165, 0x706167652d6c696e6b6564, NULL, NULL, 0x61646d696e3e41646d696e, 0x613a353a7b733a31313a227461726765742d70616765223b693a3239353b733a31373a226c696e6b2d66726f6d2d706167652d6964223b693a3239353b733a353a227265766964223b693a3838363b733a31303a22706167655f7469746c65223b733a37303a22d8b1d8afd9873ad986d988d8a7d8b1d987d8a7db8c5fdaa9d986d8a7d8b1db8c5fd8a8d8a75fd8b3d8a8daa95fd986db8cd8a7d8b2d985d986d8af5fd8aad8a8d8afdb8cd984223b733a31343a22706167655f6e616d657370616365223b693a303b7d, NULL, 0),
(166, 0x706167652d6c696e6b6564, NULL, NULL, 0x61646d696e3e41646d696e, 0x613a353a7b733a31313a227461726765742d70616765223b693a3239363b733a31373a226c696e6b2d66726f6d2d706167652d6964223b693a3239363b733a353a227265766964223b693a3838393b733a31303a22706167655f7469746c65223b733a31323a22506861623a54313131353635223b733a31343a22706167655f6e616d657370616365223b693a303b7d, NULL, 0),
(167, 0x706167652d6c696e6b6564, NULL, NULL, 0x61646d696e3e41646d696e, 0x613a353a7b733a31313a227461726765742d70616765223b693a3239373b733a31373a226c696e6b2d66726f6d2d706167652d6964223b693a3239373b733a353a227265766964223b693a3839323b733a31303a22706167655f7469746c65223b733a33343a22222e2e617267732e7369737465725072656669782e2e223a222e2e6c696e6b2e2e22223b733a31343a22706167655f6e616d657370616365223b693a303b7d, NULL, 0),
(168, 0x706167652d6c696e6b6564, NULL, NULL, 0x61646d696e3e41646d696e, 0x613a353a7b733a31313a227461726765742d70616765223b693a3239373b733a31373a226c696e6b2d66726f6d2d706167652d6964223b693a3239373b733a353a227265766964223b693a3839323b733a31303a22706167655f7469746c65223b733a32383a22d9bed8b1d988d986d8afd9873a222e2e617267732e6c6f676f2e2e22223b733a31343a22706167655f6e616d657370616365223b693a303b7d, NULL, 0),
(169, 0x706167652d6c696e6b6564, NULL, NULL, 0x61646d696e3e41646d696e, 0x613a353a7b733a31313a227461726765742d70616765223b693a3239373b733a31373a226c696e6b2d66726f6d2d706167652d6964223b693a3239373b733a353a227265766964223b693a3839323b733a31303a22706167655f7469746c65223b733a37303a22d988db8cdaa9db8ce2808cd9bed8afdb8cd8a73ad9bed8b1d988da98d987e2808cd987d8a7db8c5fd8aed988d8a7d987d8b15fd988db8cdaa9db8ce2808cd985d8afdb8cd8a7223b733a31343a22706167655f6e616d657370616365223b693a303b7d, NULL, 0),
(170, 0x706167652d6c696e6b6564, NULL, NULL, 0x61646d696e3e41646d696e, 0x613a353a7b733a31313a227461726765742d70616765223b693a3239373b733a31373a226c696e6b2d66726f6d2d706167652d6964223b693a3239373b733a353a227265766964223b693a3839323b733a31303a22706167655f7469746c65223b733a3136333a22d8b1d8afd9873ad8b5d981d8add987e2808cd987d8a7db8cdb8c5fdaa9d9875fd8a7d8b25fd8acd8b9d8a8d9875fd9bedb8cd988d986d8af5fd8a8d9875fd9bed8b1d988da98d987e2808cd987d8a7db8c5fd8aed988d8a7d987d8b15fd986d8a7d985d986d8b7d8a8d9825fd8a8d8a75fd988db8cdaa9db8ce2808cd8afd8a7d8afd9875fd8a7d8b3d8aad981d8a7d8afd9875fd985db8ce2808cdaa9d986d986d8af223b733a31343a22706167655f6e616d657370616365223b693a303b7d, NULL, 0),
(171, 0x706167652d6c696e6b6564, NULL, NULL, 0x61646d696e3e41646d696e, 0x613a353a7b733a31313a227461726765742d70616765223b693a3239373b733a31373a226c696e6b2d66726f6d2d706167652d6964223b693a3239373b733a353a227265766964223b693a3839323b733a31303a22706167655f7469746c65223b733a3138343a22d8b1d8afd9873ad8b5d981d8add987e2808cd987d8a7db8cdb8c5fdaa9d9875fd8a7d8b25fd8acd8b9d8a8d9875fd9bedb8cd988d986d8af5fd8a8d9875fd9bed8b1d988da98d987e2808cd987d8a7db8c5fd8aed988d8a7d987d8b15fd8a8d8a75fd981d8b6d8a7db8c5fd986d8a7d9855fd986d8a7d985d986d8b7d8a8d9825fd8a8d8a75fd988db8cdaa9db8ce2808cd8afd8a7d8afd9875fd8a7d8b3d8aad981d8a7d8afd9875fd985db8ce2808cdaa9d986d986d8af223b733a31343a22706167655f6e616d657370616365223b693a303b7d, NULL, 0),
(172, 0x706167652d6c696e6b6564, NULL, NULL, 0x61646d696e3e41646d696e, 0x613a353a7b733a31313a227461726765742d70616765223b693a3239373b733a31373a226c696e6b2d66726f6d2d706167652d6964223b693a3239373b733a353a227265766964223b693a3839323b733a31303a22706167655f7469746c65223b733a3137303a22d8b1d8afd9873ad8b5d981d8add987e2808cd987d8a7db8cdb8c5fdaa9d9875fd8a7d8b25fd8acd8b9d8a8d9875fd9bedb8cd988d986d8af5fd8a8d9875fd9bed8b1d988da98d987e2808cd987d8a7db8c5fd8aed988d8a7d987d8b15fd8a8d8a75fd9bedb8cd988d986d8af5fd9bed986d987d8a7d9865fd988db8cdaa9db8ce2808cd8afd8a7d8afd9875fd8a7d8b3d8aad981d8a7d8afd9875fd985db8ce2808cdaa9d986d986d8af223b733a31343a22706167655f6e616d657370616365223b693a303b7d, NULL, 0),
(173, 0x706167652d6c696e6b6564, NULL, NULL, 0x61646d696e3e41646d696e, 0x613a353a7b733a31313a227461726765742d70616765223b693a3239373b733a31373a226c696e6b2d66726f6d2d706167652d6964223b693a3239373b733a353a227265766964223b693a3839323b733a31303a22706167655f7469746c65223b733a3135373a22d8b1d8afd9873ad8b5d981d8add987e2808cd987d8a7db8cdb8c5fdaa9d9875fd8a7d8b25fd8acd8b9d8a8d9875fd9bedb8cd988d986d8af5fd8a8d9875fd9bed8b1d988da98d987e2808cd987d8a7db8c5fd8aed988d8a7d987d8b15fd8a8d8a75fd8acd8b3d8aad8acd988db8c5fd9bedb8cd8b4e2808cd981d8b1d8b65fd8a7d8b3d8aad981d8a7d8afd9875fd985db8ce2808cdaa9d986d986d8af223b733a31343a22706167655f6e616d657370616365223b693a303b7d, NULL, 0),
(174, 0x706167652d6c696e6b6564, NULL, NULL, 0x61646d696e3e41646d696e, 0x613a353a7b733a31313a227461726765742d70616765223b693a3330313b733a31373a226c696e6b2d66726f6d2d706167652d6964223b693a3330313b733a353a227265766964223b693a3930343b733a31303a22706167655f7469746c65223b733a323a222573223b733a31343a22706167655f6e616d657370616365223b693a303b7d, NULL, 0),
(175, 0x706167652d6c696e6b6564, NULL, NULL, 0x61646d696e3e41646d696e, 0x613a353a7b733a31313a227461726765742d70616765223b693a3330343b733a31373a226c696e6b2d66726f6d2d706167652d6964223b693a3330343b733a353a227265766964223b693a3931333b733a31303a22706167655f7469746c65223b733a323a222531223b733a31343a22706167655f6e616d657370616365223b693a303b7d, NULL, 0),
(176, 0x706167652d6c696e6b6564, NULL, NULL, 0x61646d696e3e41646d696e, 0x613a353a7b733a31313a227461726765742d70616765223b693a3330353b733a31373a226c696e6b2d66726f6d2d706167652d6964223b693a3330353b733a353a227265766964223b693a3931363b733a31303a22706167655f7469746c65223b733a323a222573223b733a31343a22706167655f6e616d657370616365223b693a303b7d, NULL, 0),
(177, 0x706167652d6c696e6b6564, NULL, NULL, 0x61646d696e3e41646d696e, 0x613a353a7b733a31313a227461726765742d70616765223b693a3331323b733a31373a226c696e6b2d66726f6d2d706167652d6964223b693a3331323b733a353a227265766964223b693a3933373b733a31303a22706167655f7469746c65223b733a323a222573223b733a31343a22706167655f6e616d657370616365223b693a303b7d, NULL, 0),
(178, 0x706167652d6c696e6b6564, NULL, NULL, 0x61646d696e3e41646d696e, 0x613a353a7b733a31313a227461726765742d70616765223b693a3331323b733a31373a226c696e6b2d66726f6d2d706167652d6964223b693a3331323b733a353a227265766964223b693a3933373b733a31303a22706167655f7469746c65223b733a33343a22d988db8cdaa9db8ce2808cd9bed8afdb8cd8a73ad8a7d984daafd988d8b3d8a8daa9223b733a31343a22706167655f6e616d657370616365223b693a303b7d, NULL, 0),
(179, 0x706167652d6c696e6b6564, NULL, NULL, 0x61646d696e3e41646d696e, 0x613a353a7b733a31313a227461726765742d70616765223b693a3331323b733a31373a226c696e6b2d66726f6d2d706167652d6964223b693a3331323b733a353a227265766964223b693a3933373b733a31303a22706167655f7469746c65223b733a393a22d8b1d8afd9873a2573223b733a31343a22706167655f6e616d657370616365223b693a303b7d, NULL, 0),
(180, 0x706167652d6c696e6b6564, NULL, NULL, 0x61646d696e3e41646d696e, 0x613a353a7b733a31313a227461726765742d70616765223b693a3331333b733a31373a226c696e6b2d66726f6d2d706167652d6964223b693a3331333b733a353a227265766964223b693a3934303b733a31303a22706167655f7469746c65223b733a32363a22443a50726f70657274793a225f2e2e5f705f6e756d5f2e2e5f22223b733a31343a22706167655f6e616d657370616365223b693a303b7d, NULL, 0),
(181, 0x706167652d6c696e6b6564, NULL, NULL, 0x61646d696e3e41646d696e, 0x613a353a7b733a31313a227461726765742d70616765223b693a3331333b733a31373a226c696e6b2d66726f6d2d706167652d6964223b693a3331333b733a353a227265766964223b693a3934303b733a31303a22706167655f7469746c65223b733a34383a22443a5370656369616c3a576861744c696e6b73486572652f50726f70657274793a225f2e2e5f705f6e756d5f2e2e5f22223b733a31343a22706167655f6e616d657370616365223b693a303b7d, NULL, 0),
(182, 0x706167652d6c696e6b6564, NULL, NULL, 0x61646d696e3e41646d696e, 0x613a353a7b733a31313a227461726765742d70616765223b693a3331343b733a31373a226c696e6b2d66726f6d2d706167652d6964223b693a3331343b733a353a227265766964223b693a3934333b733a31303a22706167655f7469746c65223b733a31323a22456e3a4d6f64756c653a5764223b733a31343a22706167655f6e616d657370616365223b693a303b7d, NULL, 0),
(183, 0x706167652d6c696e6b6564, NULL, NULL, 0x61646d696e3e41646d696e, 0x613a353a7b733a31313a227461726765742d70616765223b693a3331343b733a31373a226c696e6b2d66726f6d2d706167652d6964223b693a3331343b733a353a227265766964223b693a3934333b733a31303a22706167655f7469746c65223b733a31373a22456e3a4d6f64756c653a57642f6931386e223b733a31343a22706167655f6e616d657370616365223b693a303b7d, NULL, 0),
(184, 0x706167652d6c696e6b6564, NULL, NULL, 0x61646d696e3e41646d696e, 0x613a353a7b733a31313a227461726765742d70616765223b693a3331343b733a31373a226c696e6b2d66726f6d2d706167652d6964223b693a3331343b733a353a227265766964223b693a3934333b733a31303a22706167655f7469746c65223b733a31363a22225f2e2e5f7461726765745f2e2e5f22223b733a31343a22706167655f6e616d657370616365223b693a303b7d, NULL, 0),
(185, 0x706167652d6c696e6b6564, NULL, NULL, 0x61646d696e3e41646d696e, 0x613a353a7b733a31313a227461726765742d70616765223b693a3331353b733a31373a226c696e6b2d66726f6d2d706167652d6964223b693a3331353b733a353a227265766964223b693a3934363b733a31303a22706167655f7469746c65223b733a32303a22456e3a54656d706c6174653a436974655f776562223b733a31343a22706167655f6e616d657370616365223b693a303b7d, NULL, 0),
(186, 0x706167652d6c696e6b6564, NULL, NULL, 0x61646d696e3e41646d696e, 0x613a353a7b733a31313a227461726765742d70616765223b693a3331353b733a31373a226c696e6b2d66726f6d2d706167652d6964223b693a3331353b733a353a227265766964223b693a3934363b733a31303a22706167655f7469746c65223b733a31383a22456e3a54656d706c6174653a436974655f51223b733a31343a22706167655f6e616d657370616365223b693a303b7d, NULL, 0),
(187, 0x706167652d6c696e6b6564, NULL, NULL, 0x61646d696e3e41646d696e, 0x613a353a7b733a31313a227461726765742d70616765223b693a3331363b733a31373a226c696e6b2d66726f6d2d706167652d6964223b693a3331363b733a353a227265766964223b693a3934393b733a31303a22706167655f7469746c65223b733a313a224c223b733a31343a22706167655f6e616d657370616365223b693a303b7d, NULL, 0),
(188, 0x706167652d6c696e6b6564, NULL, NULL, 0x61646d696e3e41646d696e, 0x613a353a7b733a31313a227461726765742d70616765223b693a3331363b733a31373a226c696e6b2d66726f6d2d706167652d6964223b693a3331363b733a353a227265766964223b693a3934393b733a31303a22706167655f7469746c65223b733a31303a22272c5f6c696e6b2c5f27223b733a31343a22706167655f6e616d657370616365223b693a303b7d, NULL, 0),
(189, 0x706167652d6c696e6b6564, NULL, NULL, 0x61646d696e3e41646d696e, 0x613a353a7b733a31313a227461726765742d70616765223b693a3331373b733a31373a226c696e6b2d66726f6d2d706167652d6964223b693a3331373b733a353a227265766964223b693a3935323b733a31303a22706167655f7469746c65223b733a363a22546172676574223b733a31343a22706167655f6e616d657370616365223b693a303b7d, NULL, 0),
(190, 0x706167652d6c696e6b6564, NULL, NULL, 0x61646d696e3e41646d696e, 0x613a353a7b733a31313a227461726765742d70616765223b693a3331383b733a31373a226c696e6b2d66726f6d2d706167652d6964223b693a3331383b733a353a227265766964223b693a3935353b733a31303a22706167655f7469746c65223b733a32303a22225f2e2e5f6c696e6b5461726765745f2e2e5f22223b733a31343a22706167655f6e616d657370616365223b693a303b7d, NULL, 0),
(191, 0x706167652d6c696e6b6564, NULL, NULL, 0x61646d696e3e41646d696e, 0x613a353a7b733a31313a227461726765742d70616765223b693a3331383b733a31373a226c696e6b2d66726f6d2d706167652d6964223b693a3331383b733a353a227265766964223b693a3935353b733a31303a22706167655f7469746c65223b733a31343a22443a225f2e2e5f69645f2e2e5f22223b733a31343a22706167655f6e616d657370616365223b693a303b7d, NULL, 0),
(192, 0x706167652d6c696e6b6564, NULL, NULL, 0x61646d696e3e41646d696e, 0x613a353a7b733a31313a227461726765742d70616765223b693a3331383b733a31373a226c696e6b2d66726f6d2d706167652d6964223b693a3331383b733a353a227265766964223b693a3935353b733a31303a22706167655f7469746c65223b733a31383a22225f2e2e5f736974656c696e6b5f2e2e5f22223b733a31343a22706167655f6e616d657370616365223b693a303b7d, NULL, 0),
(193, 0x706167652d6c696e6b6564, NULL, NULL, 0x61646d696e3e41646d696e, 0x613a353a7b733a31313a227461726765742d70616765223b693a3332313b733a31373a226c696e6b2d66726f6d2d706167652d6964223b693a3332313b733a353a227265766964223b693a3936343b733a31303a22706167655f7469746c65223b733a33323a22d988db8cdaa9db8ce2808cd9bed8afdb8cd8a7db8c5fd981d8a7d8b1d8b3db8c223b733a31343a22706167655f6e616d657370616365223b693a303b7d, NULL, 0),
(194, 0x706167652d6c696e6b6564, NULL, NULL, 0x61646d696e3e41646d696e, 0x613a353a7b733a31313a227461726765742d70616765223b693a3332313b733a31373a226c696e6b2d66726f6d2d706167652d6964223b693a3332313b733a353a227265766964223b693a3936343b733a31303a22706167655f7469746c65223b733a373a2253696d706c653a223b733a31343a22706167655f6e616d657370616365223b693a303b7d, NULL, 0),
(195, 0x706167652d6c696e6b6564, NULL, NULL, 0x61646d696e3e41646d696e, 0x613a353a7b733a31313a227461726765742d70616765223b693a3332313b733a31373a226c696e6b2d66726f6d2d706167652d6964223b693a3332313b733a353a227265766964223b693a3936343b733a31303a22706167655f7469746c65223b733a34353a22d988db8cdaa9db8ce2808cd9bed8afdb8cd8a7db8c5fd8a7d986daafd984db8cd8b3db8c5fd8b3d8a7d8afd987223b733a31343a22706167655f6e616d657370616365223b693a303b7d, NULL, 0),
(196, 0x706167652d6c696e6b6564, NULL, NULL, 0x61646d696e3e41646d696e, 0x613a353a7b733a31313a227461726765742d70616765223b693a3332313b733a31373a226c696e6b2d66726f6d2d706167652d6964223b693a3332313b733a353a227265766964223b693a3936343b733a31303a22706167655f7469746c65223b733a333a2253683a223b733a31343a22706167655f6e616d657370616365223b693a303b7d, NULL, 0),
(197, 0x706167652d6c696e6b6564, NULL, NULL, 0x61646d696e3e41646d696e, 0x613a353a7b733a31313a227461726765742d70616765223b693a3332313b733a31373a226c696e6b2d66726f6d2d706167652d6964223b693a3332313b733a353a227265766964223b693a3936343b733a31303a22706167655f7469746c65223b733a33323a22d8b2d8a8d8a7d9865fd8b5d8b1d8a8db8ce2808cdaa9d8b1d988d8a7d8aadb8c223b733a31343a22706167655f6e616d657370616365223b693a303b7d, NULL, 0),
(198, 0x706167652d6c696e6b6564, NULL, NULL, 0x61646d696e3e41646d696e, 0x613a353a7b733a31313a227461726765742d70616765223b693a3332313b733a31373a226c696e6b2d66726f6d2d706167652d6964223b693a3332313b733a353a227265766964223b693a3936343b733a31303a22706167655f7469746c65223b733a31343a22275f2e2e5f6c616e672e2e5f273a223b733a31343a22706167655f6e616d657370616365223b693a303b7d, NULL, 0),
(199, 0x706167652d6c696e6b6564, NULL, 1, NULL, 0x613a353a7b733a31313a227461726765742d70616765223b693a3438323b733a31373a226c696e6b2d66726f6d2d706167652d6964223b693a3438323b733a353a227265766964223b693a313434393b733a31303a22706167655f7469746c65223b733a31343a2246613a3039333536393539303335223b733a31343a22706167655f6e616d657370616365223b693a303b7d, NULL, 0);

-- --------------------------------------------------------

--
-- Table structure for table `echo_notification`
--

CREATE TABLE `echo_notification` (
  `notification_event` int(10) UNSIGNED NOT NULL,
  `notification_user` int(10) UNSIGNED NOT NULL,
  `notification_timestamp` binary(14) NOT NULL,
  `notification_read_timestamp` binary(14) DEFAULT NULL,
  `notification_bundle_hash` varbinary(32) NOT NULL
) ENGINE=InnoDB DEFAULT CHARSET=binary;

--
-- Dumping data for table `echo_notification`
--

INSERT INTO `echo_notification` (`notification_event`, `notification_user`, `notification_timestamp`, `notification_read_timestamp`, `notification_bundle_hash`) VALUES
(3, 1, 0x3230323531313330303833353132, NULL, '');

-- --------------------------------------------------------

--
-- Table structure for table `echo_push_provider`
--

CREATE TABLE `echo_push_provider` (
  `epp_id` tinyint(3) UNSIGNED NOT NULL,
  `epp_name` tinyblob NOT NULL
) ENGINE=InnoDB DEFAULT CHARSET=binary;

-- --------------------------------------------------------

--
-- Table structure for table `echo_push_subscription`
--

CREATE TABLE `echo_push_subscription` (
  `eps_id` int(10) UNSIGNED NOT NULL,
  `eps_user` int(10) UNSIGNED NOT NULL,
  `eps_token` blob NOT NULL,
  `eps_token_sha256` binary(64) NOT NULL,
  `eps_provider` tinyint(3) UNSIGNED NOT NULL,
  `eps_updated` timestamp NOT NULL DEFAULT current_timestamp() ON UPDATE current_timestamp(),
  `eps_data` blob DEFAULT NULL,
  `eps_topic` tinyint(3) UNSIGNED DEFAULT NULL
) ENGINE=InnoDB DEFAULT CHARSET=binary;

-- --------------------------------------------------------

--
-- Table structure for table `echo_push_topic`
--

CREATE TABLE `echo_push_topic` (
  `ept_id` tinyint(3) UNSIGNED NOT NULL,
  `ept_text` tinyblob NOT NULL
) ENGINE=InnoDB DEFAULT CHARSET=binary;

-- --------------------------------------------------------

--
-- Table structure for table `echo_target_page`
--

CREATE TABLE `echo_target_page` (
  `etp_id` int(10) UNSIGNED NOT NULL,
  `etp_page` int(10) UNSIGNED NOT NULL DEFAULT 0,
  `etp_event` int(10) UNSIGNED NOT NULL DEFAULT 0
) ENGINE=InnoDB DEFAULT CHARSET=binary;

--
-- Dumping data for table `echo_target_page`
--

INSERT INTO `echo_target_page` (`etp_id`, `etp_page`, `etp_event`) VALUES
(1, 172, 4),
(2, 178, 5),
(3, 178, 6),
(4, 178, 7),
(5, 179, 8),
(6, 182, 9),
(7, 182, 10),
(8, 182, 11),
(9, 182, 12),
(10, 182, 13),
(11, 182, 14),
(12, 182, 15),
(13, 184, 16),
(14, 184, 17),
(15, 188, 18),
(16, 188, 19),
(17, 188, 20),
(18, 188, 21),
(19, 188, 22),
(20, 188, 23),
(21, 188, 24),
(22, 191, 25),
(23, 191, 26),
(24, 191, 27),
(25, 191, 28),
(26, 191, 29),
(27, 191, 30),
(28, 193, 31),
(29, 193, 32),
(30, 193, 33),
(31, 193, 34),
(32, 193, 35),
(33, 193, 36),
(34, 194, 37),
(35, 198, 38),
(36, 199, 39),
(37, 199, 40),
(38, 199, 41),
(39, 199, 42),
(40, 199, 43),
(41, 199, 44),
(42, 202, 45),
(43, 202, 46),
(44, 202, 47),
(45, 209, 48),
(46, 209, 49),
(47, 209, 50),
(48, 209, 51),
(49, 209, 52),
(50, 209, 53),
(51, 209, 54),
(52, 209, 55),
(53, 209, 56),
(54, 209, 57),
(55, 209, 58),
(56, 211, 59),
(57, 211, 60),
(58, 211, 61),
(59, 211, 62),
(60, 211, 63),
(61, 211, 64),
(62, 211, 65),
(63, 211, 66),
(64, 211, 67),
(65, 215, 68),
(66, 215, 69),
(67, 217, 70),
(68, 217, 71),
(69, 217, 72),
(70, 217, 73),
(71, 217, 74),
(72, 218, 75),
(73, 218, 76),
(74, 218, 77),
(75, 218, 78),
(76, 221, 79),
(77, 222, 80),
(78, 222, 81),
(79, 224, 82),
(80, 224, 83),
(81, 224, 84),
(82, 224, 85),
(83, 225, 86),
(84, 225, 87),
(85, 227, 88),
(86, 227, 89),
(87, 229, 90),
(88, 230, 91),
(89, 230, 92),
(90, 230, 93),
(91, 230, 94),
(92, 230, 95),
(93, 230, 96),
(94, 230, 97),
(95, 230, 98),
(96, 231, 99),
(97, 237, 100),
(98, 237, 101),
(99, 237, 102),
(100, 237, 103),
(101, 238, 104),
(102, 239, 105),
(103, 240, 106),
(104, 241, 107),
(105, 244, 108),
(106, 247, 109),
(107, 248, 110),
(108, 248, 111),
(109, 248, 112),
(110, 248, 113),
(111, 249, 114),
(112, 251, 115),
(113, 251, 116),
(114, 251, 117),
(115, 251, 118),
(116, 253, 119),
(117, 259, 120),
(118, 262, 121),
(119, 262, 122),
(120, 263, 123),
(121, 266, 124),
(122, 271, 125),
(123, 276, 126),
(124, 276, 127),
(125, 276, 128),
(126, 276, 129),
(127, 277, 130),
(128, 277, 131),
(129, 280, 132),
(130, 281, 133),
(131, 282, 134),
(132, 282, 135),
(133, 282, 136),
(134, 282, 137),
(135, 282, 138),
(136, 282, 139),
(137, 282, 140),
(138, 282, 141),
(139, 282, 142),
(140, 282, 143),
(141, 282, 144),
(142, 283, 145),
(143, 284, 146),
(144, 284, 147),
(145, 284, 148),
(146, 284, 149),
(147, 284, 150),
(148, 284, 151),
(149, 284, 152),
(150, 284, 153),
(151, 284, 154),
(152, 284, 155),
(153, 285, 156),
(154, 285, 157),
(155, 288, 158),
(156, 290, 159),
(157, 290, 160),
(158, 291, 161),
(159, 291, 162),
(160, 294, 163),
(161, 295, 164),
(162, 295, 165),
(163, 296, 166),
(164, 297, 167),
(165, 297, 168),
(166, 297, 169),
(167, 297, 170),
(168, 297, 171),
(169, 297, 172),
(170, 297, 173),
(171, 301, 174),
(172, 304, 175),
(173, 305, 176),
(174, 312, 177),
(175, 312, 178),
(176, 312, 179),
(177, 313, 180),
(178, 313, 181),
(179, 314, 182),
(180, 314, 183),
(181, 314, 184),
(182, 315, 185),
(183, 315, 186),
(184, 316, 187),
(185, 316, 188),
(186, 317, 189),
(187, 318, 190),
(188, 318, 191),
(189, 318, 192),
(190, 321, 193),
(191, 321, 194),
(192, 321, 195),
(193, 321, 196),
(194, 321, 197),
(195, 321, 198),
(196, 482, 199);

-- --------------------------------------------------------

--
-- Table structure for table `externallinks`
--

CREATE TABLE `externallinks` (
  `el_id` int(10) UNSIGNED NOT NULL,
  `el_from` int(10) UNSIGNED NOT NULL DEFAULT 0,
  `el_to_domain_index` varbinary(255) NOT NULL DEFAULT '',
  `el_to_path` blob DEFAULT NULL
) ENGINE=InnoDB DEFAULT CHARSET=binary;

--
-- Dumping data for table `externallinks`
--

INSERT INTO `externallinks` (`el_id`, `el_from`, `el_to_domain_index`, `el_to_path`) VALUES
(1, 6, 0x68747470733a2f2f6f72672e6d6564696177696b692e7777772e, 0x2f77696b692f536e6970706574732f4c6f61645f4a535f616e645f4353535f62795f55524c),
(2, 6, 0x68747470733a2f2f6f72672e6d6564696177696b692e7777772e, 0x2f77696b692f4d6564696157696b693a4761646765742d636f6c6c61707369626c655461626c65732e6a73),
(3, 8, 0x68747470733a2f2f6f72672e77696b6970656469612e656e2e, 0x2f),
(4, 9, 0x68747470733a2f2f6f72672e77696b6970656469612e656e2e, 0x2f),
(5, 20, 0x68747470733a2f2f6f72672e616d697269666f6e742e7777772e, 0x2f),
(6, 24, 0x68747470733a2f2f746d2e696e666f2e64697370656e7365722e, 0x2f7e64697370656e7365722f6367692d62696e2f6461626c696e6b732e70793f706167653d27),
(7, 27, 0x687474703a2f2f6f72672e77696b696d656469612e636f6d6d6f6e732e, 0x2f77696b692f4d6564696157696b693a4761646765742d4361742d612d6c6f742e6a732f7472616e736c6174696e67),
(8, 30, 0x68747470733a2f2f6f72672e77696b6970656469612e64652e, 0x2f77696b692f4d6564696157696b693a4761646765742d5265636874736368726569627072756566756e672e6a73),
(9, 30, 0x68747470733a2f2f746d2e696e666f2e64697370656e7365722e, 0x2f7e64697370656e7365722f6367692d62696e2f6461625f736f6c7665722e70793f6c616e673d666126706167653d27),
(10, 43, 0x687474703a2f2f69722e7065727369616e61636164656d792e7777772e, 0x2f66612f7069736876616e642e61737078),
(11, 50, 0x687474703a2f2f6f72672e77696b696d656469612e636f6d6d6f6e732e, 0x2f77696b692f48656c703a4761646765742d486f74436174),
(12, 52, 0x687474703a2f2f6f72672e6f70656e666f6e746c6962726172792e, 0x2f656e2f666f6e742f6972616e69616e2d73616e73),
(13, 61, 0x68747470733a2f2f6f72672e77696b6970656469612e656e2e, 0x2f77696b692f4d6564696157696b693a4761646765742d5265666572656e6365546f6f6c746970732e6a73),
(14, 61, 0x68747470733a2f2f6f72672e77696b6970656469612e656e2e, 0x2f772f6c6f61642e7068703f6d6f64756c65733d6578742e706f707570732e696d6167657326696d6167653d666f6f74657226666f726d61743d726173746572697a6564266c616e673d727526736b696e3d766563746f722676657273696f6e3d30756f7469736227),
(15, 61, 0x68747470733a2f2f636f6d2e737461636b6f766572666c6f772e, 0x2f612f3234363030353937),
(16, 61, 0x68747470733a2f2f636f6d2e737461636b6f766572666c6f772e, 0x2f612f3134333031383332),
(17, 61, 0x68747470733a2f2f636f6d2e737461636b6f766572666c6f772e, 0x2f712f3437363439343432),
(18, 61, 0x68747470733a2f2f6f72672e6d6f7a696c6c612e646576656c6f7065722e, 0x2f656e2d55532f646f63732f42726f777365725f646574656374696f6e5f7573696e675f7468655f757365725f6167656e74),
(19, 66, 0x68747470733a2f2f636f6d2e6769746875622e, 0x2f617a61746f74682f7477696e6b6c65),
(20, 79, 0x68747470733a2f2f6f72672e77696b696d656469612e6d6574612e, 0x2f77696b692f557365723a4865646f6e696c2f58546f6f6c73),
(21, 86, 0x687474703a2f2f636f6d2e636f6465746f61642e7777772e, 0x2f6a6176617363726970745f6765745f73656c65637465645f746578742e617370),
(22, 86, 0x687474703a2f2f272e, 0x2f),
(23, 90, 0x68747470733a2f2f6f72672e77696b696d656469612e6d6574612e, 0x2f772f6c6f61642e7068703f6d6f64756c65733d6578742e6761646765742e4d6f72654d656e7527),
(24, 104, 0x68747470733a2f2f6f72672e77696b6970656469612e72752e, 0x2f772f696e6465782e7068703f7469746c653d4d6564696157696b693a4761646765742d6d61726b626c6f636b65642e6a73266f6c6469643d313032303232323831),
(25, 107, 0x68747470733a2f2f636f6d2e6769746875622e, 0x2f617a61746f74682f7477696e6b6c652f626c6f622f6d61737465722f6d6f7265626974732e637373),
(26, 111, 0x687474703a2f2f6c6f63616c686f73742e3a38303830, 0x2f6a732f6e6176706f702e63737327),
(27, 115, 0x68747470733a2f2f6f72672e6d6564696177696b692e7777772e, 0x2f77696b692f536e6970706574732f50757267655f616374696f6e),
(28, 117, 0x68747470733a2f2f6f72672e77696b6970656469612e68652e, 0x2f77696b692f2544372539452544372539332544372539392544372539345f2544372539352544372539392544372541372544372539393a4761646765742d717569636b4c696e6b65722e6a73),
(29, 142, 0x687474703a2f2f636f6d2e6861746e6f74652e746f702e, 0x2f66612f27),
(30, 162, 0x68747470733a2f2f6f72672e77696b696d656469612e67726166616e612e, 0x2f64617368626f6172642f64622f6d6f62696c652d3267),
(31, 162, 0x68747470733a2f2f636f6d2e66616e646f6d2e636f6d6d756e6974792e, 0x2f77696b692f5468726561643a31313034323638),
(32, 162, 0x68747470733a2f2f636f6d2e77696b69612e636f6d6d756e6974792e, 0x2f77696b692f5468726561643a343939363536),
(33, 162, 0x68747470733a2f2f636f6d2e77696b69612e636f6d6d756e6974792e, 0x2f77696b692f48656c703a436f6c6c617073696e67),
(34, 162, 0x68747470733a2f2f636f6d2e77696b69612e63616e6e616269732e, 0x2f77696b692f4d6564696157696b693a57696b69612e637373),
(35, 162, 0x68747470733a2f2f6f72672e77696b696d656469612e7068616272696361746f722e, 0x2f543836343935),
(36, 162, 0x68747470733a2f2f6f72672e6d6564696177696b692e7777772e, 0x2f77696b692f52657175657374735f666f725f636f6d6d656e742f416c6c6f775f7374796c696e675f696e5f74656d706c61746573),
(37, 164, 0x68747470733a2f2f6f72672e77696b6970656469612e656e2e, 0x2f77696b692f4d6564696157696b693a5072696e742e637373),
(38, 164, 0x687474703a2f2f6f72672e77696b6970656469612e656e2e, 0x2f772f736b696e732f636f6d6d6f6e2f636f6d6d6f6e5072696e742e637373),
(40, 165, 0x68747470733a2f2f6972253743d8b9d8b1d8a8db8c2e6661726167686169622e61722e, 0x2f),
(41, 165, 0x68747470733a2f2f6972253743d8a7d986daafd984db8cd8b3db8c2e6661726167686169622e656e2e, 0x2f),
(44, 181, 0x687474703a2f2f6f72672e776f726c646361742e7777772e, 0x2f6973736e2f30383139),
(45, 181, 0x687474703a2f2f6f72672e69736d6e2d696e7465726e6174696f6e616c2e7777772e, 0x2f646f776e6c6f61642f5765625f49534d4e5f55736572735f4d616e75616c5f323030382d362e706466),
(46, 182, 0x68747470733a2f2f6875732e, 0x2f),
(47, 182, 0x68747470733a2f2f2a2532352e253235732b2e, 0x2f),
(48, 182, 0x68747470733a2f2f7a7a7a2e79797979792e, 0x2f),
(49, 182, 0x687474703a2f2f6f72672e756e69636f64652e7777772e, 0x2f6368617274732f5044462f55303030302e706466),
(50, 182, 0x687474703a2f2f6f72672e756e69636f64652e7777772e, 0x2f6368617274732f5044462f55303038302e706466),
(51, 182, 0x687474703a2f2f6f72672e756e69636f64652e7777772e, 0x2f6368617274732f5044462f55303130302e706466),
(52, 182, 0x687474703a2f2f6f72672e756e69636f64652e7777772e, 0x2f6368617274732f5044462f55303138302e706466),
(53, 182, 0x687474703a2f2f6f72672e696574662e746f6f6c732e, 0x2f68746d6c2f73746436362373656374696f6e2d332e31),
(54, 182, 0x687474703a2f2f6f72672e696574662e746f6f6c732e, 0x2f68746d6c2f726663313033342373656374696f6e2d332e35),
(55, 182, 0x68747470733a2f2f6f72672e696574662e746f6f6c732e, 0x2f68746d6c2f72666334323334),
(56, 182, 0x68747470733a2f2f6f72672e696574662e746f6f6c732e, 0x2f68746d6c2f64726166742d696574662d646e73696e642d69616e612d646e732d303123706167652d3135),
(57, 182, 0x68747470733a2f2f6f72672e696574662e746f6f6c732e, 0x2f68746d6c2f72666333343930),
(58, 182, 0x68747470733a2f2f6f72672e696574662e746f6f6c732e, 0x2f68746d6c2f726663353533362373656374696f6e2d332e312e34),
(59, 182, 0x68747470733a2f2f6f72672e69616e612e7777772e, 0x2f646f6d61696e732f726f6f742f6462),
(60, 182, 0x6e6577733a272e, ''),
(61, 182, 0x68747470733a2f2f272e, 0x2f),
(62, 182, 0x687474703a2f2f676f762e6e69682e6e6c6d2e6e6362692e7777772e, 0x2f626f6f6b732f4e424b373237312f626f782f4133353032392f),
(63, 182, 0x687474703a2f2f676f762e6e69682e6e6c6d2e6e6362692e7777772e, 0x2f626f6f6b732f4e424b373237312f626f782f4133353036322f),
(64, 182, 0x687474703a2f2f676f762e6e69682e6e6c6d2e6e6362692e7777772e, 0x2f626f6f6b732f4e424b373237312f626f782f4133353038352f),
(65, 182, 0x68747470733a2f2f6f72672e617263686976652e7765622e, 0x2f736176652f27),
(66, 182, 0x687474703a2f2f696e666f2e6f636f696e732e, 0x2f),
(67, 183, 0x68747470733a2f2f6f72672e77696b696d656469612e7068616272696361746f722e, 0x2f54313231303835),
(68, 183, 0x687474703a2f2f696e666f2e6f636f696e732e, 0x2f),
(69, 184, 0x68747470733a2f2f676f762e6c6f632e7777772e, 0x2f7374616e64617264732f6461746574696d652f),
(70, 184, 0x68747470733a2f2f6f72672e756e69636f64652e, 0x2f6368617274732f5044462f55303930302e706466),
(71, 184, 0x68747470733a2f2f6f72672e756e69636f64652e, 0x2f6368617274732f5044462f55413845302e706466),
(72, 184, 0x68747470733a2f2f6f72672e756e69636f64652e, 0x2f6368617274732f5044462f55303938302e706466),
(73, 184, 0x68747470733a2f2f6f72672e756e69636f64652e, 0x2f6368617274732f5044462f55304130302e706466),
(74, 184, 0x68747470733a2f2f6f72672e756e69636f64652e, 0x2f6368617274732f5044462f55304138302e706466),
(75, 184, 0x68747470733a2f2f6f72672e756e69636f64652e, 0x2f6368617274732f5044462f55304230302e706466),
(76, 184, 0x68747470733a2f2f6f72672e756e69636f64652e, 0x2f6368617274732f5044462f55304238302e706466),
(77, 184, 0x68747470733a2f2f6f72672e756e69636f64652e, 0x2f6368617274732f5044462f55304330302e706466),
(78, 184, 0x68747470733a2f2f6f72672e756e69636f64652e, 0x2f6368617274732f5044462f55304338302e706466),
(79, 184, 0x68747470733a2f2f6f72672e756e69636f64652e, 0x2f6368617274732f5044462f55304430302e706466),
(80, 184, 0x68747470733a2f2f6f72672e756e69636f64652e, 0x2f6368617274732f5044462f55304438302e706466),
(81, 184, 0x68747470733a2f2f6f72672e756e69636f64652e, 0x2f6368617274732f5044462f55313030302e706466),
(82, 184, 0x68747470733a2f2f6f72672e756e69636f64652e, 0x2f6368617274732f5044462f55414136302e706466),
(83, 184, 0x68747470733a2f2f6f72672e756e69636f64652e, 0x2f6368617274732f5044462f55413945302e706466),
(84, 184, 0x68747470733a2f2f6564752e686172766172642e6164736162732e75692e, 0x2f6162732f27),
(85, 184, 0x68747470733a2f2f6f72672e73656d616e7469637363686f6c61722e6170692e, 0x2f436f7270757349443a27),
(86, 184, 0x6e6577733a272e, ''),
(87, 185, 0x68747470733a2f2f676f762e6c6f632e7777772e, 0x2f7374616e64617264732f6461746574696d652f),
(88, 186, 0x68747470733a2f2f6f72672e61727869762e, 0x2f617263686976652f272c),
(89, 186, 0x687474703a2f2f6f72672e776f726c646361742e7777772e, 0x2f6973736e2f30383139),
(90, 186, 0x687474703a2f2f676f762e6c6f632e7777772e, 0x2f6d6172632f6c63636e2d6e616d6573706163652e68746d6c236e6f726d616c697a6174696f6e),
(91, 186, 0x687474703a2f2f6f72672e61727869762e, 0x2f68656c702f61727869765f6964656e746966696572),
(92, 186, 0x687474703a2f2f6564752e686172766172642e6164736162732e, 0x2f6162735f646f632f68656c705f70616765732f646174612e68746d6c23626962636f646573),
(93, 186, 0x68747470733a2f2f6f72672e646f692e, 0x2f31302e313130312f303738373333),
(94, 186, 0x68747470733a2f2f6f72672e62696f727869762e7777772e, 0x2f636f6e74656e742f31302e313130312f323031392e31322e31312e3132333435367632),
(95, 186, 0x68747470733a2f2f6f72672e62696f727869762e7777772e, 0x2f61626f75742d62696f72786976),
(96, 186, 0x687474703a2f2f6e65742e68616e646c652e7777772e, 0x2f70726f78795f736572766c65742e68746d6c),
(97, 186, 0x687474703a2f2f6f72672e69736d6e2d696e7465726e6174696f6e616c2e7777772e, 0x2f646f776e6c6f61642f5765625f49534d4e5f55736572735f4d616e75616c5f323030382d362e706466),
(98, 186, 0x687474703a2f2f696e666f2e696e666f2d7572692e, 0x2f72656769737472792f4f414948616e646c65723f766572623d4765745265636f7264266d657461646174615072656669783d726567266964656e7469666965723d696e666f3a6c63636e2f),
(99, 186, 0x68747470733a2f2f6f72672e6f636c632e7777772e, 0x2f62617463686c6f61642f636f6e74726f6c6e756d6265722e656e2e68746d6c),
(100, 186, 0x68747470733a2f2f6f72672e617263686976652e7765622e, 0x2f7765622f32303136313232383233333830342f68747470733a2f2f7777772e6f636c632e6f72672f62617463686c6f61642f636f6e74726f6c6e756d6265722e656e2e68746d6c),
(101, 186, 0x68747470733a2f2f6f72672e696574662e746f6f6c732e, 0x2f7266632f),
(102, 186, 0x687474703a2f2f72732e61632e73616e752e6d692e656d69732e, 0x2f5a4d4154482f7a6d6174682f656e2f68656c702f7365617263682f),
(103, 190, 0x68747470733a2f2f6f72672e77696b696d656469612e6769742e, 0x2f626c6f622f6d6564696177696b69253246636f72652e6769742f),
(104, 191, 0x68747470733a2f2f6875732e, 0x2f),
(105, 191, 0x68747470733a2f2f2a2532352e253235732b2e, 0x2f),
(106, 191, 0x68747470733a2f2f7a7a7a2e79797979792e, 0x2f),
(107, 191, 0x687474703a2f2f6f72672e756e69636f64652e7777772e, 0x2f6368617274732f5044462f55303030302e706466),
(108, 191, 0x687474703a2f2f6f72672e756e69636f64652e7777772e, 0x2f6368617274732f5044462f55303038302e706466),
(109, 191, 0x687474703a2f2f6f72672e756e69636f64652e7777772e, 0x2f6368617274732f5044462f55303130302e706466),
(110, 191, 0x687474703a2f2f6f72672e756e69636f64652e7777772e, 0x2f6368617274732f5044462f55303138302e706466),
(111, 191, 0x687474703a2f2f6f72672e696574662e746f6f6c732e, 0x2f68746d6c2f73746436362373656374696f6e2d332e31),
(112, 191, 0x687474703a2f2f6f72672e696574662e746f6f6c732e, 0x2f68746d6c2f726663313033342373656374696f6e2d332e35),
(113, 191, 0x68747470733a2f2f6f72672e696574662e746f6f6c732e, 0x2f68746d6c2f72666334323334),
(114, 191, 0x68747470733a2f2f6f72672e696574662e746f6f6c732e, 0x2f68746d6c2f64726166742d696574662d646e73696e642d69616e612d646e732d303123706167652d3135),
(115, 191, 0x68747470733a2f2f6f72672e696574662e746f6f6c732e, 0x2f68746d6c2f72666333343930),
(116, 191, 0x68747470733a2f2f6f72672e696574662e746f6f6c732e, 0x2f68746d6c2f726663353533362373656374696f6e2d332e312e34),
(117, 191, 0x68747470733a2f2f6f72672e69616e612e7777772e, 0x2f646f6d61696e732f726f6f742f6462),
(118, 191, 0x6e6577733a272e, ''),
(119, 191, 0x687474703a2f2f676f762e6e69682e6e6c6d2e6e6362692e7777772e, 0x2f626f6f6b732f4e424b373237312f626f782f4133353032392f),
(120, 191, 0x687474703a2f2f676f762e6e69682e6e6c6d2e6e6362692e7777772e, 0x2f626f6f6b732f4e424b373237312f626f782f4133353036322f),
(121, 191, 0x687474703a2f2f676f762e6e69682e6e6c6d2e6e6362692e7777772e, 0x2f626f6f6b732f4e424b373237312f626f782f4133353038352f),
(122, 191, 0x68747470733a2f2f6f72672e77696b696d656469612e7068616272696361746f722e, 0x2f646966667573696f6e2f45434c442f62726f7773652f6d61737465722f4c6f63616c4e616d65732f4c6f63616c4e616d6573456e2e706870),
(123, 191, 0x68747470733a2f2f6f72672e617263686976652e7765622e, 0x2f736176652f27),
(124, 191, 0x687474703a2f2f696e666f2e6f636f696e732e, 0x2f),
(125, 192, 0x68747470733a2f2f6f72672e77696b696d656469612e7068616272696361746f722e, 0x2f54313231303835),
(126, 192, 0x687474703a2f2f696e666f2e6f636f696e732e, 0x2f),
(127, 193, 0x68747470733a2f2f6f72672e77696b696d656469612e6769742e, 0x2f626c6f622f6d6564696177696b69253246636f72652e6769742f393535336264303261353539356461303563313834663735323137323166623162373962333933352f736b696e73253246636f6d6d6f6e2532467368617265642e637373234c353338),
(128, 193, 0x68747470733a2f2f6f72672e756e69636f64652e, 0x2f6368617274732f5044462f55303930302e706466),
(129, 193, 0x68747470733a2f2f6f72672e756e69636f64652e, 0x2f6368617274732f5044462f55413845302e706466),
(130, 193, 0x68747470733a2f2f6f72672e756e69636f64652e, 0x2f6368617274732f5044462f55303938302e706466),
(131, 193, 0x68747470733a2f2f6f72672e756e69636f64652e, 0x2f6368617274732f5044462f55304130302e706466),
(132, 193, 0x68747470733a2f2f6f72672e756e69636f64652e, 0x2f6368617274732f5044462f55304138302e706466),
(133, 193, 0x68747470733a2f2f6f72672e756e69636f64652e, 0x2f6368617274732f5044462f55304230302e706466),
(134, 193, 0x68747470733a2f2f6f72672e756e69636f64652e, 0x2f6368617274732f5044462f55304238302e706466),
(135, 193, 0x68747470733a2f2f6f72672e756e69636f64652e, 0x2f6368617274732f5044462f55304330302e706466),
(136, 193, 0x68747470733a2f2f6f72672e756e69636f64652e, 0x2f6368617274732f5044462f55304338302e706466),
(137, 193, 0x68747470733a2f2f6f72672e756e69636f64652e, 0x2f6368617274732f5044462f55304430302e706466),
(138, 193, 0x68747470733a2f2f6f72672e756e69636f64652e, 0x2f6368617274732f5044462f55304438302e706466),
(139, 193, 0x68747470733a2f2f6f72672e756e69636f64652e, 0x2f6368617274732f5044462f55313030302e706466),
(140, 193, 0x68747470733a2f2f6f72672e756e69636f64652e, 0x2f6368617274732f5044462f55414136302e706466),
(141, 193, 0x68747470733a2f2f6f72672e756e69636f64652e, 0x2f6368617274732f5044462f55413945302e706466),
(142, 193, 0x687474703a2f2f6564752e686172766172642e6164736162732e, 0x2f6162732f27),
(143, 193, 0x6e6577733a272e, ''),
(144, 195, 0x68747470733a2f2f6f72672e61727869762e, 0x2f617263686976652f272c),
(145, 195, 0x687474703a2f2f6f72672e776f726c646361742e7777772e, 0x2f6973736e2f30383139),
(146, 195, 0x687474703a2f2f676f762e6c6f632e7777772e, 0x2f6d6172632f6c63636e2d6e616d6573706163652e68746d6c236e6f726d616c697a6174696f6e),
(147, 195, 0x687474703a2f2f6f72672e61727869762e, 0x2f68656c702f61727869765f6964656e746966696572),
(148, 195, 0x687474703a2f2f6564752e686172766172642e6164736162732e, 0x2f6162735f646f632f68656c705f70616765732f646174612e68746d6c23626962636f646573),
(149, 195, 0x68747470733a2f2f6f72672e646f692e, 0x2f31302e313130312f303738373333),
(150, 195, 0x687474703a2f2f6f72672e69736d6e2d696e7465726e6174696f6e616c2e7777772e, 0x2f646f776e6c6f61642f5765625f49534d4e5f55736572735f4d616e75616c5f323030382d362e706466),
(151, 195, 0x687474703a2f2f696e666f2e696e666f2d7572692e, 0x2f72656769737472792f4f414948616e646c65723f766572623d4765745265636f7264266d657461646174615072656669783d726567266964656e7469666965723d696e666f3a6c63636e2f),
(152, 195, 0x68747470733a2f2f6f72672e6f636c632e7777772e, 0x2f62617463686c6f61642f636f6e74726f6c6e756d6265722e656e2e68746d6c),
(153, 201, 0x68747470733a2f2f6f72672e77696b696d656469612e6769742e, 0x2f626c6f622f6d6564696177696b69253246636f72652e6769742f363963643733383131663761616464303933303530646266323065643730656630623432613731332f736b696e73253246636f6d6d6f6e253246636f6d6d6f6e456c656d656e74732e637373234c313939),
(154, 201, 0x68747470733a2f2f6f72672e77332e7777772e, 0x2f77696b692f4353532f50726f706572746965732f626f72646572),
(155, 230, 0x68747470733a2f2f6f72672e746f6f6c666f7267652e6c696e6b636f756e742e, 0x2f696e6465782e7068703f70726f6a6563743d257326706167653d2573),
(156, 244, 0x68747470733a2f2f636f6d2e737461636b6f766572666c6f772e, 0x2f7175657374696f6e732f33353537323433352f686f772d646f2d796f752d646f2d7468652d6669736865722d79617465732d73687566666c652d696e2d6c7561),
(157, 284, 0x68747470733a2f2f6f72672e77696b696d656469612e6275677a696c6c612e, 0x2f73686f775f6275672e6367693f69643d3132393734),
(158, 296, 0x68747470733a2f2f636f6d2e6769746875622e, 0x2f77696b696d656469612f6f7065726174696f6e732d6d6564696177696b692d636f6e6669672f626c6f622f6d61737465722f),
(159, 298, 0x687474703a2f2f6f72672e6c75612e7777772e, 0x2f6d616e75616c2f352e312f6d616e75616c2e68746d6c23352e342e31),
(160, 298, 0x687474703a2f2f6f72672e6d6564696177696b692e7777772e, 0x2f77696b692f457874656e73696f6e3a5363726962756e746f2f4c75615f7265666572656e63655f6d616e75616c235061747465726e73),
(161, 298, 0x687474703a2f2f6f72672e6d6564696177696b692e7777772e, 0x2f77696b692f457874656e73696f6e3a5363726962756e746f2f4c75615f7265666572656e63655f6d616e75616c2355737472696e675f7061747465726e73),
(162, 298, 0x68747470733a2f2f6f72672e6d6564696177696b692e7777772e, 0x2f77696b692f457874656e73696f6e3a5363726962756e746f2f4c75615f7265666572656e63655f6d616e75616c235061747465726e73),
(163, 310, 0x687474703a2f2f272e, 0x2f),
(164, 314, 0x68747470733a2f2f6f72672e776d666c6162732e746f6f6c732e, 0x2f67656f6861636b2f67656f6861636b2e7068703f6c616e67756167653d),
(165, 314, 0x68747470733a2f2f636f6d2e6769746875622e, 0x2f4461746156616c7565732f47656f),
(166, 315, 0x68747470733a2f2f6f72672e77696b69646174612e7777772e, 0x2f77696b692f48656c703a536f7572636573),
(167, 316, 0x68747470733a2f2f6f72672e77696b6970656469612e64652e, 0x2f77696b692f4d6f64756c3a45787072),
(168, 316, 0x687474703a2f2f6f72672e7765626369746174696f6e2e7777772e, 0x2f71756572793f69643d31313338393131393136353837343735),
(169, 316, 0x687474703a2f2f6f72672e7765626369746174696f6e2e7777772e, 0x2f71756572793f75726c3d687474702e2e26646174653d323031322d30362d30312b32313a34303a3033),
(170, 316, 0x687474703a2f2f6f72672e7765626369746174696f6e2e7777772e, 0x2f31313338393131393136353837343735),
(171, 316, 0x687474703a2f2f6f72672e7765626369746174696f6e2e7777772e, 0x2f63616368652f37336535336464316631366366386335646132393834313864326136653435323837306366353065),
(172, 316, 0x687474703a2f2f6f72672e7765626369746174696f6e2e7777772e, 0x2f67657466696c652e7068703f66696c6569643d31633436653739316436386538396531326430633235333263633363663632396238626338633865),
(173, 316, 0x687474703a2f2f636f6d2e6578616d706c652e, 0x2f),
(174, 316, 0x687474703a2f2f69732e617263686976652e, 0x2f684431717a),
(175, 316, 0x68747470733a2f2f687474702e7765622e, 0x2f),
(176, 316, 0x68747470733a2f2f6f72672e617263686976652e7765622e, 0x2f687474703a2f),
(177, 317, 0x68747470733a2f2f68747470272e7765622e, 0x2f),
(178, 318, 0x687474703a2f2f63682e756e6966722e7777772e, 0x2f696661612f5075626c69632f456e747279506167652f54413938253230547265652f456e7469747925323054413938253230454e2f),
(179, 318, 0x687474703a2f2f63682e756e6966722e7777772e, 0x2f696661612f5075626c69632f456e747279506167652f54413938253230547265652f456e7469747925323054413938253230454e2f30312e312e30302e303035253230456e7469747925323054413938253230454e2e68746d),
(180, 318, 0x687474703a2f2f636f6d2e737461636b6f766572666c6f772e, 0x2f612f313238333630382f32363434373539),
(181, 318, 0x687474703a2f2f6f72672e77696b69646174612e7777772e, 0x2f656e746974792f5131393835373237),
(182, 318, 0x687474703a2f2f6f72672e77696b69646174612e7777772e, 0x2f77696b692f513131313834),
(183, 318, 0x68747470733a2f2f636f6d2e6f7261636c652e646f63732e, 0x2f63642f4531333231345f30312f776c692f646f637339322f787265662f787169736f636f6465732e68746d6c23777031323532343437),
(184, 318, 0x68747470733a2f2f6f72672e6d6564696177696b692e7777772e, 0x2f77696b692f457874656e73696f6e3a57696b69626173655f436c69656e742f4c7561),
(186, 336, 0x687474703a2f2f6f72672e776f726c646361742e7777772e, 0x2f6973736e2f30383139),
(187, 336, 0x687474703a2f2f6f72672e69736d6e2d696e7465726e6174696f6e616c2e7777772e, 0x2f646f776e6c6f61642f5765625f49534d4e5f55736572735f4d616e75616c5f323030382d362e706466),
(188, 337, 0x68747470733a2f2f6875732e, 0x2f),
(189, 337, 0x68747470733a2f2f2a2532352e253235732b2e, 0x2f),
(190, 337, 0x68747470733a2f2f7a7a7a2e79797979792e, 0x2f),
(191, 337, 0x687474703a2f2f6f72672e756e69636f64652e7777772e, 0x2f6368617274732f5044462f55303030302e706466),
(192, 337, 0x687474703a2f2f6f72672e756e69636f64652e7777772e, 0x2f6368617274732f5044462f55303038302e706466),
(193, 337, 0x687474703a2f2f6f72672e756e69636f64652e7777772e, 0x2f6368617274732f5044462f55303130302e706466),
(194, 337, 0x687474703a2f2f6f72672e756e69636f64652e7777772e, 0x2f6368617274732f5044462f55303138302e706466),
(195, 337, 0x687474703a2f2f6f72672e696574662e746f6f6c732e, 0x2f68746d6c2f73746436362373656374696f6e2d332e31),
(196, 337, 0x687474703a2f2f6f72672e696574662e746f6f6c732e, 0x2f68746d6c2f726663313033342373656374696f6e2d332e35),
(197, 337, 0x68747470733a2f2f6f72672e696574662e746f6f6c732e, 0x2f68746d6c2f72666334323334),
(198, 337, 0x68747470733a2f2f6f72672e696574662e746f6f6c732e, 0x2f68746d6c2f64726166742d696574662d646e73696e642d69616e612d646e732d303123706167652d3135),
(199, 337, 0x68747470733a2f2f6f72672e696574662e746f6f6c732e, 0x2f68746d6c2f72666333343930),
(200, 337, 0x68747470733a2f2f6f72672e696574662e746f6f6c732e, 0x2f68746d6c2f726663353533362373656374696f6e2d332e312e34),
(201, 337, 0x68747470733a2f2f6f72672e69616e612e7777772e, 0x2f646f6d61696e732f726f6f742f6462),
(202, 337, 0x6e6577733a272e, ''),
(203, 337, 0x68747470733a2f2f272e, 0x2f),
(204, 337, 0x687474703a2f2f676f762e6e69682e6e6c6d2e6e6362692e7777772e, 0x2f626f6f6b732f4e424b373237312f626f782f4133353032392f),
(205, 337, 0x687474703a2f2f676f762e6e69682e6e6c6d2e6e6362692e7777772e, 0x2f626f6f6b732f4e424b373237312f626f782f4133353036322f),
(206, 337, 0x687474703a2f2f676f762e6e69682e6e6c6d2e6e6362692e7777772e, 0x2f626f6f6b732f4e424b373237312f626f782f4133353038352f),
(207, 337, 0x68747470733a2f2f6f72672e617263686976652e7765622e, 0x2f736176652f27),
(208, 337, 0x687474703a2f2f696e666f2e6f636f696e732e, 0x2f),
(209, 338, 0x68747470733a2f2f6f72672e77696b696d656469612e7068616272696361746f722e, 0x2f54313231303835),
(210, 338, 0x687474703a2f2f696e666f2e6f636f696e732e, 0x2f),
(211, 339, 0x68747470733a2f2f676f762e6c6f632e7777772e, 0x2f7374616e64617264732f6461746574696d652f),
(212, 339, 0x68747470733a2f2f6f72672e756e69636f64652e, 0x2f6368617274732f5044462f55303930302e706466),
(213, 339, 0x68747470733a2f2f6f72672e756e69636f64652e, 0x2f6368617274732f5044462f55413845302e706466),
(214, 339, 0x68747470733a2f2f6f72672e756e69636f64652e, 0x2f6368617274732f5044462f55303938302e706466),
(215, 339, 0x68747470733a2f2f6f72672e756e69636f64652e, 0x2f6368617274732f5044462f55304130302e706466),
(216, 339, 0x68747470733a2f2f6f72672e756e69636f64652e, 0x2f6368617274732f5044462f55304138302e706466),
(217, 339, 0x68747470733a2f2f6f72672e756e69636f64652e, 0x2f6368617274732f5044462f55304230302e706466),
(218, 339, 0x68747470733a2f2f6f72672e756e69636f64652e, 0x2f6368617274732f5044462f55304238302e706466),
(219, 339, 0x68747470733a2f2f6f72672e756e69636f64652e, 0x2f6368617274732f5044462f55304330302e706466),
(220, 339, 0x68747470733a2f2f6f72672e756e69636f64652e, 0x2f6368617274732f5044462f55304338302e706466),
(221, 339, 0x68747470733a2f2f6f72672e756e69636f64652e, 0x2f6368617274732f5044462f55304430302e706466),
(222, 339, 0x68747470733a2f2f6f72672e756e69636f64652e, 0x2f6368617274732f5044462f55304438302e706466),
(223, 339, 0x68747470733a2f2f6f72672e756e69636f64652e, 0x2f6368617274732f5044462f55313030302e706466),
(224, 339, 0x68747470733a2f2f6f72672e756e69636f64652e, 0x2f6368617274732f5044462f55414136302e706466),
(225, 339, 0x68747470733a2f2f6f72672e756e69636f64652e, 0x2f6368617274732f5044462f55413945302e706466),
(226, 339, 0x68747470733a2f2f6564752e686172766172642e6164736162732e75692e, 0x2f6162732f27),
(227, 339, 0x68747470733a2f2f6f72672e73656d616e7469637363686f6c61722e6170692e, 0x2f436f7270757349443a27),
(228, 339, 0x6e6577733a272e, ''),
(229, 340, 0x68747470733a2f2f676f762e6c6f632e7777772e, 0x2f7374616e64617264732f6461746574696d652f),
(230, 341, 0x68747470733a2f2f6f72672e61727869762e, 0x2f617263686976652f272c),
(231, 341, 0x687474703a2f2f6f72672e776f726c646361742e7777772e, 0x2f6973736e2f30383139),
(232, 341, 0x687474703a2f2f676f762e6c6f632e7777772e, 0x2f6d6172632f6c63636e2d6e616d6573706163652e68746d6c236e6f726d616c697a6174696f6e),
(233, 341, 0x687474703a2f2f6f72672e61727869762e, 0x2f68656c702f61727869765f6964656e746966696572),
(234, 341, 0x687474703a2f2f6564752e686172766172642e6164736162732e, 0x2f6162735f646f632f68656c705f70616765732f646174612e68746d6c23626962636f646573),
(235, 341, 0x68747470733a2f2f6f72672e646f692e, 0x2f31302e313130312f303738373333),
(236, 341, 0x68747470733a2f2f6f72672e62696f727869762e7777772e, 0x2f636f6e74656e742f31302e313130312f323031392e31322e31312e3132333435367632),
(237, 341, 0x68747470733a2f2f6f72672e62696f727869762e7777772e, 0x2f61626f75742d62696f72786976),
(238, 341, 0x687474703a2f2f6e65742e68616e646c652e7777772e, 0x2f70726f78795f736572766c65742e68746d6c),
(239, 341, 0x687474703a2f2f6f72672e69736d6e2d696e7465726e6174696f6e616c2e7777772e, 0x2f646f776e6c6f61642f5765625f49534d4e5f55736572735f4d616e75616c5f323030382d362e706466),
(240, 341, 0x687474703a2f2f696e666f2e696e666f2d7572692e, 0x2f72656769737472792f4f414948616e646c65723f766572623d4765745265636f7264266d657461646174615072656669783d726567266964656e7469666965723d696e666f3a6c63636e2f),
(241, 341, 0x68747470733a2f2f6f72672e6f636c632e7777772e, 0x2f62617463686c6f61642f636f6e74726f6c6e756d6265722e656e2e68746d6c),
(242, 341, 0x68747470733a2f2f6f72672e617263686976652e7765622e, 0x2f7765622f32303136313232383233333830342f68747470733a2f2f7777772e6f636c632e6f72672f62617463686c6f61642f636f6e74726f6c6e756d6265722e656e2e68746d6c),
(243, 341, 0x68747470733a2f2f6f72672e696574662e746f6f6c732e, 0x2f7266632f),
(244, 341, 0x687474703a2f2f72732e61632e73616e752e6d692e656d69732e, 0x2f5a4d4154482f7a6d6174682f656e2f68656c702f7365617263682f),
(245, 345, 0x68747470733a2f2f6f72672e77696b696d656469612e6769742e, 0x2f626c6f622f6d6564696177696b69253246636f72652e6769742f),
(246, 346, 0x68747470733a2f2f6875732e, 0x2f),
(247, 346, 0x68747470733a2f2f2a2532352e253235732b2e, 0x2f),
(248, 346, 0x68747470733a2f2f7a7a7a2e79797979792e, 0x2f),
(249, 346, 0x687474703a2f2f6f72672e756e69636f64652e7777772e, 0x2f6368617274732f5044462f55303030302e706466),
(250, 346, 0x687474703a2f2f6f72672e756e69636f64652e7777772e, 0x2f6368617274732f5044462f55303038302e706466),
(251, 346, 0x687474703a2f2f6f72672e756e69636f64652e7777772e, 0x2f6368617274732f5044462f55303130302e706466),
(252, 346, 0x687474703a2f2f6f72672e756e69636f64652e7777772e, 0x2f6368617274732f5044462f55303138302e706466),
(253, 346, 0x687474703a2f2f6f72672e696574662e746f6f6c732e, 0x2f68746d6c2f73746436362373656374696f6e2d332e31),
(254, 346, 0x687474703a2f2f6f72672e696574662e746f6f6c732e, 0x2f68746d6c2f726663313033342373656374696f6e2d332e35),
(255, 346, 0x68747470733a2f2f6f72672e696574662e746f6f6c732e, 0x2f68746d6c2f72666334323334),
(256, 346, 0x68747470733a2f2f6f72672e696574662e746f6f6c732e, 0x2f68746d6c2f64726166742d696574662d646e73696e642d69616e612d646e732d303123706167652d3135),
(257, 346, 0x68747470733a2f2f6f72672e696574662e746f6f6c732e, 0x2f68746d6c2f72666333343930),
(258, 346, 0x68747470733a2f2f6f72672e696574662e746f6f6c732e, 0x2f68746d6c2f726663353533362373656374696f6e2d332e312e34),
(259, 346, 0x68747470733a2f2f6f72672e69616e612e7777772e, 0x2f646f6d61696e732f726f6f742f6462),
(260, 346, 0x6e6577733a272e, ''),
(261, 346, 0x687474703a2f2f676f762e6e69682e6e6c6d2e6e6362692e7777772e, 0x2f626f6f6b732f4e424b373237312f626f782f4133353032392f),
(262, 346, 0x687474703a2f2f676f762e6e69682e6e6c6d2e6e6362692e7777772e, 0x2f626f6f6b732f4e424b373237312f626f782f4133353036322f),
(263, 346, 0x687474703a2f2f676f762e6e69682e6e6c6d2e6e6362692e7777772e, 0x2f626f6f6b732f4e424b373237312f626f782f4133353038352f),
(264, 346, 0x68747470733a2f2f6f72672e77696b696d656469612e7068616272696361746f722e, 0x2f646966667573696f6e2f45434c442f62726f7773652f6d61737465722f4c6f63616c4e616d65732f4c6f63616c4e616d6573456e2e706870),
(265, 346, 0x68747470733a2f2f6f72672e617263686976652e7765622e, 0x2f736176652f27),
(266, 346, 0x687474703a2f2f696e666f2e6f636f696e732e, 0x2f),
(267, 347, 0x68747470733a2f2f6f72672e77696b696d656469612e7068616272696361746f722e, 0x2f54313231303835),
(268, 347, 0x687474703a2f2f696e666f2e6f636f696e732e, 0x2f),
(269, 348, 0x68747470733a2f2f6f72672e77696b696d656469612e6769742e, 0x2f626c6f622f6d6564696177696b69253246636f72652e6769742f393535336264303261353539356461303563313834663735323137323166623162373962333933352f736b696e73253246636f6d6d6f6e2532467368617265642e637373234c353338),
(270, 348, 0x68747470733a2f2f6f72672e756e69636f64652e, 0x2f6368617274732f5044462f55303930302e706466),
(271, 348, 0x68747470733a2f2f6f72672e756e69636f64652e, 0x2f6368617274732f5044462f55413845302e706466),
(272, 348, 0x68747470733a2f2f6f72672e756e69636f64652e, 0x2f6368617274732f5044462f55303938302e706466),
(273, 348, 0x68747470733a2f2f6f72672e756e69636f64652e, 0x2f6368617274732f5044462f55304130302e706466),
(274, 348, 0x68747470733a2f2f6f72672e756e69636f64652e, 0x2f6368617274732f5044462f55304138302e706466),
(275, 348, 0x68747470733a2f2f6f72672e756e69636f64652e, 0x2f6368617274732f5044462f55304230302e706466),
(276, 348, 0x68747470733a2f2f6f72672e756e69636f64652e, 0x2f6368617274732f5044462f55304238302e706466),
(277, 348, 0x68747470733a2f2f6f72672e756e69636f64652e, 0x2f6368617274732f5044462f55304330302e706466),
(278, 348, 0x68747470733a2f2f6f72672e756e69636f64652e, 0x2f6368617274732f5044462f55304338302e706466),
(279, 348, 0x68747470733a2f2f6f72672e756e69636f64652e, 0x2f6368617274732f5044462f55304430302e706466),
(280, 348, 0x68747470733a2f2f6f72672e756e69636f64652e, 0x2f6368617274732f5044462f55304438302e706466),
(281, 348, 0x68747470733a2f2f6f72672e756e69636f64652e, 0x2f6368617274732f5044462f55313030302e706466),
(282, 348, 0x68747470733a2f2f6f72672e756e69636f64652e, 0x2f6368617274732f5044462f55414136302e706466),
(283, 348, 0x68747470733a2f2f6f72672e756e69636f64652e, 0x2f6368617274732f5044462f55413945302e706466),
(284, 348, 0x687474703a2f2f6564752e686172766172642e6164736162732e, 0x2f6162732f27),
(285, 348, 0x6e6577733a272e, ''),
(286, 350, 0x68747470733a2f2f6f72672e61727869762e, 0x2f617263686976652f272c),
(287, 350, 0x687474703a2f2f6f72672e776f726c646361742e7777772e, 0x2f6973736e2f30383139),
(288, 350, 0x687474703a2f2f676f762e6c6f632e7777772e, 0x2f6d6172632f6c63636e2d6e616d6573706163652e68746d6c236e6f726d616c697a6174696f6e),
(289, 350, 0x687474703a2f2f6f72672e61727869762e, 0x2f68656c702f61727869765f6964656e746966696572),
(290, 350, 0x687474703a2f2f6564752e686172766172642e6164736162732e, 0x2f6162735f646f632f68656c705f70616765732f646174612e68746d6c23626962636f646573),
(291, 350, 0x68747470733a2f2f6f72672e646f692e, 0x2f31302e313130312f303738373333),
(292, 350, 0x687474703a2f2f6f72672e69736d6e2d696e7465726e6174696f6e616c2e7777772e, 0x2f646f776e6c6f61642f5765625f49534d4e5f55736572735f4d616e75616c5f323030382d362e706466),
(293, 350, 0x687474703a2f2f696e666f2e696e666f2d7572692e, 0x2f72656769737472792f4f414948616e646c65723f766572623d4765745265636f7264266d657461646174615072656669783d726567266964656e7469666965723d696e666f3a6c63636e2f),
(294, 350, 0x68747470733a2f2f6f72672e6f636c632e7777772e, 0x2f62617463686c6f61642f636f6e74726f6c6e756d6265722e656e2e68746d6c),
(295, 356, 0x68747470733a2f2f6f72672e77696b696d656469612e6769742e, 0x2f626c6f622f6d6564696177696b69253246636f72652e6769742f363963643733383131663761616464303933303530646266323065643730656630623432613731332f736b696e73253246636f6d6d6f6e253246636f6d6d6f6e456c656d656e74732e637373234c313939),
(296, 356, 0x68747470733a2f2f6f72672e77332e7777772e, 0x2f77696b692f4353532f50726f706572746965732f626f72646572),
(297, 385, 0x68747470733a2f2f6f72672e746f6f6c666f7267652e6c696e6b636f756e742e, 0x2f696e6465782e7068703f70726f6a6563743d257326706167653d2573),
(298, 400, 0x68747470733a2f2f636f6d2e737461636b6f766572666c6f772e, 0x2f7175657374696f6e732f33353537323433352f686f772d646f2d796f752d646f2d7468652d6669736865722d79617465732d73687566666c652d696e2d6c7561),
(299, 444, 0x68747470733a2f2f6f72672e77696b696d656469612e6275677a696c6c612e, 0x2f73686f775f6275672e6367693f69643d3132393734),
(300, 456, 0x68747470733a2f2f636f6d2e6769746875622e, 0x2f77696b696d656469612f6f7065726174696f6e732d6d6564696177696b692d636f6e6669672f626c6f622f6d61737465722f),
(301, 458, 0x687474703a2f2f6f72672e6c75612e7777772e, 0x2f6d616e75616c2f352e312f6d616e75616c2e68746d6c23352e342e31),
(302, 458, 0x687474703a2f2f6f72672e6d6564696177696b692e7777772e, 0x2f77696b692f457874656e73696f6e3a5363726962756e746f2f4c75615f7265666572656e63655f6d616e75616c235061747465726e73),
(303, 458, 0x687474703a2f2f6f72672e6d6564696177696b692e7777772e, 0x2f77696b692f457874656e73696f6e3a5363726962756e746f2f4c75615f7265666572656e63655f6d616e75616c2355737472696e675f7061747465726e73),
(304, 458, 0x68747470733a2f2f6f72672e6d6564696177696b692e7777772e, 0x2f77696b692f457874656e73696f6e3a5363726962756e746f2f4c75615f7265666572656e63655f6d616e75616c235061747465726e73),
(305, 470, 0x687474703a2f2f272e, 0x2f),
(306, 474, 0x68747470733a2f2f6f72672e776d666c6162732e746f6f6c732e, 0x2f67656f6861636b2f67656f6861636b2e7068703f6c616e67756167653d),
(307, 474, 0x68747470733a2f2f636f6d2e6769746875622e, 0x2f4461746156616c7565732f47656f),
(308, 475, 0x68747470733a2f2f6f72672e77696b69646174612e7777772e, 0x2f77696b692f48656c703a536f7572636573),
(309, 476, 0x68747470733a2f2f6f72672e77696b6970656469612e64652e, 0x2f77696b692f4d6f64756c3a45787072),
(310, 476, 0x687474703a2f2f6f72672e7765626369746174696f6e2e7777772e, 0x2f71756572793f69643d31313338393131393136353837343735),
(311, 476, 0x687474703a2f2f6f72672e7765626369746174696f6e2e7777772e, 0x2f71756572793f75726c3d687474702e2e26646174653d323031322d30362d30312b32313a34303a3033),
(312, 476, 0x687474703a2f2f6f72672e7765626369746174696f6e2e7777772e, 0x2f31313338393131393136353837343735),
(313, 476, 0x687474703a2f2f6f72672e7765626369746174696f6e2e7777772e, 0x2f63616368652f37336535336464316631366366386335646132393834313864326136653435323837306366353065),
(314, 476, 0x687474703a2f2f6f72672e7765626369746174696f6e2e7777772e, 0x2f67657466696c652e7068703f66696c6569643d31633436653739316436386538396531326430633235333263633363663632396238626338633865),
(315, 476, 0x687474703a2f2f636f6d2e6578616d706c652e, 0x2f),
(316, 476, 0x687474703a2f2f69732e617263686976652e, 0x2f684431717a),
(317, 476, 0x68747470733a2f2f687474702e7765622e, 0x2f),
(318, 476, 0x68747470733a2f2f6f72672e617263686976652e7765622e, 0x2f687474703a2f),
(319, 477, 0x68747470733a2f2f68747470272e7765622e, 0x2f),
(320, 478, 0x687474703a2f2f63682e756e6966722e7777772e, 0x2f696661612f5075626c69632f456e747279506167652f54413938253230547265652f456e7469747925323054413938253230454e2f),
(321, 478, 0x687474703a2f2f63682e756e6966722e7777772e, 0x2f696661612f5075626c69632f456e747279506167652f54413938253230547265652f456e7469747925323054413938253230454e2f30312e312e30302e303035253230456e7469747925323054413938253230454e2e68746d),
(322, 478, 0x687474703a2f2f636f6d2e737461636b6f766572666c6f772e, 0x2f612f313238333630382f32363434373539),
(323, 478, 0x687474703a2f2f6f72672e77696b69646174612e7777772e, 0x2f656e746974792f5131393835373237),
(324, 478, 0x687474703a2f2f6f72672e77696b69646174612e7777772e, 0x2f77696b692f513131313834),
(325, 478, 0x68747470733a2f2f636f6d2e6f7261636c652e646f63732e, 0x2f63642f4531333231345f30312f776c692f646f637339322f787265662f787169736f636f6465732e68746d6c23777031323532343437),
(326, 478, 0x68747470733a2f2f6f72672e6d6564696177696b692e7777772e, 0x2f77696b692f457874656e73696f6e3a57696b69626173655f436c69656e742f4c7561),
(327, 165, 0x68747470733a2f2f6972253743d981d8a7d8b1d8b3db8c2e6661726167686169622e66612e, 0x2f);

-- --------------------------------------------------------

--
-- Table structure for table `filearchive`
--

CREATE TABLE `filearchive` (
  `fa_id` int(10) UNSIGNED NOT NULL,
  `fa_name` varbinary(255) NOT NULL DEFAULT '',
  `fa_archive_name` varbinary(255) DEFAULT '',
  `fa_storage_group` varbinary(16) DEFAULT NULL,
  `fa_storage_key` varbinary(64) DEFAULT '',
  `fa_deleted_user` int(11) DEFAULT NULL,
  `fa_deleted_timestamp` binary(14),
  `fa_deleted_reason_id` bigint(20) UNSIGNED NOT NULL,
  `fa_size` bigint(20) UNSIGNED DEFAULT 0,
  `fa_width` int(11) DEFAULT 0,
  `fa_height` int(11) DEFAULT 0,
  `fa_metadata` mediumblob DEFAULT NULL,
  `fa_bits` int(11) DEFAULT 0,
  `fa_media_type` enum('UNKNOWN','BITMAP','DRAWING','AUDIO','VIDEO','MULTIMEDIA','OFFICE','TEXT','EXECUTABLE','ARCHIVE','3D') DEFAULT NULL,
  `fa_major_mime` enum('unknown','application','audio','image','text','video','message','model','multipart','chemical') DEFAULT 'unknown',
  `fa_minor_mime` varbinary(100) DEFAULT 'unknown',
  `fa_description_id` bigint(20) UNSIGNED NOT NULL,
  `fa_actor` bigint(20) UNSIGNED NOT NULL,
  `fa_timestamp` binary(14),
  `fa_deleted` tinyint(3) UNSIGNED NOT NULL DEFAULT 0,
  `fa_sha1` varbinary(32) NOT NULL DEFAULT ''
) ENGINE=InnoDB DEFAULT CHARSET=binary;

-- --------------------------------------------------------

--
-- Table structure for table `image`
--

CREATE TABLE `image` (
  `img_name` varbinary(255) NOT NULL DEFAULT '',
  `img_size` bigint(20) UNSIGNED NOT NULL DEFAULT 0,
  `img_width` int(11) NOT NULL DEFAULT 0,
  `img_height` int(11) NOT NULL DEFAULT 0,
  `img_metadata` mediumblob NOT NULL,
  `img_bits` int(11) NOT NULL DEFAULT 0,
  `img_media_type` enum('UNKNOWN','BITMAP','DRAWING','AUDIO','VIDEO','MULTIMEDIA','OFFICE','TEXT','EXECUTABLE','ARCHIVE','3D') DEFAULT NULL,
  `img_major_mime` enum('unknown','application','audio','image','text','video','message','model','multipart','chemical') NOT NULL DEFAULT 'unknown',
  `img_minor_mime` varbinary(100) NOT NULL DEFAULT 'unknown',
  `img_description_id` bigint(20) UNSIGNED NOT NULL,
  `img_actor` bigint(20) UNSIGNED NOT NULL,
  `img_timestamp` binary(14) NOT NULL,
  `img_sha1` varbinary(32) NOT NULL DEFAULT ''
) ENGINE=InnoDB DEFAULT CHARSET=binary;

-- --------------------------------------------------------

--
-- Table structure for table `imagelinks`
--

CREATE TABLE `imagelinks` (
  `il_from` int(10) UNSIGNED NOT NULL DEFAULT 0,
  `il_to` varbinary(255) NOT NULL DEFAULT '',
  `il_from_namespace` int(11) NOT NULL DEFAULT 0
) ENGINE=InnoDB DEFAULT CHARSET=binary;

--
-- Dumping data for table `imagelinks`
--

INSERT INTO `imagelinks` (`il_from`, `il_to`, `il_from_namespace`) VALUES
(314, 0x225f2e2e5f6461746176616c75655f2e2e5f22, 0),
(318, 0x225f2e2e5f66696c656e616d655f2e2e5f22, 0),
(277, 0x2573, 0),
(280, 0x2573, 0),
(222, 0x4578616d706c652e706e67, 0),
(312, 0x4661726d2d46726573685f6373735f6164642e737667, 0),
(318, 0x46696c656e616d65, 0),
(202, 0x46756c6c2d70726f74656374696f6e2d736861636b6c652d646f75626c652e737667, 0),
(198, 0x46756c6c2d70726f74656374696f6e2d736861636b6c652e737667, 0),
(314, 0x4f4f6a735f55495f69636f6e5f656469742d6c74722d70726f67726573736976652e737667, 0),
(217, 0x53616e64626f782e737667, 0),
(218, 0x53616e64626f782e737667, 0),
(202, 0x53656d692d70726f74656374696f6e2d736861636b6c652d6475616c2d636f6c6f722e737667, 0),
(198, 0x53656d692d70726f74656374696f6e2d736861636b6c652e737667, 0),
(217, 0x546573745f54656d706c6174655f496e666f2d49636f6e5f2d5f56657273696f6e5f2832292e737667, 0),
(218, 0x546573745f54656d706c6174655f496e666f2d49636f6e5f2d5f56657273696f6e5f2832292e737667, 0),
(58, 0x4578616d706c652e6a7067, 8),
(58, 0x4b72696e6b6c655f525452432e6a73, 8),
(3, 0x506f6c6963655f6d616e5f5477696e6b6c655f486561642e737667, 8),
(86, 0x57696b696e6577732d627265616b696e672d6e6577732e737667, 8),
(474, 0x225f2e2e5f6461746176616c75655f2e2e5f22, 828),
(478, 0x225f2e2e5f66696c656e616d655f2e2e5f22, 828),
(437, 0x2573, 828),
(440, 0x2573, 828),
(377, 0x4578616d706c652e706e67, 828),
(472, 0x4661726d2d46726573685f6373735f6164642e737667, 828),
(478, 0x46696c656e616d65, 828),
(357, 0x46756c6c2d70726f74656374696f6e2d736861636b6c652d646f75626c652e737667, 828),
(353, 0x46756c6c2d70726f74656374696f6e2d736861636b6c652e737667, 828),
(474, 0x4f4f6a735f55495f69636f6e5f656469742d6c74722d70726f67726573736976652e737667, 828),
(372, 0x53616e64626f782e737667, 828),
(373, 0x53616e64626f782e737667, 828),
(357, 0x53656d692d70726f74656374696f6e2d736861636b6c652d6475616c2d636f6c6f722e737667, 828),
(353, 0x53656d692d70726f74656374696f6e2d736861636b6c652e737667, 828),
(372, 0x546573745f54656d706c6174655f496e666f2d49636f6e5f2d5f56657273696f6e5f2832292e737667, 828),
(373, 0x546573745f54656d706c6174655f496e666f2d49636f6e5f2d5f56657273696f6e5f2832292e737667, 828);

-- --------------------------------------------------------

--
-- Table structure for table `interwiki`
--

CREATE TABLE `interwiki` (
  `iw_prefix` varbinary(32) NOT NULL,
  `iw_url` blob NOT NULL,
  `iw_api` blob NOT NULL,
  `iw_wikiid` varbinary(64) NOT NULL,
  `iw_local` tinyint(1) NOT NULL,
  `iw_trans` tinyint(4) NOT NULL DEFAULT 0
) ENGINE=InnoDB DEFAULT CHARSET=binary;

--
-- Dumping data for table `interwiki`
--

INSERT INTO `interwiki` (`iw_prefix`, `iw_url`, `iw_api`, `iw_wikiid`, `iw_local`, `iw_trans`) VALUES
(0x6163726f6e796d, 0x68747470733a2f2f7777772e6163726f6e796d66696e6465722e636f6d2f7e2f7365617263682f61662e617370783f737472696e673d6578616374264163726f6e796d3d2431, '', '', 0, 0),
(0x6172, 0x68747470733a2f2f61722e6661726167686169622e69722f77696b692f2431, '', '', 0, 0),
(0x6172786976, 0x68747470733a2f2f7777772e61727869762e6f72672f6162732f2431, '', '', 0, 0),
(0x6332, 0x68747470733a2f2f77696b692e63322e636f6d2f3f2431, '', '', 0, 0),
(0x6361636865, 0x68747470733a2f2f7777772e676f6f676c652e636f6d2f7365617263683f713d63616368653a2431, '', '', 0, 0),
(0x636f6d6d6f6e73, 0x68747470733a2f2f636f6d6d6f6e732e77696b696d656469612e6f72672f77696b692f2431, 0x68747470733a2f2f636f6d6d6f6e732e77696b696d656469612e6f72672f772f6170692e706870, '', 0, 0),
(0x64696374696f6e617279, 0x68747470733a2f2f7777772e646963742e6f72672f62696e2f446963743f44617461626173653d2a26466f726d3d44696374312653747261746567793d2a2651756572793d2431, '', '', 0, 0),
(0x646f69, 0x68747470733a2f2f64782e646f692e6f72672f2431, '', '', 0, 0),
(0x656c69627265, 0x687474703a2f2f656e6369636c6f70656469612e75732e65732f696e6465782e7068702f2431, 0x687474703a2f2f656e6369636c6f70656469612e75732e65732f6170692e706870, '', 0, 0),
(0x656d61637377696b69, 0x68747470733a2f2f7777772e656d61637377696b692e6f72672f656d6163732f2431, '', '', 0, 0),
(0x6661, 0x68747470733a2f2f66612e6661726167686169622e69722f77696b692f2431, '', '', 0, 0),
(0x66616e646f6d, 0x68747470733a2f2f636f6d6d756e6974792e66616e646f6d2e636f6d2f77696b692f773a633a2431, '', '', 0, 0),
(0x666f6c646f63, 0x68747470733a2f2f666f6c646f632e6f72672f3f2431, '', '', 0, 0),
(0x667265656273646d616e, 0x68747470733a2f2f7777772e467265654253442e6f72672f6367692f6d616e2e6367693f6170726f706f733d312671756572793d2431, '', '', 0, 0),
(0x676f6f676c65, 0x68747470733a2f2f7777772e676f6f676c652e636f6d2f7365617263683f713d2431, '', '', 0, 0),
(0x676f6f676c6567726f757073, 0x68747470733a2f2f67726f7570732e676f6f676c652e636f6d2f67726f7570733f713d2431, '', '', 0, 0),
(0x68616d6d6f6e6477696b69, 0x68747470733a2f2f7777772e64616972696b692e6f72672f48616d6d6f6e6457696b692f2431, '', '', 0, 0),
(0x687277696b69, 0x687474703a2f2f7777772e687277696b692e6f72672f77696b692f2431, 0x687474703a2f2f7777772e687277696b692e6f72672f772f6170692e706870, '', 0, 0),
(0x696d6462, 0x68747470733a2f2f7777772e696d64622e636f6d2f66696e643f713d24312674743d6f6e, '', '', 0, 0),
(0x6c6f6a62616e, 0x68747470733a2f2f6d772e6c6f6a62616e2e6f72672f70617072692f2431, '', '', 0, 0),
(0x6d65617462616c6c, 0x687474703a2f2f6d65617462616c6c77696b692e6f72672f77696b692f2431, '', '', 0, 0),
(0x6d6564696177696b6977696b69, 0x68747470733a2f2f7777772e6d6564696177696b692e6f72672f77696b692f2431, 0x68747470733a2f2f7777772e6d6564696177696b692e6f72672f772f6170692e706870, '', 0, 0),
(0x6d656d6f7279616c706861, 0x68747470733a2f2f6d656d6f72792d616c7068612e66616e646f6d2e636f6d2f77696b692f2431, 0x68747470733a2f2f6d656d6f72792d616c7068612e66616e646f6d2e636f6d2f6170692e706870, '', 0, 0),
(0x6d65746177696b696d65646961, 0x68747470733a2f2f6d6574612e77696b696d656469612e6f72672f77696b692f2431, 0x68747470733a2f2f6d6574612e77696b696d656469612e6f72672f772f6170692e706870, '', 0, 0),
(0x6d6f7a696c6c6177696b69, 0x68747470733a2f2f77696b692e6d6f7a696c6c612e6f72672f2431, 0x68747470733a2f2f77696b692e6d6f7a696c6c612e6f72672f6170692e706870, '', 0, 0),
(0x6d77, 0x68747470733a2f2f7777772e6d6564696177696b692e6f72672f77696b692f2431, 0x68747470733a2f2f7777772e6d6564696177696b692e6f72672f772f6170692e706870, '', 0, 0),
(0x6f656973, 0x68747470733a2f2f6f6569732e6f72672f2431, '', '', 0, 0),
(0x706d6964, 0x68747470733a2f2f7777772e6e6362692e6e6c6d2e6e69682e676f762f7075626d65642f24313f646f70743d4162737472616374, '', '', 0, 0),
(0x707974686f6e696e666f, 0x68747470733a2f2f77696b692e707974686f6e2e6f72672f6d6f696e2f2431, '', '', 0, 0),
(0x726663, 0x68747470733a2f2f64617461747261636b65722e696574662e6f72672f646f632f68746d6c2f7266632431, '', '', 0, 0),
(0x73656e736569736c696272617279, 0x68747470733a2f2f73656e736569732e786d702e6e65742f3f2431, '', '', 0, 0),
(0x73686f757477696b69, 0x68747470733a2f2f7777772e73686f757477696b692e636f6d2f77696b692f2431, 0x68747470733a2f2f7777772e73686f757477696b692e636f6d2f772f6170692e706870, '', 0, 0),
(0x7468656f7065646961, 0x68747470733a2f2f7777772e7468656f70656469612e636f6d2f2431, '', '', 0, 0),
(0x746d6277, 0x68747470733a2f2f7777772e746d62772e6e65742f77696b692f2431, 0x68747470733a2f2f746d62772e6e65742f77696b692f6170692e706870, '', 0, 0),
(0x7477696b69, 0x68747470733a2f2f7477696b692e6f72672f6367692d62696e2f766965772f2431, '', '', 0, 0),
(0x756e6379636c6f7065646961, 0x68747470733a2f2f656e2e756e6379636c6f70656469612e636f2f77696b692f2431, 0x68747470733a2f2f656e2e756e6379636c6f70656469612e636f2f772f6170692e706870, '', 0, 0),
(0x7573656d6f64, 0x68747470733a2f2f7777772e7573656d6f642e6f72672f6367692d62696e2f77696b692e706c3f2431, '', '', 0, 0),
(0x77696b6961, 0x68747470733a2f2f636f6d6d756e6974792e66616e646f6d2e636f6d2f77696b692f773a633a2431, '', '', 0, 0),
(0x77696b69626f6f6b73, 0x68747470733a2f2f656e2e77696b69626f6f6b732e6f72672f77696b692f2431, 0x68747470733a2f2f656e2e77696b69626f6f6b732e6f72672f772f6170692e706870, '', 0, 0),
(0x77696b6964617461, 0x68747470733a2f2f7777772e77696b69646174612e6f72672f77696b692f2431, 0x68747470733a2f2f7777772e77696b69646174612e6f72672f772f6170692e706870, '', 0, 0),
(0x77696b69686f77, 0x68747470733a2f2f7777772e77696b69686f772e636f6d2f2431, 0x68747470733a2f2f7777772e77696b69686f772e636f6d2f6170692e706870, '', 0, 0),
(0x77696b696d65646961, 0x68747470733a2f2f666f756e646174696f6e2e77696b696d656469612e6f72672f77696b692f2431, 0x68747470733a2f2f666f756e646174696f6e2e77696b696d656469612e6f72672f772f6170692e706870, '', 0, 0),
(0x77696b696e657773, 0x68747470733a2f2f656e2e77696b696e6577732e6f72672f77696b692f2431, 0x68747470733a2f2f656e2e77696b696e6577732e6f72672f772f6170692e706870, '', 0, 0),
(0x77696b697065646961, 0x68747470733a2f2f656e2e77696b6970656469612e6f72672f77696b692f2431, 0x68747470733a2f2f656e2e77696b6970656469612e6f72672f772f6170692e706870, '', 0, 0),
(0x77696b6971756f7465, 0x68747470733a2f2f656e2e77696b6971756f74652e6f72672f77696b692f2431, 0x68747470733a2f2f656e2e77696b6971756f74652e6f72672f772f6170692e706870, '', 0, 0),
(0x77696b69736f75726365, 0x68747470733a2f2f77696b69736f757263652e6f72672f77696b692f2431, 0x68747470733a2f2f77696b69736f757263652e6f72672f772f6170692e706870, '', 0, 0),
(0x77696b6973706563696573, 0x68747470733a2f2f737065636965732e77696b696d656469612e6f72672f77696b692f2431, 0x68747470733a2f2f737065636965732e77696b696d656469612e6f72672f772f6170692e706870, '', 0, 0),
(0x77696b6976657273697479, 0x68747470733a2f2f656e2e77696b69766572736974792e6f72672f77696b692f2431, 0x68747470733a2f2f656e2e77696b69766572736974792e6f72672f772f6170692e706870, '', 0, 0),
(0x77696b69766f79616765, 0x68747470733a2f2f656e2e77696b69766f796167652e6f72672f77696b692f2431, 0x68747470733a2f2f656e2e77696b69766f796167652e6f72672f772f6170692e706870, '', 0, 0),
(0x77696b6977696b69776562, 0x687474703a2f2f77696b692e63322e636f6d2f3f2431, '', '', 0, 0),
(0x77696b74, 0x68747470733a2f2f656e2e77696b74696f6e6172792e6f72672f77696b692f2431, 0x68747470733a2f2f656e2e77696b74696f6e6172792e6f72672f772f6170692e706870, '', 0, 0),
(0x77696b74696f6e617279, 0x68747470733a2f2f656e2e77696b74696f6e6172792e6f72672f77696b692f2431, 0x68747470733a2f2f656e2e77696b74696f6e6172792e6f72672f772f6170692e706870, '', 0, 0);

-- --------------------------------------------------------

--
-- Table structure for table `ipblocks_restrictions`
--

CREATE TABLE `ipblocks_restrictions` (
  `ir_ipb_id` int(10) UNSIGNED NOT NULL,
  `ir_type` tinyint(4) NOT NULL,
  `ir_value` int(10) UNSIGNED NOT NULL
) ENGINE=InnoDB DEFAULT CHARSET=binary;

-- --------------------------------------------------------

--
-- Table structure for table `ip_changes`
--

CREATE TABLE `ip_changes` (
  `ipc_rev_id` int(10) UNSIGNED NOT NULL DEFAULT 0,
  `ipc_rev_timestamp` binary(14) NOT NULL,
  `ipc_hex` varbinary(35) NOT NULL DEFAULT ''
) ENGINE=InnoDB DEFAULT CHARSET=binary;

-- --------------------------------------------------------

--
-- Table structure for table `iwlinks`
--

CREATE TABLE `iwlinks` (
  `iwl_from` int(10) UNSIGNED NOT NULL DEFAULT 0,
  `iwl_prefix` varbinary(32) NOT NULL DEFAULT '',
  `iwl_title` varbinary(255) NOT NULL DEFAULT ''
) ENGINE=InnoDB DEFAULT CHARSET=binary;

--
-- Dumping data for table `iwlinks`
--

INSERT INTO `iwlinks` (`iwl_from`, `iwl_prefix`, `iwl_title`) VALUES
(5, 0x77696b697065646961, 0x4e61764672616d65),
(6, 0x77696b697065646961, 0x4e61764672616d65),
(41, 0x77696b697065646961, 0x4175746f57696b6942726f777365722f53657474696e67732f4953424e2d68797068),
(59, 0x6d77, 0x5265666572656e63655f546f6f6c74697073),
(60, 0x6d77, 0x5265666572656e63655f546f6f6c74697073),
(61, 0x6d77, 0x5265666572656e63655f546f6f6c74697073),
(86, 0x77696b696e657773, 0x557365723a416d67696e65),
(111, 0x77696b697065646961, 0x557365723a4c7570696e2f706f70757073),
(122, 0x77696b697065646961, 0x526566546f6f6c626172),
(182, 0x77696b69736f75726365, 0x77735f61727469636c65),
(209, 0x636f6d6d6f6e73, 0x222e2e64656661756c742e2e22),
(209, 0x636f6d6d6f6e73, 0x222e2e66697273744c696e6b2e2e22),
(209, 0x636f6d6d6f6e73, 0x222e2e67616c6c6572794c696e6b2e2e22),
(209, 0x636f6d6d6f6e73, 0x222e2e6e73436f6c6f6e2e2e636f6d6d6f6e734c696e6b2e2e22),
(209, 0x636f6d6d6f6e73, 0x222e2e6e73436f6c6f6e2e2e64656661756c742e2e22),
(209, 0x636f6d6d6f6e73, 0x43617465676f72793a222e2e63617465676f72794c696e6b2e2e22),
(209, 0x636f6d6d6f6e73, 0x5370656369616c3a5365617263682f222e2e6e73436f6c6f6e2e2e7365617263682e2e22),
(209, 0x636f6d6d6f6e73, 0x5370656369616c3a5365617263682f222e2e7365617263682e2e22),
(209, 0x636f6d6d6f6e73, 0x5370656369616c3a5365617263682f222e2e77705f7469746c652e2e22),
(209, 0x636f6d6d6f6e73, 0x5370656369616c3a5365617263682f43617465676f72793a222e2e77705f7469746c652e2e22),
(241, 0x77696b697065646961, 0x4175746f73697a696e675f696d61676573),
(305, 0x77696b697065646961, 0x44617461626173655f7265706f7274732f54656d706c617465735f7472616e73636c756465645f6f6e5f7468655f6d6f73745f7061676573),
(337, 0x77696b69736f75726365, 0x77735f61727469636c65),
(364, 0x636f6d6d6f6e73, 0x222e2e64656661756c742e2e22),
(364, 0x636f6d6d6f6e73, 0x222e2e66697273744c696e6b2e2e22),
(364, 0x636f6d6d6f6e73, 0x222e2e67616c6c6572794c696e6b2e2e22),
(364, 0x636f6d6d6f6e73, 0x222e2e6e73436f6c6f6e2e2e636f6d6d6f6e734c696e6b2e2e22),
(364, 0x636f6d6d6f6e73, 0x222e2e6e73436f6c6f6e2e2e64656661756c742e2e22),
(364, 0x636f6d6d6f6e73, 0x43617465676f72793a222e2e63617465676f72794c696e6b2e2e22),
(364, 0x636f6d6d6f6e73, 0x5370656369616c3a5365617263682f222e2e6e73436f6c6f6e2e2e7365617263682e2e22),
(364, 0x636f6d6d6f6e73, 0x5370656369616c3a5365617263682f222e2e7365617263682e2e22),
(364, 0x636f6d6d6f6e73, 0x5370656369616c3a5365617263682f222e2e77705f7469746c652e2e22),
(364, 0x636f6d6d6f6e73, 0x5370656369616c3a5365617263682f43617465676f72793a222e2e77705f7469746c652e2e22),
(396, 0x77696b697065646961, 0x4175746f73697a696e675f696d61676573),
(465, 0x77696b697065646961, 0x44617461626173655f7265706f7274732f54656d706c617465735f7472616e73636c756465645f6f6e5f7468655f6d6f73745f7061676573);

-- --------------------------------------------------------

--
-- Table structure for table `job`
--

CREATE TABLE `job` (
  `job_id` int(10) UNSIGNED NOT NULL,
  `job_cmd` varbinary(60) NOT NULL DEFAULT '',
  `job_namespace` int(11) NOT NULL,
  `job_title` varbinary(255) NOT NULL,
  `job_timestamp` binary(14) DEFAULT NULL,
  `job_params` mediumblob NOT NULL,
  `job_random` int(10) UNSIGNED NOT NULL DEFAULT 0,
  `job_attempts` int(10) UNSIGNED NOT NULL DEFAULT 0,
  `job_token` varbinary(32) NOT NULL DEFAULT '',
  `job_token_timestamp` binary(14) DEFAULT NULL,
  `job_sha1` varbinary(32) NOT NULL DEFAULT ''
) ENGINE=InnoDB DEFAULT CHARSET=binary;

-- --------------------------------------------------------

--
-- Table structure for table `l10n_cache`
--

CREATE TABLE `l10n_cache` (
  `lc_lang` varbinary(35) NOT NULL,
  `lc_key` varbinary(255) NOT NULL,
  `lc_value` mediumblob NOT NULL
) ENGINE=InnoDB DEFAULT CHARSET=binary;

--
-- Dumping data for table `l10n_cache`
--

INSERT INTO `l10n_cache` (`lc_lang`, `lc_key`, `lc_value`) VALUES
(0x656e, 0x626f6f6b73746f72654c697374, 0x613a333a7b733a333a22425742223b733a35313a2268747470733a2f2f7777772e626574746572776f726c64626f6f6b732e636f6d2f70726f647563742f64657461696c2f2d2431223b733a31313a224f70656e4c696272617279223b733a33313a2268747470733a2f2f6f70656e6c6962726172792e6f72672f6973626e2f2431223b733a383a22576f726c64636174223b733a34313a2268747470733a2f2f7777772e776f726c646361742e6f72672f7365617263683f713d6973626e3a2431223b7d),
(0x656e, 0x636f6d70696c6564506c7572616c52756c6573, 0x613a313a7b693a303b733a31373a2269203120696e2076203020696e20616e64223b7d),
(0x656e, 0x64617465466f726d617473, 0x613a32303a7b733a383a226d64792074696d65223b733a333a22483a69223b733a383a226d64792064617465223b733a363a2246206a2c2059223b733a31333a226d6479206d6f6e74686f6e6c79223b733a333a22462059223b733a383a226d647920626f7468223b733a31313a22483a692c2046206a2c2059223b733a31303a226d647920707265747479223b733a333a2246206a223b733a383a22646d792074696d65223b733a333a22483a69223b733a383a22646d792064617465223b733a353a226a20462059223b733a31333a22646d79206d6f6e74686f6e6c79223b733a333a22462059223b733a383a22646d7920626f7468223b733a31303a22483a692c206a20462059223b733a31303a22646d7920707265747479223b733a333a226a2046223b733a383a22796d642074696d65223b733a333a22483a69223b733a383a22796d642064617465223b733a353a22592046206a223b733a31333a22796d64206d6f6e74686f6e6c79223b733a333a22592046223b733a383a22796d6420626f7468223b733a31303a22483a692c20592046206a223b733a31303a22796d6420707265747479223b733a333a2246206a223b733a31333a2249534f20383630312074696d65223b733a31313a22786e483a786e693a786e73223b733a31333a2249534f20383630312064617465223b733a31313a22786e592d786e6d2d786e64223b733a31383a2249534f2038363031206d6f6e74686f6e6c79223b733a373a22786e592d786e6d223b733a31333a2249534f203836303120626f7468223b733a32353a22786e592d786e6d2d786e64225422786e483a786e693a786e73223b733a31353a2249534f203836303120707265747479223b733a373a22786e6d2d786e64223b7d),
(0x656e, 0x64617465507265666572656e63654d6967726174696f6e4d6170, 0x613a343a7b693a303b733a373a2264656661756c74223b693a313b733a333a226d6479223b693a323b733a333a22646d79223b693a333b733a333a22796d64223b7d),
(0x656e, 0x64617465507265666572656e636573, 0x613a353a7b693a303b733a373a2264656661756c74223b693a313b733a333a226d6479223b693a323b733a333a22646d79223b693a333b733a333a22796d64223b693a343b733a383a2249534f2038363031223b7d),
(0x656e, 0x64656661756c7444617465466f726d6174, 0x733a31303a22646d79206f72206d6479223b);
INSERT INTO `l10n_cache` (`lc_lang`, `lc_key`, `lc_value`) VALUES
(0x656e, 0x64657073, 0x[encoded data, 52612 characters]);
INSERT INTO `l10n_cache` (`lc_lang`, `lc_key`, `lc_value`) VALUES
(0x656e, 0x646967697447726f7570696e675061747465726e, 0x733a393a22232c2323302e232323223b),
(0x656e, 0x64696769745472616e73666f726d5461626c65, 0x4e3b),
(0x656e, 0x66616c6c6261636b, 0x623a303b),
(0x656e, 0x66616c6c6261636b38626974456e636f64696e67, 0x733a31323a2277696e646f77732d31323532223b),
(0x656e, 0x66616c6c6261636b53657175656e6365, 0x613a303a7b7d),
(0x656e, 0x666f726d616c697479496e646578, 0x693a303b),
(0x656e, 0x696d61676546696c6573, 0x4e3b),
(0x656e, 0x6c696e6b50726566697843686172736574, 0x733a32333a22612d7a412d5a5c787b38307d2d5c787b3130666666667d223b),
(0x656e, 0x6c696e6b507265666978457874656e73696f6e, 0x623a303b),
(0x656e, 0x6c696e6b547261696c, 0x733a31383a222f5e285b612d7a5d2b29282e2a29242f7344223b);
INSERT INTO `l10n_cache` (`lc_lang`, `lc_key`, `lc_value`) VALUES
(0x656e, 0x6c697374, 0x[encoded data, 275148 characters]